{"text_format":"1","workbook":"xlsx","n_sheets":13,"sheets":["RefTables","Metadata","Instructions","Full Crash Data","Background Information","Crash Forecast","Existing Crash Conditions","Crashes by Jurisdiction","Focus Crash Type","Non-Motorized User","Emphasis Area Overview","Emphasis Area Template","Emphasis Area Matrix"],"not_rendered":{"charts":43,"images":2,"macros":1,"external_links":3,"defined_names":72,"comments":0,"pivot_tables":44},"unopened":[],"bounds":{"document_bytes":16777216,"sheet_cells":100000,"rows_first":2000,"rows_last":500,"rows_between":2000,"halvings":0,"cell_chars":16384,"cell_head_chars":4096},"cells_cut":0,"cells_raw":0,"read":"whole","date_system":"1900"}

{"sheet":"RefTables","index":0,"n_rows":5937,"n_cols":9,"rows_kept":5937,"cut":false,"hidden":true,"merged":[]}
["Category Txt","Code Id","Code Txt","Formatted Text","Code Id",null,"ODOT Fips Cd","Fips Nme","Cvt Cd"]
["AREA_CODE",766,"AKRON","AKRON",766,null,100,"ABANAKA",3]
["AREA_CODE",13375,"CANTON","CANTON",13375,null,115,"ABBEYVILLE",3]
["AREA_CODE",16885,"CINCINNATI","CINCINNATI",16885,null,128,"ABBOTTSVILLE",3]
["AREA_CODE",17668,"CLEVELAND","CLEVELAND",17668,null,142,"ABERDEEN",2]
["AREA_CODE",19234,"COLUMBUS","COLUMBUS",19234,null,156,"ACADEMIA",3]
["AREA_CODE",22528,"DAYTON","DAYTON",22528,null,170,"ACHOR",3]
["AREA_CODE",40753,"HUNTINGTON-ASHLAND","HUNTINGTON-ASHLAND",40753,null,184,"ACME",3]
["AREA_CODE",49852,"LIMA","LIMA",49852,null,198,"ADA",1]
["AREA_CODE",51364,"LORAIN-ELYRIA","LORAIN-ELYRIA",51364,null,205,"ADAIR",3]
["AREA_CODE",54091,"MANSFIELD","MANSFIELD",54091,null,212,"ADAMS TOWNSHIP",3]
["AREA_CODE",56926,"MIDDLETOWN","MIDDLETOWN",56926,null,226,"ADAMS TOWNSHIP",3]
["AREA_CODE",61705,"NEWARK-HEATH","NEWARK-HEATH",61705,null,240,"ADAMS TOWNSHIP",3]
["AREA_CODE",67672,"PARKERSBURG-BELPRE","PARKERSBURG-BELPRE",67672,null,254,"ADAMS TOWNSHIP",3]
["AREA_CODE",83980,"SPRINGFIELD","SPRINGFIELD",83980,null,268,"ADAMS TOWNSHIP",3]
["AREA_CODE",87868,"TOLEDO","TOLEDO",87868,null,282,"ADAMS TOWNSHIP",3]
["AREA_CODE",93592,"STEUBENVILLE-WEIRTON","STEUBENVILLE-WEIRTON",93592,null,296,"ADAMS TOWNSHIP",3]
["AREA_CODE",94726,"WHEELING-BRIDGEPORT","WHEELING-BRIDGEPORT",94726,null,310,"ADAMS TOWNSHIP",3]
["AREA_CODE",97831,"YOUNGSTOWN-WARREN","YOUNGSTOWN-WARREN",97831,null,324,"ADAMS TOWNSHIP",3]
["AREA_CODE",99490,"SANDUSKY","SANDUSKY",99490,null,338,"ADAMS TOWNSHIP",3]
["AREA_CODE",99701,"ADA","ADA",99701,null,352,"ADAMS MILLS",3]
["AREA_CODE",99702,"ALLIANCE","ALLIANCE",99702,null,366,"ADAMSVILLE",3]
["AREA_CODE",99703,"ASHLAND","ASHLAND",99703,null,380,"ADAMSVILLE",2]
["AREA_CODE",99704,"ASHTABULA","ASHTABULA",99704,null,394,"ADARIO",3]
["AREA_CODE",99705,"ATHENS","ATHENS",99705,null,408,"ADDISON",3]
["AREA_CODE",99706,"BELLEFONTAINE","BELLEFONTAINE",99706,null,422,"ADDISON TOWNSHIP",3]
["AREA_CODE",99707,"BELLEVUE","BELLEVUE",99707,null,436,"ADDYSTON",2]
["AREA_CODE",99708,"BOWLING GREEN","BOWLING GREEN",99708,null,450,"ADELPHI",2]
["AREA_CODE",99709,"BRYAN","BRYAN",99709,null,464,"ADENA",2]
["AREA_CODE",99710,"BUCYRUS","BUCYRUS",99710,null,478,"ADRIAN",3]
["AREA_CODE",99711,"CAMBRIDGE","CAMBRIDGE",99711,null,485,"ADVANCE",3]
["AREA_CODE",99712,"CELINA","CELINA",99712,null,492,"AETNAVILLE",3]
["AREA_CODE",99713,"CHILLICOTHE","CHILLICOTHE",99713,null,506,"AFRICA",3]
["AREA_CODE",99714,"CIRCLEVILLE","CIRCLEVILLE",99714,null,520,"AFTON",3]
["AREA_CODE",99715,"CLYDE","CLYDE",99715,null,541,"AI",3]
["AREA_CODE",99718,"COSHOCTON","COSHOCTON",99718,null,548,"AID",3]
["AREA_CODE",99720,"DEFIANCE","DEFIANCE",99720,null,562,"AID TOWNSHIP",3]
["AREA_CODE",99722,"DELPHOS","DELPHOS",99722,null,576,"AINGER",3]
["AREA_CODE",99723,"DOVER-NEW PHILADELPHIA","DOVER-NEW PHILADELPHIA",99723,null,587,"AIRHILL",3]
["AREA_CODE",99724,"EAST LIVERPOOL","EAST LIVERPOOL",99724,null,590,"AIR LINE JUNCTION",3]
["AREA_CODE",99726,"EATON","EATON",99726,null,1000,"AKRON",1]
["AREA_CODE",99727,"FINDLAY","FINDLAY",99727,null,1035,"ALABAMA HILL",3]
["AREA_CODE",99728,"FOSTORIA","FOSTORIA",99728,null,1042,"ALBANY",2]
["AREA_CODE",99729,"FREMONT","FREMONT",99729,null,1056,"AL BAR MEADOWS",3]
["AREA_CODE",99730,"GALION","GALION",99730,null,1070,"ALBION",3]
["AREA_CODE",99731,"GALLIPOLIS","GALLIPOLIS",99731,null,1084,"ALCONY",3]
["AREA_CODE",99734,"GREENFIELD","GREENFIELD",99734,null,1098,"ALDEN",3]
["AREA_CODE",99735,"GREENVILLE","GREENVILLE",99735,null,1105,"ALERT",3]
["AREA_CODE",99737,"HILLSBORO","HILLSBORO",99737,null,1112,"ALEXANDER TOWNSHIP",3]
["AREA_CODE",99739,"JACKSON","JACKSON",99739,null,1154,"ALEXANDRIA",2]
["AREA_CODE",99740,"KENTON","KENTON",99740,null,1175,"ALEXIS ADDITION",3]
["AREA_CODE",99741,"LANCASTER","LANCASTER",99741,null,1196,"ALFRED",3]
["AREA_CODE",99743,"LOGAN","LOGAN",99743,null,1210,"ALGER",2]
["AREA_CODE",99744,"LONDON","LONDON",99744,null,1230,"ALICE",3]
["AREA_CODE",99745,"MARIETTA","MARIETTA",99745,null,1238,"ALIKANNA",3]
["AREA_CODE",99746,"MARION","MARION",99746,null,1280,"ALLEDONIA",3]
["AREA_CODE",99747,"MARYSVILLE","MARYSVILLE",99747,null,1294,"ALLEN TOWNSHIP",3]
["AREA_CODE",99749,"MT VERNON","MT VERNON",99749,null,1308,"ALLEN TOWNSHIP",3]
["AREA_CODE",99750,"NAPOLEON","NAPOLEON",99750,null,1322,"ALLEN TOWNSHIP",3]
["AREA_CODE",99754,"NORWALK","NORWALK",99754,null,1336,"ALLEN TOWNSHIP",3]
["AREA_CODE",99756,"ORRVILLE","ORRVILLE",99756,null,1350,"ALLEN CENTER",3]
["AREA_CODE",99757,"OXFORD","OXFORD",99757,null,1364,"ALLENSBURG",3]
["AREA_CODE",99759,"PIQUA","PIQUA",99759,null,1378,"ALLENSVILLE",3]
["AREA_CODE",99760,"PORT CLINTON","PORT CLINTON",99760,null,1392,"ALLENTOWN",3]
["AREA_CODE",99761,"PORTSMOUTH","PORTSMOUTH",99761,null,1406,"ALLENTOWN",3]
["AREA_CODE",99764,"ST. MARYS","ST. MARYS",99764,null,1420,"ALLIANCE",1]
["AREA_CODE",99765,"SALEM","SALEM",99765,null,1425,"ALLIANCE JUNCTION",3]
["AREA_CODE",99768,"SHELBY","SHELBY",99768,null,1434,"ALMA",3]
["AREA_CODE",99769,"SIDNEY","SIDNEY",99769,null,1448,"ALPHA",3]
["AREA_CODE",99770,"TIFFIN","TIFFIN",99770,null,1462,"ALPINE TERRACE",3]
["AREA_CODE",99775,"UPPER SANDUSKY","UPPER SANDUSKY",99775,null,1490,"ALTA",3]
["AREA_CODE",99776,"URBANA","URBANA",99776,null,1495,"ALTAMONT",3]
["AREA_CODE",99777,"VAN WERT","VAN WERT",99777,null,1525,"ALTITUDE",3]
["AREA_CODE",99778,"WAPAKONETA","WAPAKONETA",99778,null,1532,"ALTON",3]
["AREA_CODE",99779,"WASHINGTON C.H.","WASHINGTON C.H.",99779,null,1546,"ALTOONA",3]
["AREA_CODE",99780,"WAUSEON","WAUSEON",99780,null,1560,"ALVADA",3]
["AREA_CODE",99783,"WILLARD","WILLARD",99783,null,1588,"ALVORDTON",2]
["AREA_CODE",99784,"WILMINGTON","WILMINGTON",99784,null,1602,"AMANDA TOWNSHIP",3]
["AREA_CODE",99785,"WOOSTER","WOOSTER",99785,null,1630,"AMANDA",2]
["AREA_CODE",99786,"ZANESVILLE","ZANESVILLE",99786,null,1637,"AMANDA TOWNSHIP",3]
["AREA_CODE",99787,"ASHVILLE-S. BLOOMFIELD","ASHVILLE-S. BLOOMFIELD",99787,null,1644,"AMANDA TOWNSHIP",3]
["AREA_CODE",99789,"COLUMBIANA","COLUMBIANA",99789,null,1672,"AMBERLEY",2]
["AREA_CODE",99791,"LISBON","LISBON",99791,null,1705,"AM-BETH ACRES",3]
["AREA_CODE",99792,"MAYSVILLE, KY","MAYSVILLE, KY",99792,null,1714,"AMBOY",3]
["AREA_CODE",99794,"NELSONVILLE","NELSONVILLE",99794,null,1728,"AMBOY TOWNSHIP",3]
["AREA_CODE",99795,"NEW BREMEN","NEW BREMEN",99795,null,1742,"AMELIA",2]
["AREA_CODE",99796,"NEW MARTINSVILLE, WVA","NEW MARTINSVILLE, WVA",99796,null,1756,"AMERICAN TOWNSHIP",3]
["AREA_CODE",99797,"OTTAWA-GLANDORF","OTTAWA-GLANDORF",99797,null,1770,"AMES TOWNSHIP",3]
["AREA_CODE",99798,"RUSSELLS POINT","RUSSELLS POINT",99798,null,1784,"AMESVILLE",2]
["AREA_CODE",99800,"UNION CITY","UNION CITY",99800,null,1798,"AMHERST",1]
["AREA_CODE",99801,"WAVERLY","WAVERLY",99801,null,1812,"AMHERST TOWNSHIP",3]
["AREA_CODE",99802,"GARRETTSVILLE","GARRETTSVILLE",99802,null,1826,"AMHERST HEIGHTS",3]
["AREA_CODE",99803,"SEVILLE","SEVILLE",99803,null,1830,"AMITY",3]
["AREA_CODE",99804,"CALDWELL","CALDWELL",99804,null,1840,"AMITY",3]
["AREA_CODE",99805,"CONNEAUT","CONNEAUT",99805,null,1854,"AMITY",3]
["AREA_CODE",99806,"DARBYDALE","DARBYDALE",99806,null,1868,"AMITY",3]
["AREA_CODE",99807,"GENEVA","GENEVA",99807,null,1882,"AMLIN",3]
["AREA_CODE",99808,"MIDDLEPORT","MIDDLEPORT",99808,null,1910,"AMOY",3]
["AREA_CODE",99809,"POMEROY","POMEROY",99809,null,1924,"AMSDEN",3]
["AREA_CODE",99810,"CHARDON","CHARDON",99810,null,1938,"AMSTERDAM",2]
["AREA_CODE",99811,"RICHMOND, IN","RICHMOND, IN",99811,null,1952,"AMSTERDAM",3]
["AREA_CODE",99999,"RURAL","RURAL",99999,null,1966,"ANCOR",3]
["CRASH_TYPE_CD",0,"Unknown","Unknown",0,null,1980,"ANDERSON TOWNSHIP",3]
["CRASH_TYPE_CD",1,"Head On","Head On",1,null,1990,"ANDERSON",3]
["CRASH_TYPE_CD",2,"Rear End","Rear End",2,null,2008,"ANDERSON FERRY",3]
["CRASH_TYPE_CD",3,"Backing","Backing",3,null,2022,"ANDERSONVILLE",2]
["CRASH_TYPE_CD",4,"Sideswipe - Meeting","Sideswipe - Meeting",4,null,2036,"ANDIS",3]
["CRASH_TYPE_CD",5,"Sideswipe - Passing","Sideswipe - Passing",5,null,2050,"ANDOVER",2]
["CRASH_TYPE_CD",6,"Angle","Angle",6,null,2064,"ANDOVER TOWNSHIP",3]
["CRASH_TYPE_CD",7,"Parked Vehicle","Parked Vehicle",7,null,2070,"ANGEL",3]
["CRASH_TYPE_CD",8,"Pedestrian","Pedestrian",8,null,2074,"ANGUS",3]
["CRASH_TYPE_CD",9,"Animal","Animal",9,null,2078,"ANKENYTOWN",3]
["CRASH_TYPE_CD",10,"Train","Train",10,null,2085,"ANLO",3]
["CRASH_TYPE_CD",11,"Pedalcycles","Pedalcycles",11,null,2092,"ANNA",2]
["CRASH_TYPE_CD",12,"Other Non-Vehicle","Other Non-Vehicle",12,null,2106,"ANNAPOLIS",3]
["CRASH_TYPE_CD",13,"Fixed Object","Fixed Object",13,null,2120,"ANSONIA",2]
["CRASH_TYPE_CD",14,"Other Object","Other Object",14,null,2125,"ANTHONY",3]
["CRASH_TYPE_CD",15,"Falling From Or In Vehicle","Falling From Or In Vehicle",15,null,2134,"ANTIOCH",3]
["CRASH_TYPE_CD",16,"Overturning","Overturning",16,null,2148,"ANTIOCH",2]
["CRASH_TYPE_CD",17,"Other Non-Collision","Other Non-Collision",17,null,2162,"ANTIQUITY",3]
["CRASH_TYPE_CD",18,"Left Turn","Left Turn",18,null,2170,"ANTONIS",3]
["CRASH_TYPE_CD",19,"Right Turn","Right Turn",19,null,2176,"ANTRIM",3]
["DAY_IN_WEEK_CD",1,"Sunday","Sunday",1,null,2190,"ANTRIM TOWNSHIP",3]
["DAY_IN_WEEK_CD",2,"Monday","Monday",2,null,2204,"ANTWERP",2]
["DAY_IN_WEEK_CD",3,"Tuesday","Tuesday",3,null,2225,"APEX",3]
["DAY_IN_WEEK_CD",4,"Wednesday","Wednesday",4,null,2228,"APPLE",3]
["DAY_IN_WEEK_CD",5,"Thursday","Thursday",5,null,2232,"APPLE CREEK",2]
["DAY_IN_WEEK_CD",6,"Friday","Friday",6,null,2246,"APPLE GROVE",3]
["DAY_IN_WEEK_CD",7,"Saturday","Saturday",7,null,2260,"APPLETON",3]
["DAY_IN_WEEK_CD",null,null,null,null,null,2266,"APPLE VALLEY",1]
["DAY_IN_WEEK_CD",null,null,null,null,null,2274,"AQUILLA",2]
["DAY_IN_WEEK_CD",null,null,null,null,null,2288,"ARABIA",3]
["DAY_IN_WEEK_CD",null,null,null,null,null,2295,"ARBAUGH",3]
["DAY_IN_WEEK_CD",null,null,null,null,null,2302,"ARBOCREST ACRES",3]
["DAY_IN_WEEK_CD",null,null,null,null,null,2316,"ARCADIA",2]
["DAY_IN_WEEK_CD",null,null,null,null,null,2330,"ARCANUM",2]
["DISTRACTED_DRIVER_IND","N","No","No","N",null,2344,"ARCHBOLD",2]
["DISTRACTED_DRIVER_IND","Y","Yes","Yes","Y",null,2358,"ARCHER TOWNSHIP",3]
["FACILITY_TYPE_CD",1,"One Way Roadway","One Way Roadway",1,null,2372,"ARCHERS FORK",3]
["FACILITY_TYPE_CD",2,"Two Way Roadway","Two Way Roadway",2,null,2386,"ARION",3]
["FACILITY_TYPE_CD",3,"Couplet","Couplet",3,null,2395,"ARKOE",3]
["FACILITY_TYPE_CD",4,"Ramp","Ramp",4,null,2400,"ARLINGTON",2]
["FACILITY_TYPE_CD",5,"Non-Mainline","Non-Mainline",5,null,2414,"ARLINGTON",3]
["FACILITY_TYPE_CD",6,"Non-Inventory","Non-Inventory",6,null,2420,"ARLINGTON",3]
["FHWA_RDWY_DEPARTURE_IND","N","No","No","N",null,2428,"ARLINGTON HEIGHTS",2]
["FHWA_RDWY_DEPARTURE_IND","Y","Yes","Yes","Y",null,2460,"ARMADALE",3]
["FREEWAY_IND","N","No","No","N",null,2470,"ARMITAGE",3]
["FREEWAY_IND","Y","Yes","Yes","Y",null,2478,"ARMSTRONG",3]
["FUNCTIONAL_CLASS_CD",1,"Interstate Route","Interstate Route",1,null,2484,"ARMSTRONGS MILLS",3]
["FUNCTIONAL_CLASS_CD",2,"Other Freeways or Expressways","Other Freeways or Expressways",2,null,2498,"ARNHEIM",3]
["FUNCTIONAL_CLASS_CD",3,"Other Principal Arterial Roads","Other Principal Arterial Roads",3,null,2512,"ARNOLD",3]
["FUNCTIONAL_CLASS_CD",4,"Minor Arterial Roads","Minor Arterial Roads",4,null,2526,"ARTANNA",3]
["FUNCTIONAL_CLASS_CD",5,"Major Collector Roads","Major Collector Roads",5,null,2540,"ARTHUR",3]
["FUNCTIONAL_CLASS_CD",6,"Minor Collector Roads","Minor Collector Roads",6,null,2555,"ASBURY",3]
["FUNCTIONAL_CLASS_CD",7,"Local Roads","Local Roads",7,null,2559,"ASH",3]
["INTERSTATE_IND","N","No","No","N",null,2568,"ASHLAND",1]
["INTERSTATE_IND","Y","Yes","Yes","Y",null,2582,"ASHLEY",2]
["LIGHT_COND_PRIMARY_CD",1,"Daylight","Daylight",1,null,2596,"ASHLEY CORNER",3]
["LIGHT_COND_PRIMARY_CD",2,"Dawn/Dusk","Dawn/Dusk",2,null,2624,"ASH RIDGE",3]
["LIGHT_COND_PRIMARY_CD",3,"Dark - Lighted Roadway","Dark - Lighted Roadway",3,null,2638,"ASHTABULA",1]
["LIGHT_COND_PRIMARY_CD",4,"Dark - Roadway Not Lighted","Dark - Roadway Not Lighted",4,null,2652,"ASHTABULA TOWNSHIP",3]
["LIGHT_COND_PRIMARY_CD",5,"Dark - Unknown Roadway Lighting","Dark - Unknown Roadway Lighting",5,null,2675,"ASHTON",3]
["LIGHT_COND_PRIMARY_CD",9,"Other / Unknown","Other / Unknown",9,null,2680,"ASHVILLE",2]
["LIGHT_COND_PRIMARY_CD",null,null,null,null,null,2708,"ASSUMPTION",3]
["LIGHT_COND_PRIMARY_CD",null,null,null,null,null,2715,"ASTORIA",3]
["LIGHT_COND_PRIMARY_CD",null,null,null,null,null,2722,"ATHALIA",2]
["NHS_CD",2,"Major Airport","Major Airport",2,null,2736,"ATHENS",1]
["NHS_CD",3,"Major Port Facility","Major Port Facility",3,null,2750,"ATHENS TOWNSHIP",3]
["NHS_CD",4,"Major Amtrak Station","Major Amtrak Station",4,null,2764,"ATHENS TOWNSHIP",3]
["NHS_CD",5,"Major Rail/Truck Terminal","Major Rail/Truck Terminal",5,null,2770,"ATHERTON",3]
["NHS_CD",6,"Major Intercity Bus Terminal","Major Intercity Bus Terminal",6,null,2778,"ATLANTA",3]
["NHS_CD",7,"Major Public Transit Terminal or Multi-modal Passenger Terminal","Major Public Transit Terminal or Multi-modal Passenger Terminal",7,null,2820,"ATTICA",2]
["NHS_CD",8,"Major Pipeline Terminal","Major Pipeline Terminal",8,null,2834,"ATTICA JUNCTION",3]
["NHS_CD",9,"Major Ferry Terminal","Major Ferry Terminal",9,null,2848,"ATWATER",2]
["NHS_CD","C","Strahnet Connectors","Strahnet Connectors","C",null,2862,"ATWATER TOWNSHIP",3]
["NHS_CD","H","Congressional Corridors","Congressional Corridors","H",null,2869,"ATWATER CENTER",3]
["NHS_CD","N","National Highway System (regular)","National Highway System (regular)","N",null,2876,"AUBURN",3]
["NHS_CD","S","Strahnet","Strahnet","S",null,2890,"AUBURN TOWNSHIP",3]
["ODOT_CRASH_LOCATION_CD",0,"Data Not Valid or Not Provided","Data Not Valid or Not Provided",0,null,2904,"AUBURN TOWNSHIP",3]
["ODOT_CRASH_LOCATION_CD",1,"Not An Intersection","Not An Intersection",1,null,2918,"AUBURN TOWNSHIP",3]
["ODOT_CRASH_LOCATION_CD",2,"Four-Way Intersection","Four-Way Intersection",2,null,2932,"AUBURN CENTER",3]
["ODOT_CRASH_LOCATION_CD",3,"T-Intersection","T-Intersection",3,null,2946,"AUBURN CENTER",3]
["ODOT_CRASH_LOCATION_CD",4,"Y-Intersection","Y-Intersection",4,null,2960,"AUBURN CORNERS",3]
["ODOT_CRASH_LOCATION_CD",5,"Traffic Circle/Roundabout","Traffic Circle/Roundabout",5,null,2970,"AUGERBURG",3]
["ODOT_CRASH_LOCATION_CD",6,"5 Or More Point Intersection","5 Or More Point Intersection",6,null,2988,"AUGLAIZE TOWNSHIP",3]
["ODOT_CRASH_LOCATION_CD",7,"On Ramp","On Ramp",7,null,3002,"AUGLAIZE TOWNSHIP",3]
["ODOT_CRASH_LOCATION_CD",8,"Off Ramp","Off Ramp",8,null,3016,"AUGUSTA",3]
["ODOT_CRASH_LOCATION_CD",9,"Crossover","Crossover",9,null,3030,"AUGUSTA TOWNSHIP",3]
["ODOT_CRASH_LOCATION_CD",10,"Driveway/Alley Access","Driveway/Alley Access",10,null,3037,"AUKERMAN",3]
["ODOT_CRASH_LOCATION_CD",11,"Railroad Grade Crossing","Railroad Grade Crossing",11,null,3058,"AULTMAN",3]
["ODOT_CRASH_LOCATION_CD",12,"Shared-Use Paths Or Trails","Shared-Use Paths Or Trails",12,null,3072,"AURELIUS TOWNSHIP",3]
["ODOT_CRASH_LOCATION_CD",99,"Unknown","Unknown",99,null,3086,"AURORA",1]
["ODOT_DIV_UNDIV_IND","Y","Divided","Divided","Y",null,3128,"AUSTIN",3]
["ODOT_DIV_UNDIV_IND","N","Undivided","Undivided","N",null,3142,"AUSTINBURG",2]
["ODOT_DIV_UNDIV_IND","U","Unknown/Missing","Unknown/Missing","U",null,3156,"AUSTINBURG TOWNSHIP",3]
["ODOT_INTERSECTION_REL_IND","N","No","No","N",null,3184,"AUSTINTOWN",1]
["ODOT_INTERSECTION_REL_IND","Y","Yes","Yes","Y",null,3198,"AUSTINTOWN TOWNSHIP",3]
["ODOT_MAINTAINED_HWY_IND","N","No","No","N",null,3220,"AUSTIN VILLAGE",3]
["ODOT_MAINTAINED_HWY_IND","Y","Yes","Yes","Y",null,3226,"AUTUMN ACRES",3]
["ODOT_YOUNG_DRIVER_IND","N","No","No","N",null,3240,"AVA",3]
["ODOT_YOUNG_DRIVER_IND","Y","Yes","Yes","Y",null,3254,"AVALON",3]
["ODPS_ALCOHOL_IND","N","No","No",0,null,3268,"AVLON",3]
["ODPS_ALCOHOL_IND","Y","Yes","Yes",1,null,3282,"AVALON HEIGHTS",3]
["ODPS_DRUG_IND","N","No","No",0,null,3310,"AVERY",3]
["ODPS_DRUG_IND","Y","Yes","Yes",1,null,3324,"AVIS",3]
["ODPS_LOC_IN_WORK_ZONE_CD",0,"Unknown or Not in Work Zone","Unknown or Not in Work Zone",0,null,3330,"AVOCA PARK",3]
["ODPS_LOC_IN_WORK_ZONE_CD",1,"Before First Work Zone Warning Sign","Before First Work Zone Warning Sign",1,null,3352,"AVON",1]
["ODPS_LOC_IN_WORK_ZONE_CD",2,"Advance Warning Area","Advance Warning Area",2,null,3366,"AVONDALE",3]
["ODPS_LOC_IN_WORK_ZONE_CD",3,"Transition Area","Transition Area",3,null,3380,"AVONDALE",3]
["ODPS_LOC_IN_WORK_ZONE_CD",4,"Activity Area","Activity Area",4,null,3394,"AVONDALE",3]
["ODPS_LOC_IN_WORK_ZONE_CD",5,"Termination Area","Termination Area",5,null,3408,"AVONDALE",3]
["ODPS_MOTORCYCLE_IND","N","No","No",0,null,3422,"AVONDALE",3]
["ODPS_MOTORCYCLE_IND","Y","Yes","Yes",1,null,3436,"AVONDALE",3]
["ODPS_REF_POINT_USED_CD",0,"Street or Route Without Reference","Street or Route Without Reference",0,null,3464,"AVON LAKE",1]
["ODPS_REF_POINT_USED_CD",1,"Intersection","Intersection",1,null,3506,"AXTEL",3]
["ODPS_REF_POINT_USED_CD",2,"Mile Post","Mile Post",2,null,3520,"AYERSVILLE",3]
["ODPS_REF_POINT_USED_CD",3,"House Number","House Number",3,null,3534,"BACHMAN",3]
["ODPS_REF_POINT_USED_CD",4,"State Line","State Line",4,null,3540,"BACON FLAT",3]
["ODPS_REF_POINT_USED_CD",5,"County Line","County Line",5,null,3544,"BADGERTOWN",3]
["ODPS_REF_POINT_USED_CD",6,"Township Boundary","Township Boundary",6,null,3548,"BAILEY",3]
["ODPS_REF_POINT_USED_CD",7,"Corporation Limit","Corporation Limit",7,null,3562,"BAILEY LAKES",2]
["ODPS_REF_POINT_USED_CD",8,"Place Name Without Reference","Place Name Without Reference",8,null,3576,"BAILEYS MILLS",3]
["ODPS_REF_POINT_USED_CD",9,"Driveway","Driveway",9,null,3585,"BAINBRIDGE",2]
["ODPS_SCHOOL_ZONE_IND","N","No","No",0,null,3590,"BAINBRIDGE TOWNSHIP",3]
["ODPS_SCHOOL_ZONE_IND","Y","Yes","Yes",1,null,3604,"BAINBRIDGE",2]
["ODPS_SENIOR_DRIVER_IND","N","No","No",0,null,3646,"BAIRDSTOWN",2]
["ODPS_SENIOR_DRIVER_IND","Y","Yes","Yes",1,null,3660,"BAKER",3]
["ODPS_SPEED_IND","N","No","No",0,null,3702,"BAKERSVILLE",3]
["ODPS_SPEED_IND","Y","Yes","Yes",1,null,3705,"BALD KNOBS",3]
["ODPS_TYPE_OF_WORK_ZONE_CD",0,"Unknown or Not in Work Zone","Unknown or Not in Work Zone",0,null,3708,"BALDWIN",3]
["ODPS_TYPE_OF_WORK_ZONE_CD",1,"Lane Closure","Lane Closure",1,null,3711,"BALLOU",3]
["ODPS_TYPE_OF_WORK_ZONE_CD",2,"Lane Shift/Crossover","Lane Shift/Crossover",2,null,3716,"BALLVILLE",2]
["ODPS_TYPE_OF_WORK_ZONE_CD",3,"Work On Shoulder or Median","Work On Shoulder or Median",3,null,3730,"BALLVILLE TOWNSHIP",3]
["ODPS_TYPE_OF_WORK_ZONE_CD",4,"Intermittent or Moving Work","Intermittent or Moving Work",4,null,3744,"BALTIC",2]
["ODPS_TYPE_OF_WORK_ZONE_CD",5,"Other","Other",5,null,3758,"BALTIMORE",2]
["ODPS_WORK_ZONE_IND","N","No","No",0,null,3765,"BANGORVILLE",3]
["ODPS_WORK_ZONE_IND","Y","Yes","Yes",1,null,3772,"BANGS",3]
["OPER_ACCESS_CONTROL_CD",1,"Multi-lane; median; access at interchange; no direct private access allowed.","Multi-lane; median; access at interchange; no direct private access allowed.",1,null,3780,"BANKER HEIGHTS",3]
["OPER_ACCESS_CONTROL_CD",2,"Access at interchange or public street intersection; no direct private access allowed unless property retains deeded rights and then only for right turn. (left turn may be allowed in certain circumstances)","Access at interchange or public street intersection; no direct private access allowed unless property retains deeded rights and then only for right turn. (left turn may be allowed in certain circumstances)",2,null,3786,"BANNOCK",2]
["OPER_ACCESS_CONTROL_CD",3,"No direct private access if property has other reasonable alternative access or opportunity to obtain such access; when allowed, generally for right turn only.","No direct private access if property has other reasonable alternative access or opportunity to obtain such access; when allowed, generally for right turn only.",3,null,3800,"BANNON",3]
["OPER_ACCESS_CONTROL_CD",4,"One direct access allowed per parcel; additional access may be allowed if the Department determines it meets access safety, design, and operational standards.","One direct access allowed per parcel; additional access may be allowed if the Department determines it meets access safety, design, and operational standards.",4,null,3814,"BANTAM",3]
["ROAD_COND_PRIMARY_CD",1,"Dry","Dry",1,null,3828,"BARBERTON",1]
["ROAD_COND_PRIMARY_CD",2,"Wet","Wet",2,null,3850,"BARCLAY",3]
["ROAD_COND_PRIMARY_CD",3,"Snow","Snow",3,null,3856,"BARDWELL",3]
["ROAD_COND_PRIMARY_CD",4,"Ice","Ice",4,null,3884,"BARLOW",3]
["ROAD_COND_PRIMARY_CD",5,"Sand, Mud, Dirt, Oil, Gravel","Sand, Mud, Dirt, Oil, Gravel",5,null,3898,"BARLOW TOWNSHIP",3]
["ROAD_COND_PRIMARY_CD",6,"Water (Standing, Moving)","Water (Standing, Moving)",6,null,3912,"BARNESBURG",3]
["ROAD_COND_PRIMARY_CD",7,"Slush","Slush",7,null,3926,"BARNESVILLE",2]
["ROAD_COND_PRIMARY_CD",9,"Other / Unknown","Other / Unknown",9,null,3940,"BARNHILL",2]
["ROAD_COND_PRIMARY_CD",null,null,null,null,null,3968,"BARRETTS MILLS",3]
["ROAD_COND_PRIMARY_CD",null,null,null,null,null,3974,"BARRICK",3]
["ROAD_COND_PRIMARY_CD",null,null,null,null,null,3978,"BARRICK CORNERS",3]
["ROAD_COND_SECONDARY_CD",null,null,null,null,null,3996,"BARRS MILLS",3]
["ROAD_COND_SECONDARY_CD",null,null,null,null,null,4010,"BARTLES",3]
["ROAD_COND_SECONDARY_CD",null,null,null,null,null,4024,"BARTLETT",3]
["ROAD_COND_SECONDARY_CD",null,null,null,null,null,4052,"BARTLOW TOWNSHIP",3]
["ROAD_COND_SECONDARY_CD",null,null,null,null,null,4066,"BARTON",3]
["ROAD_COND_SECONDARY_CD",null,null,null,null,null,4080,"BARTRAMVILLE",3]
["ROAD_COND_SECONDARY_CD",null,null,null,null,null,4085,"BARWYN ACRES",3]
["ROAD_COND_SECONDARY_CD",null,null,null,null,null,4094,"BASCOM",2]
["ROAD_COND_SECONDARY_CD",null,null,null,null,null,4108,"BASHAN",3]
["ROAD_COND_SECONDARY_CD",null,null,null,null,null,4150,"BATAVIA",2]
["ROAD_COND_SECONDARY_CD",null,null,null,null,null,4157,"BATAVIA TOWNSHIP",3]
["ROAD_CONTOUR_CD",1,"Straight Level","Straight Level",1,null,4164,"BATEMANTOWN",3]
["ROAD_CONTOUR_CD",2,"Straight Grade","Straight Grade",2,null,4178,"BATES",3]
["ROAD_CONTOUR_CD",3,"Curve Level","Curve Level",3,null,4192,"BATESVILLE",2]
["ROAD_CONTOUR_CD",4,"Curve Grade","Curve Grade",4,null,4206,"BATH TOWNSHIP",3]
["ROAD_CONTOUR_CD",9,"Other / Unknown","Other / Unknown",9,null,4220,"BATH TOWNSHIP",3]
["ROAD_CONTOUR_CD",null,null,null,null,null,4234,"BATH",3]
["ROAD_CONTOUR_CD",null,null,null,null,null,4248,"BATH TOWNSHIP",3]
["ROAD_CONTOUR_CD",null,null,null,null,null,4254,"BATH CENTER",3]
["ROAD_CONTOUR_CD",null,null,null,null,null,4258,"BATSON",3]
["ROAD_CONTOUR_CD",null,null,null,null,null,4262,"BATTLESBURG",3]
["SEVERITY_BY_TYPE_CD",1,"Fatal","Fatal",1,null,4276,"BAUGHMAN TOWNSHIP",3]
["SEVERITY_BY_TYPE_CD",2,"Serious Injury Suspected","Serious Injury Suspected",2,null,4304,"BAY TOWNSHIP",3]
["SEVERITY_BY_TYPE_CD",3,"Minor Injury Suspected","Minor Injury Suspected",3,null,4318,"BAYARD",3]
["SEVERITY_BY_TYPE_CD",4,"Injury Possible","Injury Possible",4,null,4360,"BAYS",3]
["SEVERITY_BY_TYPE_CD",5,"PDO/No Injury","PDO/No Injury",5,null,4374,"BAYSHORE",3]
["U1_ALCOH_DRUG_SUSPCTD_CD",null,null,null,null,null,4402,"BAY VIEW",2]
["U1_ALCOH_DRUG_SUSPCTD_CD",null,null,null,null,null,4410,"BAY VIEW",3]
["U1_ALCOH_DRUG_SUSPCTD_CD",null,null,null,null,null,4416,"BAY VILLAGE",1]
["U1_ALCOH_DRUG_SUSPCTD_CD",null,null,null,null,null,4444,"BAZETTA TOWNSHIP",3]
["U1_ALCOH_DRUG_SUSPCTD_CD",null,null,null,null,null,4458,"BEACH CITY",2]
["U1_ALCOH_DRUG_SUSPCTD_CD",null,null,null,null,null,4500,"BEACHWOOD",1]
["U1_AT_FAULT_IND","N","No","No","N",null,4528,"BEACON HILL",3]
["U1_AT_FAULT_IND","Y","Yes","Yes","Y",null,4542,"BEALLSVILLE",2]
["U1_CONT_CIR_PRIMARY_CD",1,"None","None",1,null,4556,"BEALS",3]
["U1_CONT_CIR_PRIMARY_CD",2,"Failure to Yield","Failure to Yield",2,null,4570,"BEAMSVILLE",3]
["U1_CONT_CIR_PRIMARY_CD",3,"Ran Red Light","Ran Red Light",3,null,4575,"BEAR CREEK",3]
["U1_CONT_CIR_PRIMARY_CD",4,"Ran Stop Sign","Ran Stop Sign",4,null,4584,"BEARFIELD TOWNSHIP",3]
["U1_CONT_CIR_PRIMARY_CD",5,"Unsafe Speed","Unsafe Speed",5,null,4604,"BEARS MILL",3]
["U1_CONT_CIR_PRIMARY_CD",6,"Improper Turn","Improper Turn",6,null,4608,"BEARTOWN",3]
["U1_CONT_CIR_PRIMARY_CD",7,"Left of Center","Left of Center",7,null,4612,"BEARTOWN",3]
["U1_CONT_CIR_PRIMARY_CD",8,"Following too Close / ACDA","Following too Close / ACDA",8,null,4620,"BEASLEY FORK",3]
["U1_CONT_CIR_PRIMARY_CD",9,"Improper Lane Change","Improper Lane Change",9,null,4626,"BEATTY",3]
["U1_CONT_CIR_PRIMARY_CD",10,"Improper Passing","Improper Passing",10,null,4640,"BEAUMONT",3]
["U1_CONT_CIR_PRIMARY_CD",11,"Drove off Road","Drove off Road",11,null,4668,"BEAVER TOWNSHIP",3]
["U1_CONT_CIR_PRIMARY_CD",12,"Improper Backing","Improper Backing",12,null,4682,"BEAVER TOWNSHIP",3]
["U1_CONT_CIR_PRIMARY_CD",13,"Improper Start From a Parked Position","Improper Start From a Parked Position",13,null,4696,"BEAVER",2]
["U1_CONT_CIR_PRIMARY_CD",14,"Stopped or Parked Illegally","Stopped or Parked Illegally",14,null,4710,"BEAVER TOWNSHIP",3]
["U1_CONT_CIR_PRIMARY_CD",15,"Swerving to Avoid","Swerving to Avoid",15,null,4720,"BEAVERCREEK",1]
["U1_CONT_CIR_PRIMARY_CD",16,"Wrong Way","Wrong Way",16,null,4724,"BEAVERCREEK TOWNSHIP",3]
["U1_CONT_CIR_PRIMARY_CD",17,"Vision Obstruction","Vision Obstruction",17,null,4752,"BEAVERDAM",2]
["U1_CONT_CIR_PRIMARY_CD",18,"Operating Defective Equipment","Operating Defective Equipment",18,null,4770,"BEAVER DAM STATION",3]
["U1_CONT_CIR_PRIMARY_CD",19,"Load shifting/Falling/Spilling","Load shifting/Falling/Spilling",19,null,4775,"BEAVER MILL",3]
["U1_CONT_CIR_PRIMARY_CD",20,"Improper Crossing","Improper Crossing",20,null,4780,"BEAVER PARK",3]
["U1_CONT_CIR_PRIMARY_CD",21,"Lying in Roadway","Lying in Roadway",21,null,4785,"BEAVER POND",3]
["U1_CONT_CIR_PRIMARY_CD",22,"Not Discernible","Not Discernible",22,null,4794,"BEAVERTOWN",3]
["U1_CONT_CIR_PRIMARY_CD",23,"Opening Door into Roadway","Opening Door into Roadway",23,null,4808,"BEAVERTOWN",3]
["U1_CONT_CIR_PRIMARY_CD",24,"Violating License Restriction","Violating License Restriction",24,null,4836,"BECKETT",3]
["U1_CONT_CIR_PRIMARY_CD",99,"Other Improper Action","Other Improper Action",99,null,4840,"BECKETT RIDGE",1]
["U1_CONT_CIR_PRIMARY_CD",null,null,null,null,null,4850,"BECKS MILLS",3]
["U1_CONT_CIR_PRIMARY_CD",null,null,null,null,null,4864,"BEDFORD TOWNSHIP",3]
["U1_CONT_CIR_PRIMARY_CD",null,null,null,null,null,4878,"BEDFORD",1]
["U1_CONT_CIR_PRIMARY_CD",null,null,null,null,null,4906,"BEDFORD TOWNSHIP",3]
["U1_CONT_CIR_PRIMARY_CD",null,null,null,null,null,4920,"BEDFORD HEIGHTS",1]
["U1_CONT_CIR_PRIMARY_CD",null,null,null,null,null,4925,"BEEBE",3]
["U1_CONT_CIR_PRIMARY_CD",null,null,null,null,null,4930,"BEEBETOWN",3]
["U1_CONT_CIR_PRIMARY_CD",null,null,null,null,null,4940,"BEECHGROVE",3]
["U1_CONT_CIR_SECONDARY_CD",null,null,null,null,null,4944,"BEECH-MAR",3]
["U1_CONT_CIR_SECONDARY_CD",null,null,null,null,null,4962,"BEECHVIEW ESTATES",3]
["U1_CONT_CIR_SECONDARY_CD",null,null,null,null,null,5004,"BEECHWOOD",3]
["U1_CONT_CIR_SECONDARY_CD",null,null,null,null,null,5010,"BEECHWOOD",3]
["U1_CONT_CIR_SECONDARY_CD",null,null,null,null,null,5013,"BEECHWOOD TRAILS",2]
["U1_CONT_CIR_SECONDARY_CD",null,null,null,null,null,5018,"BELDEN",3]
["U1_CONT_CIR_SECONDARY_CD",null,null,null,null,null,5040,"BELFAST",3]
["U1_CONT_CIR_SECONDARY_CD",null,null,null,null,null,5046,"BELFAST",3]
["U1_CONT_CIR_SECONDARY_CD",null,null,null,null,null,5060,"BELFORT",3]
["U1_CONT_CIR_SECONDARY_CD",null,null,null,null,null,5065,"BELKNAP",3]
["U1_CONT_CIR_SECONDARY_CD",null,null,null,null,null,5074,"BELLAIRE",2]
["U1_CONT_CIR_SECONDARY_CD",null,null,null,null,null,5088,"BELLAIRE GARDENS",3]
["U1_CONT_CIR_SECONDARY_CD",null,null,null,null,null,5102,"BELLBROOK",1]
["U1_CONT_CIR_SECONDARY_CD",null,null,null,null,null,5116,"BELLE CENTER",2]
["U1_CONT_CIR_SECONDARY_CD",null,null,null,null,null,5130,"BELLEFONTAINE",1]
["U1_CONT_CIR_SECONDARY_CD",null,null,null,null,null,5144,"BELLEPOINT",3]
["U1_CONT_CIR_SECONDARY_CD",null,null,null,null,null,5158,"BELLE VALLEY",2]
["U1_CONT_CIR_SECONDARY_CD",null,null,null,null,null,5165,"BELLEVE",3]
["U1_CONT_CIR_SECONDARY_CD",null,null,null,null,null,5172,"BELLE VERNON",3]
["U1_CONT_CIR_SECONDARY_CD",null,null,null,null,null,5214,"BELLEVIEW HEIGHTS",3]
["U1_CONT_CIR_SECONDARY_CD",null,null,null,null,null,5228,"BELLEVUE",1]
["U1_CONT_CIR_SECONDARY_CD",null,null,null,null,null,5284,"BELLVILLE",2]
["U1_CONT_CIR_SECONDARY_CD",null,null,null,null,null,5312,"BELMONT",2]
["U1_CONT_CIR_SECONDARY_CD",null,null,null,null,null,5340,"BELMONT",3]
["U1_CONT_CIR_SECONDARY_CD",null,null,null,null,null,5365,"BELMONT PARK",3]
["U1_CONT_CIR_SECONDARY_CD",null,null,null,null,null,5382,"BELMONT RIDGE",3]
["U1_CONT_CIR_SECONDARY_CD",null,null,null,null,null,5396,"BELMORE",2]
["U1_CONT_CIR_SECONDARY_CD",null,null,null,null,null,5410,"BELOIT",2]
["U1_CONT_CIR_SECONDARY_CD",null,null,null,null,null,5424,"BELPRE",1]
["U1_CONT_CIR_SECONDARY_CD",null,null,null,null,null,5438,"BELPRE TOWNSHIP",3]
["U1_CONT_CIR_SECONDARY_CD",null,null,null,null,null,5466,"BELVEDERE",3]
["U1_CONT_CIR_SECONDARY_CD",null,null,null,null,null,5475,"BENNETTS CORNERS",3]
["U1_CONT_CIR_SECONDARY_CD",null,null,null,null,null,5494,"BENNINGTON TOWNSHIP",3]
["U1_DIRECTION_FROM_CD",1,"North","North",1,null,5508,"BENNINGTON TOWNSHIP",3]
["U1_DIRECTION_FROM_CD",2,"South","South",2,null,5550,"BENTLEYVILLE",2]
["U1_DIRECTION_FROM_CD",3,"East","East",3,null,5564,"BENTON",3]
["U1_DIRECTION_FROM_CD",4,"West","West",4,null,5578,"BENTON TOWNSHIP",3]
["U1_DIRECTION_FROM_CD",5,"Northeast","Northeast",5,null,5592,"BENTON",3]
["U1_DIRECTION_FROM_CD",6,"Northwest","Northwest",6,null,5606,"BENTON TOWNSHIP",3]
["U1_DIRECTION_FROM_CD",7,"Southeast","Southeast",7,null,5620,"BENTON TOWNSHIP",3]
["U1_DIRECTION_FROM_CD",8,"Southwest","Southwest",8,null,5634,"BENTON TOWNSHIP",3]
["U1_DIRECTION_FROM_CD",9,"Unknown","Unknown",9,null,5648,"BENTON TOWNSHIP",3]
["U1_DIRECTION_TO_CD",1,"North","North",1,null,5662,"BENTON RIDGE",2]
["U1_DIRECTION_TO_CD",2,"South","South",2,null,5676,"BENTONVILLE",2]
["U1_DIRECTION_TO_CD",3,"East","East",3,null,5685,"BENWOOD",3]
["U1_DIRECTION_TO_CD",4,"West","West",4,null,5690,"BEREA",1]
["U1_DIRECTION_TO_CD",5,"Northeast","Northeast",5,null,5704,"BEREA STATION",3]
["U1_DIRECTION_TO_CD",6,"Northwest","Northwest",6,null,5718,"BERGHOLZ",2]
["U1_DIRECTION_TO_CD",7,"Southeast","Southeast",7,null,5732,"BERKEY",2]
["U1_DIRECTION_TO_CD",8,"Southwest","Southwest",8,null,5760,"BERKSHIRE",3]
["U1_DIRECTION_TO_CD",9,"Unknown","Unknown",9,null,5774,"BERKSHIRE TOWNSHIP",3]
["U1_DISTRACTED_BY_1_CD",1,"Not Distracted","Not Distracted",1,null,5788,"BERLIN TOWNSHIP",3]
["U1_DISTRACTED_BY_1_CD",2,"Manually operating an electronic communication device (testing, typing, dialing)","Manually operating an electronic communication device (testing, typing, dialing)",2,null,5802,"BERLIN TOWNSHIP",3]
["U1_DISTRACTED_BY_1_CD",3,"Talking on hands free communication device","Talking on hands free communication device",3,null,5816,"BERLIN",2]
["U1_DISTRACTED_BY_1_CD",4,"Talking on hand held communication device","Talking on hand held communication device",4,null,5830,"BERLIN TOWNSHIP",3]
["U1_DISTRACTED_BY_1_CD",5,"Other activity with an electronic device","Other activity with an electronic device",5,null,5844,"BERLIN TOWNSHIP",3]
["U1_DISTRACTED_BY_1_CD",6,"Passenger","Passenger",6,null,5858,"BERLIN TOWNSHIP",3]
["U1_DISTRACTED_BY_1_CD",7,"Other distraction inside the vehicle","Other distraction inside the vehicle",7,null,5865,"BERLIN",3]
["U1_DISTRACTED_BY_1_CD",8,"Other distraction outside the vehicle","Other distraction outside the vehicle",8,null,5872,"BERLIN CENTER STATION",3]
["U1_DISTRACTED_BY_1_CD",9,"Other / Unknown","Other / Unknown",9,null,5886,"BERLIN CENTER",3]
["U1_DISTRACTED_BY_2_CD",null,null,null,null,null,5900,"BERLIN HEIGHTS",2]
["U1_DISTRACTED_BY_2_CD",null,null,null,null,null,5914,"BERLIN HEIGHTS STATION",3]
["U1_DISTRACTED_BY_2_CD",null,null,null,null,null,5928,"BERLINVILLE",3]
["U1_DISTRACTED_BY_2_CD",null,null,null,null,null,5942,"BERN TOWNSHIP",3]
["U1_DISTRACTED_BY_2_CD",null,null,null,null,null,5956,"BERNE TOWNSHIP",3]
["U1_DISTRACTED_BY_2_CD",null,null,null,null,null,5984,"BERNICE",3]
["U1_DISTRACTED_BY_2_CD",null,null,null,null,null,5998,"BERRYSVILLE",3]
["U1_DISTRACTED_BY_2_CD",null,null,null,null,null,6012,"BERWICK",3]
["U1_DISTRACTED_BY_2_CD",null,null,null,null,null,6026,"BESSEMER",3]
["U1_GENDER_CD","F","Female","Female","F",null,6040,"BETHANY",3]
["U1_GENDER_CD","M","Male","Male","M",null,6054,"BETHEL TOWNSHIP",3]
["U1_GENDER_CD","U","Unknown","Unknown","U",null,6068,"BETHEL",2]
["U1_NON_MOTORIST_LOC_CD",0,"Data Not Valid or Not Provided","Data Not Valid or Not Provided",0,null,6096,"BETHEL",3]
["U1_NON_MOTORIST_LOC_CD",1,"Intersection – Marked Crosswalk","Intersection – Marked Crosswalk",1,null,6110,"BETHEL TOWNSHIP",3]
["U1_NON_MOTORIST_LOC_CD",2,"Intersection – Unmarked Crosswalk","Intersection – Unmarked Crosswalk",2,null,6124,"BETHEL TOWNSHIP",3]
["U1_NON_MOTORIST_LOC_CD",3,"Intersection – Other","Intersection – Other",3,null,6130,"BETHEL",3]
["U1_NON_MOTORIST_LOC_CD",4,"Midblock – Marked Crosswalk","Midblock – Marked Crosswalk",4,null,6138,"BETHESDA",2]
["U1_NON_MOTORIST_LOC_CD",5,"Travel Lane – Other Location","Travel Lane – Other Location",5,null,6152,"BETHLEHEM TOWNSHIP",3]
["U1_NON_MOTORIST_LOC_CD",6,"Bicycle Lane","Bicycle Lane",6,null,6166,"BETHLEHEM",3]
["U1_NON_MOTORIST_LOC_CD",7,"Shoulder/Roadside","Shoulder/Roadside",7,null,6180,"BETHLEHEM TOWNSHIP",3]
["U1_NON_MOTORIST_LOC_CD",8,"Sidewalk","Sidewalk",8,null,6194,"BETTSVILLE",2]
["U1_NON_MOTORIST_LOC_CD",9,"Median/Crossing Island","Median/Crossing Island",9,null,6208,"BEULAH BEACH",2]
["U1_NON_MOTORIST_LOC_CD",10,"Driveway Access","Driveway Access",10,null,6215,"BEVAN",3]
["U1_NON_MOTORIST_LOC_CD",11,"Shared Use Paths or Trails","Shared Use Paths or Trails",11,null,6222,"BEVERLY",2]
["U1_NON_MOTORIST_LOC_CD",12,"First Responder at Incident Scene","First Responder at Incident Scene",12,null,6245,"BEVERLY HILLS",3]
["U1_NON_MOTORIST_LOC_CD",99,"Other / Unknown","Other / Unknown",99,null,6264,"BEVIS",3]
["U1_PRECRASH_ACTION_CD",0,"Data Not Valid or Not Provided","Data Not Valid or Not Provided",0,null,6278,"BEXLEY",1]
["U1_PRECRASH_ACTION_CD",1,"Straight Ahead","Straight Ahead",1,null,6320,"BIDWELL",3]
["U1_PRECRASH_ACTION_CD",2,"Backing","Backing",2,null,6334,"BIG ISLAND",3]
["U1_PRECRASH_ACTION_CD",3,"Changing Lanes","Changing Lanes",3,null,6348,"BIG ISLAND TOWNSHIP",3]
["U1_PRECRASH_ACTION_CD",4,"Overtaking/Passing","Overtaking/Passing",4,null,6362,"BIGLICK TOWNSHIP",3]
["U1_PRECRASH_ACTION_CD",5,"Making Right Turn","Making Right Turn",5,null,6376,"BIG PLAIN",3]
["U1_PRECRASH_ACTION_CD",6,"Making Left Turn","Making Left Turn",6,null,6390,"BIG PRAIRIE",3]
["U1_PRECRASH_ACTION_CD",7,"Making U-Turn","Making U-Turn",7,null,6404,"BIG ROCK",3]
["U1_PRECRASH_ACTION_CD",8,"Entering Traffic Lane","Entering Traffic Lane",8,null,6418,"BIG RUN",3]
["U1_PRECRASH_ACTION_CD",9,"Leaving Traffic Lane","Leaving Traffic Lane",9,null,6432,"BIG SPRING TOWNSHIP",3]
["U1_PRECRASH_ACTION_CD",10,"Parked","Parked",10,null,6446,"BIG SPRINGS",3]
["U1_PRECRASH_ACTION_CD",11,"Slowing or Stopped In Traffic","Slowing or Stopped In Traffic",11,null,6455,"BILLINGSTOWN",3]
["U1_PRECRASH_ACTION_CD",12,"Driverless","Driverless",12,null,6460,"BILTMORE GARDENS",3]
["U1_PRECRASH_ACTION_CD",13,"Negotiating a Curve","Negotiating a Curve",13,null,6465,"BINGHAM",3]
["U1_PRECRASH_ACTION_CD",14,"Entering or Crossing Specified Location","Entering or Crossing Specified Location",14,null,6488,"BIRDS RUN",3]
["U1_PRECRASH_ACTION_CD",15,"Walking, Running, Jogging, Playing","Walking, Running, Jogging, Playing",15,null,6502,"BIRMINGHAM",3]
["U1_PRECRASH_ACTION_CD",16,"Working","Working",16,null,6516,"BIRMINGHAM",3]
["U1_PRECRASH_ACTION_CD",17,"Pushing vehicle","Pushing vehicle",17,null,6530,"BISHOPVILLE",3]
["U1_PRECRASH_ACTION_CD",18,"Approaching or Leaving Vehicle","Approaching or Leaving Vehicle",18,null,6544,"BISMARCK",3]
["U1_PRECRASH_ACTION_CD",19,"Standing","Standing",19,null,6558,"BLACHLEYVILLE",3]
["U1_PRECRASH_ACTION_CD",20,"Other Non-Motorist","Other Non-Motorist",20,null,6564,"BLACKBAND",3]
["U1_PRECRASH_ACTION_CD",21,"Standing Outside Disabled Vehicle","Standing Outside Disabled Vehicle",21,null,6568,"BLACKBERRY CORNER",3]
["U1_PRECRASH_ACTION_CD",99,"Other / Unknown","Other / Unknown",99,null,6586,"BLACK CREEK TOWNSHIP",3]
["U1_SEQ_OF_EVENTS_1_CD",0,"Data Not Valid or Not Provided","Data Not Valid or Not Provided",0,null,6600,"BLACKFORK",3]
["U1_SEQ_OF_EVENTS_1_CD",1,"Overturn/Rollover","Overturn/Rollover",1,null,6614,"BLACKFORK JUNCTION",3]
["U1_SEQ_OF_EVENTS_1_CD",2,"Fire/Explosion","Fire/Explosion",2,null,6620,"BLACKHAWK",3]
["U1_SEQ_OF_EVENTS_1_CD",3,"Immersion","Immersion",3,null,6628,"BLACK HORSE",3]
["U1_SEQ_OF_EVENTS_1_CD",4,"Jackknife","Jackknife",4,null,6635,"BLACKJACK",3]
["U1_SEQ_OF_EVENTS_1_CD",5,"Cargo/Equipment Loss Or Shift","Cargo/Equipment Loss Or Shift",5,null,6642,"BLACKLICK",3]
["U1_SEQ_OF_EVENTS_1_CD",6,"Equipment Failure (Blown Tire, Brake Failure, Etc)","Equipment Failure (Blown Tire, Brake Failure, Etc)",6,null,6670,"BLACKLICK ESTATES",1]
["U1_SEQ_OF_EVENTS_1_CD",7,"Separation Of Units","Separation Of Units",7,null,6698,"BLACK RUN",3]
["U1_SEQ_OF_EVENTS_1_CD",8,"Ran Off Road Right","Ran Off Road Right",8,null,6712,"BLACKTOP",3]
["U1_SEQ_OF_EVENTS_1_CD",9,"Ran Off Road Left","Ran Off Road Left",9,null,6726,"BLADEN",3]
["U1_SEQ_OF_EVENTS_1_CD",10,"Cross Median","Cross Median",10,null,6740,"BLADENSBURG",2]
["U1_SEQ_OF_EVENTS_1_CD",11,"Cross Centerline – Opposite direction of travel","Cross Centerline – Opposite direction of travel",11,null,6754,"BLAINE",3]
["U1_SEQ_OF_EVENTS_1_CD",12,"Downhill Runaway","Downhill Runaway",12,null,6768,"BLAINESVILLE",3]
["U1_SEQ_OF_EVENTS_1_CD",13,"Other Non-Collision","Other Non-Collision",13,null,6782,"BLAIRMONT",3]
["U1_SEQ_OF_EVENTS_1_CD",14,"Pedestrian","Pedestrian",14,null,6790,"BLAIRSVILLE",3]
["U1_SEQ_OF_EVENTS_1_CD",15,"Pedalcycle","Pedalcycle",15,null,6796,"BLAKE",3]
["U1_SEQ_OF_EVENTS_1_CD",16,"Railway Vehicle (E.G. Train, Engine)","Railway Vehicle (E.G. Train, Engine)",16,null,6810,"BLAKESLEE",2]
["U1_SEQ_OF_EVENTS_1_CD",17,"Animal – Farm","Animal – Farm",17,null,6838,"BLANCHARD TOWNSHIP",3]
["U1_SEQ_OF_EVENTS_1_CD",18,"Animal – Deer","Animal – Deer",18,null,6852,"BLANCHARD",3]
["U1_SEQ_OF_EVENTS_1_CD",19,"Animal – Other","Animal – Other",19,null,6866,"BLANCHARD TOWNSHIP",3]
["U1_SEQ_OF_EVENTS_1_CD",20,"Motor Vehicle In Transport","Motor Vehicle In Transport",20,null,6880,"BLANCHARD TOWNSHIP",3]
["U1_SEQ_OF_EVENTS_1_CD",21,"Parked Motor Vehicle","Parked Motor Vehicle",21,null,6908,"BLANCHESTER",2]
["U1_SEQ_OF_EVENTS_1_CD",22,"Work Zone Maintenance Equipment","Work Zone Maintenance Equipment",22,null,6912,"BLANCO",3]
["U1_SEQ_OF_EVENTS_1_CD",23,"Struck By Falling, Shifting Car, or Anything Set in Motion By A Motor Vehicle","Struck By Falling, Shifting Car, or Anything Set in Motion By A Motor Vehicle",23,null,6918,"BLATCHFORD",3]
["U1_SEQ_OF_EVENTS_1_CD",24,"Other Movable Object Collision With Fixed Object – STRUCK","Other Movable Object Collision With Fixed Object – STRUCK",24,null,6922,"BLENDON TOWNSHIP",3]
["U1_SEQ_OF_EVENTS_1_CD",25,"Impact Attenuator/Crash Cushion","Impact Attenuator/Crash Cushion",25,null,6928,"BLENDON CORNER",3]
["U1_SEQ_OF_EVENTS_1_CD",26,"Bridge Overhead Structure","Bridge Overhead Structure",26,null,6932,"BLESSING",3]
["U1_SEQ_OF_EVENTS_1_CD",27,"Bridge Pier Or Abutment","Bridge Pier Or Abutment",27,null,6936,"BLISSFIELD",3]
["U1_SEQ_OF_EVENTS_1_CD",28,"Bridge Parapet","Bridge Parapet",28,null,6950,"BLOOM TOWNSHIP",3]
["U1_SEQ_OF_EVENTS_1_CD",29,"Bridge Rail","Bridge Rail",29,null,6964,"BLOOM TOWNSHIP",3]
["U1_SEQ_OF_EVENTS_1_CD",30,"Guardrail Face","Guardrail Face",30,null,6992,"BLOOM TOWNSHIP",3]
["U1_SEQ_OF_EVENTS_1_CD",31,"Guardrail End","Guardrail End",31,null,7006,"BLOOM TOWNSHIP",3]
["U1_SEQ_OF_EVENTS_1_CD",32,"Portable Barrier","Portable Barrier",32,null,7020,"BLOOM TOWNSHIP",3]
["U1_SEQ_OF_EVENTS_1_CD",33,"Median Cable Barrier","Median Cable Barrier",33,null,7034,"BLOOM CENTER",3]
["U1_SEQ_OF_EVENTS_1_CD",34,"Median Guardrail Barrier","Median Guardrail Barrier",34,null,7048,"BLOOM CENTER",3]
["U1_SEQ_OF_EVENTS_1_CD",35,"Median Concrete Barrier","Median Concrete Barrier",35,null,7062,"BLOOMDALE",2]
["U1_SEQ_OF_EVENTS_1_CD",36,"Median Other Barrier","Median Other Barrier",36,null,7076,"BLOOMER",3]
["U1_SEQ_OF_EVENTS_1_CD",37,"Traffic Sign Post","Traffic Sign Post",37,null,7090,"BLOOMFIELD TOWNSHIP",3]
["U1_SEQ_OF_EVENTS_1_CD",38,"Overhead Sign Post","Overhead Sign Post",38,null,7118,"BLOOMFIELD TOWNSHIP",3]
["U1_SEQ_OF_EVENTS_1_CD",39,"Light/Luminaries Support","Light/Luminaries Support",39,null,7132,"BLOOMFIELD",3]
["U1_SEQ_OF_EVENTS_1_CD",40,"Utility Pole","Utility Pole",40,null,7146,"BLOOMFIELD",3]
["U1_SEQ_OF_EVENTS_1_CD",41,"Other Post, Pole Or Support","Other Post, Pole Or Support",41,null,7160,"BLOOMFIELD TOWNSHIP",3]
["U1_SEQ_OF_EVENTS_1_CD",42,"Culvert","Culvert",42,null,7174,"BLOOMFIELD",3]
["U1_SEQ_OF_EVENTS_1_CD",43,"Curb","Curb",43,null,7188,"BLOOMINGBURG",2]
["U1_SEQ_OF_EVENTS_1_CD",44,"Ditch","Ditch",44,null,7202,"BLOOMINGDALE",2]
["U1_SEQ_OF_EVENTS_1_CD",45,"Embankment","Embankment",45,null,7216,"BLOOMING GROVE",3]
["U1_SEQ_OF_EVENTS_1_CD",46,"Fence","Fence",46,null,7230,"BLOOMINGGROVE TOWNSHIP",3]
["U1_SEQ_OF_EVENTS_1_CD",47,"Mailbox","Mailbox",47,null,7244,"BLOOMINGTON",3]
["U1_SEQ_OF_EVENTS_1_CD",48,"Tree","Tree",48,null,7258,"BLOOMINGVILLE",3]
["U1_SEQ_OF_EVENTS_1_CD",49,"Fire Hydrant","Fire Hydrant",49,null,7272,"BLOOM JUNCTION",3]
["U1_SEQ_OF_EVENTS_1_CD",50,"Work Zone Maintenance Equipment","Work Zone Maintenance Equipment",50,null,7286,"BLOOMVILLE",2]
["U1_SEQ_OF_EVENTS_1_CD",51,"Wall","Wall",51,null,7295,"BLOWVILLE",3]
["U1_SEQ_OF_EVENTS_1_CD",52,"Building","Building",52,null,7300,"BLUE ASH",1]
["U1_SEQ_OF_EVENTS_1_CD",53,"Tunnel","Tunnel",53,null,7328,"BLUE BALL",3]
["U1_SEQ_OF_EVENTS_1_CD",54,"Other Fixed Object","Other Fixed Object",54,null,7335,"BLUEBELL",3]
["U1_SEQ_OF_EVENTS_1_CD",99,"Other / Unknown","Other / Unknown",99,null,7342,"BLUEBIRD BEACH",3]
["U1_SPECIAL_FUNCTION_CD",1,"None","None",1,null,7356,"BLUE CREEK",3]
["U1_SPECIAL_FUNCTION_CD",2,"Taxi","Taxi",2,null,7370,"BLUE CREEK TOWNSHIP",3]
["U1_SPECIAL_FUNCTION_CD",3,"Electronic Ride Sharing","Electronic Ride Sharing",3,null,7377,"BLUE JAY",2]
["U1_SPECIAL_FUNCTION_CD",4,"School Transport","School Transport",4,null,7384,"BLUE ROCK",3]
["U1_SPECIAL_FUNCTION_CD",5,"Bus – Transit/Commuter","Bus – Transit/Commuter",5,null,7398,"BLUE ROCK TOWNSHIP",3]
["U1_SPECIAL_FUNCTION_CD",6,"Bus – Charter/Tour","Bus – Charter/Tour",6,null,7420,"BLUE VALLEY ACRES",3]
["U1_SPECIAL_FUNCTION_CD",7,"Bus – Intercity","Bus – Intercity",7,null,7426,"BLUFFTON",2]
["U1_SPECIAL_FUNCTION_CD",8,"Bus – Shuttle","Bus – Shuttle",8,null,7454,"BOARDMAN",1]
["U1_SPECIAL_FUNCTION_CD",9,"Bus – Other","Bus – Other",9,null,7468,"BOARDMAN TOWNSHIP",3]
["U1_SPECIAL_FUNCTION_CD",10,"Ambulance","Ambulance",10,null,7510,"BOBO",3]
["U1_SPECIAL_FUNCTION_CD",11,"Fire","Fire",11,null,7524,"BODEN",3]
["U1_SPECIAL_FUNCTION_CD",12,"Military","Military",12,null,7530,"BODMAN",3]
["U1_SPECIAL_FUNCTION_CD",13,"Police","Police",13,null,7538,"BOGART",3]
["U1_SPECIAL_FUNCTION_CD",14,"Public Utility","Public Utility",14,null,7552,"BOKESCREEK TOWNSHIP",3]
["U1_SPECIAL_FUNCTION_CD",15,"Construction Equipment","Construction Equipment",15,null,7583,"BOLINDALE",2]
["U1_SPECIAL_FUNCTION_CD",16,"Farm","Farm",16,null,7585,"BOLINS MILLS",3]
["U1_SPECIAL_FUNCTION_CD",17,"Mowing","Mowing",17,null,7594,"BOLIVAR",2]
["U1_SPECIAL_FUNCTION_CD",18,"Snow Removal","Snow Removal",18,null,7608,"BOLTON",3]
["U1_SPECIAL_FUNCTION_CD",19,"Towing","Towing",19,null,7622,"BONDCLAY",3]
["U1_SPECIAL_FUNCTION_CD",20,"Safety Service Patrol","Safety Service Patrol",20,null,7636,"BOND HILL",3]
["U1_SPECIAL_FUNCTION_CD",21,"Mail Carrier","Mail Carrier",21,null,7643,"BONETA",3]
["U1_SPECIAL_FUNCTION_CD",99,"Other / Unknown","Other / Unknown",99,null,7650,"BONN",3]
["U1_TRAFFIC_CONTROL_CD",1,"Roundabout","Roundabout",1,null,7664,"BONO",3]
["U1_TRAFFIC_CONTROL_CD",2,"Signal","Signal",2,null,7692,"BOOKTOWN",3]
["U1_TRAFFIC_CONTROL_CD",3,"Flasher","Flasher",3,null,7706,"BOOKWALTER",3]
["U1_TRAFFIC_CONTROL_CD",4,"Stop Sign","Stop Sign",4,null,7720,"BOOTH",3]
["U1_TRAFFIC_CONTROL_CD",5,"Yield Sign","Yield Sign",5,null,7734,"BOOTH",3]
["U1_TRAFFIC_CONTROL_CD",6,"No Control","No Control",6,null,7755,"BOSTON",3]
["U1_TRAFFIC_CONTROL_CD",null,null,null,null,null,7762,"BOSTON",3]
["U1_TRAFFIC_CONTROL_CD",null,null,null,null,null,7770,"BOSTON",3]
["U1_TRAFFIC_CONTROL_CD",null,null,null,null,null,7776,"BOSTON TOWNSHIP",3]
["U1_TRAFFIC_CONTROL_CD",null,null,null,null,null,7790,"BOSTON HEIGHTS",2]
["U1_TRAFFIC_CONTROL_CD",null,null,null,null,null,7832,"BOTKINS",2]
["U1_TRAFFIC_CONTROL_CD",null,null,null,null,null,7846,"BOTZUM",3]
["U1_TRAFFIC_CONTROL_CD",null,null,null,null,null,7874,"BOUGHTONVILLE",3]
["U1_TRAFFIC_CONTROL_CD",null,null,null,null,null,7880,"BOULEVARD",3]
["U1_TRAFFIC_CONTROL_CD",null,null,null,null,null,7888,"BOURNEVILLE",2]
["U1_TRAFFIC_CONTROL_CD",null,null,null,null,null,7916,"BOWERSTON",2]
["U1_TURN_CD","LT","Left Turn","Left Turn","LT",null,7930,"BOWERSVILLE",2]
["U1_TURN_CD","NT","No Turn","No Turn","NT",null,7944,"BOWLING GREEN TOWNSHIP",3]
["U1_TURN_CD","RT","Right Turn","Right Turn","RT",null,7958,"BOWLING GREEN TOWNSHIP",3]
["U1_TURN_CD","UT","U Turn","U Turn","UT",null,7972,"BOWLING GREEN",1]
["U1_TYPE_OF_UNIT_CD",1,"Passenger Car","Passenger Car",1,null,8000,"BOWLUSVILLE",3]
["U1_TYPE_OF_UNIT_CD",2,"Passenger Van (minivan)","Passenger Van (minivan)",2,null,8005,"BOWMANS CORNERS",3]
["U1_TYPE_OF_UNIT_CD",3,"Sport Utility Vehicle","Sport Utility Vehicle",3,null,8028,"BOYDSVILLE",3]
["U1_TYPE_OF_UNIT_CD",4,"Pick up","Pick up",4,null,8035,"BOYS VILLAGE",3]
["U1_TYPE_OF_UNIT_CD",5,"Cargo Van","Cargo Van",5,null,8042,"BRACEVILLE",3]
["U1_TYPE_OF_UNIT_CD",6,"Van (9-15 Seats)","Van (9-15 Seats)",6,null,8056,"BRACEVILLE TOWNSHIP",3]
["U1_TYPE_OF_UNIT_CD",7,"Motorcycle 2 Wheeled","Motorcycle 2 Wheeled",7,null,8070,"BRADBURY",3]
["U1_TYPE_OF_UNIT_CD",8,"Motorcycle 3 Wheeled","Motorcycle 3 Wheeled",8,null,8084,"BRADFORD",2]
["U1_TYPE_OF_UNIT_CD",9,"Autocycle","Autocycle",9,null,8098,"BRADLEY",3]
["U1_TYPE_OF_UNIT_CD",10,"Moped or Motorized Bicycle","Moped or Motorized Bicycle",10,null,8112,"BRADNER",2]
["U1_TYPE_OF_UNIT_CD",11,"All Terrain Vehicle (ATV/UTV)","All Terrain Vehicle (ATV/UTV)",11,null,8126,"BRADRICK",3]
["U1_TYPE_OF_UNIT_CD",12,"Golf Cart","Golf Cart",12,null,8135,"BRADY",3]
["U1_TYPE_OF_UNIT_CD",13,"Snowmobile","Snowmobile",13,null,8140,"BRADY TOWNSHIP",3]
["U1_TYPE_OF_UNIT_CD",14,"Single Unit Truck","Single Unit Truck",14,null,8168,"BRADY LAKE",2]
["U1_TYPE_OF_UNIT_CD",15,"Semi-Tractor","Semi-Tractor",15,null,8224,"BRADYSVILLE",3]
["U1_TYPE_OF_UNIT_CD",16,"Farm Equipment","Farm Equipment",16,null,8238,"BRAFFETSVILLE",3]
["U1_TYPE_OF_UNIT_CD",17,"Motorhome","Motorhome",17,null,8266,"BRAILEY",3]
["U1_TYPE_OF_UNIT_CD",18,"Limo (Livery Vehicle)","Limo (Livery Vehicle)",18,null,8280,"BRANCH HILL",3]
["U1_TYPE_OF_UNIT_CD",19,"Bus (16+ Passengers)","Bus (16+ Passengers)",19,null,8294,"BRANDON",3]
["U1_TYPE_OF_UNIT_CD",20,"Other Vehicle","Other Vehicle",20,null,8308,"BRANDT",3]
["U1_TYPE_OF_UNIT_CD",21,"Heavy Equipment","Heavy Equipment",21,null,8322,"BRANDYWINE",3]
["U1_TYPE_OF_UNIT_CD",22,"Animal with Rider or Animal Drawn Vehicle","Animal with Rider or Animal Drawn Vehicle",22,null,8336,"BRATENAHL",2]
["U1_TYPE_OF_UNIT_CD",23,"Pedestrian/Skater","Pedestrian/Skater",23,null,8350,"BRATTON TOWNSHIP",3]
["U1_TYPE_OF_UNIT_CD",24,"Wheelchair (Any type)","Wheelchair (Any type)",24,null,8364,"BRECKSVILLE",1]
["U1_TYPE_OF_UNIT_CD",25,"Other Non-Motorist","Other Non-Motorist",25,null,8378,"BRECON",2]
["U1_TYPE_OF_UNIT_CD",26,"Bicycle","Bicycle",26,null,8392,"BREMEN",2]
["U1_TYPE_OF_UNIT_CD",27,"Train","Train",27,null,8400,"BRENNERSVILLE",3]
["U1_TYPE_OF_UNIT_CD",99,"Unknown or Hit/Skip","Unknown or Hit/Skip",99,null,8406,"BRENTWOOD",3]
["U1_TYPE_OF_UNIT_CD",null,null,null,null,null,8420,"BRENTWOOD",3]
["WEATHER_COND_CD",0,"Data Not Valid or Not Provided","Data Not Valid or Not Provided",0,null,8448,"BRENTWOOD LAKE",3]
["WEATHER_COND_CD",1,"Clear","Clear",1,null,8490,"BREWER HEIGHTS",3]
["WEATHER_COND_CD",2,"Cloudy","Cloudy",2,null,8504,"BREWSTER",2]
["WEATHER_COND_CD",3,"Fog, Smog, Smoke","Fog, Smog, Smoke",3,null,8518,"BRIARWOOD BEACH",3]
["WEATHER_COND_CD",4,"Rain","Rain",4,null,8532,"BRICE",2]
["WEATHER_COND_CD",5,"Sleet, Hail","Sleet, Hail",5,null,8546,"BRICETON",3]
["WEATHER_COND_CD",6,"Snow","Snow",6,null,8560,"BRIDGEPORT",2]
["WEATHER_COND_CD",7,"Severe Crosswinds","Severe Crosswinds",7,null,8574,"BRIDGEPORT",3]
["WEATHER_COND_CD",8,"Blowing Sand, Soil, Dirt, Snow","Blowing Sand, Soil, Dirt, Snow",8,null,8580,"BRIDGEPORT",3]
["WEATHER_COND_CD",9,"Other / Unknown","Other / Unknown",9,null,8588,"BRIDGES",3]
["WEATHER_COND_CD",null,null,null,null,null,8602,"BRIDGETOWN",1]
["WEATHER_COND_CD",null,null,null,null,null,8605,"BRIDGETOWN NORTH (HISTORICAL)",3]
["WEATHER_COND_CD",null,null,null,null,null,8616,"BRIDGEVILLE",3]
["WEATHER_COND_CD",null,null,null,null,null,8625,"BRIDGEWATER",3]
["WEATHER_COND_CD",null,null,null,null,null,8630,"BRIDGEWATER TOWNSHIP",3]
["WEATHER_COND_CD",null,null,null,null,null,8644,"BRIDGEWATER CENTER",3]
["WEATHER_COND_CD",null,null,null,null,null,8658,"BRIER HILL",3]
["WEATHER_COND_CD",null,null,null,null,null,8670,"BRIGGLESVILLE",3]
["WEATHER_COND_CD",null,null,null,null,null,8695,"BRIGGS",3]
["OPER_ACCESS_CONTROL_CD",1,1,1,1,null,8700,"BRIGGSDALE",3]
["OPER_ACCESS_CONTROL_CD",2,2,2,2,null,8728,"BRIGHTON",3]
["OPER_ACCESS_CONTROL_CD",3,3,3,3,null,8756,"BRIGHTON",3]
["MAINTENANCE_AUTHORITY_CD",1,"State Highway Agency","State Highway Agency",1,null,8770,"BRIGHTON TOWNSHIP",3]
["MAINTENANCE_AUTHORITY_CD",2,"County Highway Agency","County Highway Agency",2,null,8798,"BRIGHTWOOD",3]
["MAINTENANCE_AUTHORITY_CD",3,"Town or Township Highway Agency","Township Highway Agency",3,null,8812,"BRILLIANT",2]
["MAINTENANCE_AUTHORITY_CD",4,"City or Municipal Highway Agency","City or Village Highway Agency",4,null,8826,"BRIMFIELD",2]
["MAINTENANCE_AUTHORITY_CD",11,"State Park, Forest, or Reservation Agency","State Park, Forest, or Reservation Agency",11,null,8840,"BRIMFIELD TOWNSHIP",3]
["MAINTENANCE_AUTHORITY_CD",12,"Local Park, Forest, or Reservation Agency","Local Park, Forest, or Reservation Agency",12,null,8850,"BRIMFIELD STATION",3]
["MAINTENANCE_AUTHORITY_CD",21,"Other State Agency","Other State Agency",21,null,8868,"BRINKHAVEN",2]
["MAINTENANCE_AUTHORITY_CD",25,"Other Local Agency","Other Local Agency",25,null,8890,"BRINLEY",3]
["MAINTENANCE_AUTHORITY_CD",26,"Private (other than Railroad)","Private (other than Railroad)",26,null,8895,"BRISTER",3]
["MAINTENANCE_AUTHORITY_CD",27,"Railroad","Railroad",27,null,8900,"BRISTOL",3]
["MAINTENANCE_AUTHORITY_CD",31,"State Toll Authority","State Toll Authority",31,null,8910,"BRISTOL TOWNSHIP",3]
["MAINTENANCE_AUTHORITY_CD",32,"Local Toll Authority","Local Toll Authority",32,null,8924,"BRISTOL",3]
["MAINTENANCE_AUTHORITY_CD",40,"Other Public Instrumentality (e.g., Airport, School, University)","Other Public Instrumentality (e.g., Airport, School, University)",40,null,8938,"BRISTOL TOWNSHIP",3]
["MAINTENANCE_AUTHORITY_CD",50,"Indian Tribe Nation","Indian Tribe Nation",50,null,8952,"BRISTOL VILLAGE",3]
["MAINTENANCE_AUTHORITY_CD",60,"Other Federal Agency","Other Federal Agency",60,null,8966,"BRISTOLVILLE",3]
["MAINTENANCE_AUTHORITY_CD",62,"Bureau of Indian Affairs","Bureau of Indian Affairs",62,null,8980,"BRISTOLVILLE STATION (HISTORICAL)",3]
["MAINTENANCE_AUTHORITY_CD",63,"Bureau of Fish and Wildlife","Bureau of Fish and Wildlife",63,null,8985,"BRITNEY ACRES",3]
["MAINTENANCE_AUTHORITY_CD",64,"U.S. Forest Service","U.S. Forest Service",64,null,8994,"BRITTAIN",3]
["MAINTENANCE_AUTHORITY_CD",66,"National Park Service","National Park Service",66,null,9008,"BROADACRE",3]
["MAINTENANCE_AUTHORITY_CD",67,"Tennessee Valley Authority","Tennessee Valley Authority",67,null,9036,"BROADVIEW",3]
["MAINTENANCE_AUTHORITY_CD",68,"Bureau of Land Management","Bureau of Land Management",68,null,9064,"BROADVIEW HEIGHTS",1]
["MAINTENANCE_AUTHORITY_CD",69,"Bureau of Reclamation","Bureau of Reclamation",69,null,9078,"BROADWAY",3]
["MAINTENANCE_AUTHORITY_CD",70,"Corps of Engineers","Corps of Engineers",70,null,9092,"BROADWELL",3]
["MAINTENANCE_AUTHORITY_CD",72,"Air Force","Air Force",72,null,9106,"BROCK",3]
["MAINTENANCE_AUTHORITY_CD",73,"Navy/Marines","Navy/Marines",73,null,9115,"BROCKS CORNER",3]
["MAINTENANCE_AUTHORITY_CD",74,"Army","Army",74,null,9120,"BROKAW",3]
["MAINTENANCE_AUTHORITY_CD",80,"Other","Other",80,null,9134,"BROKEN SWORD",3]
["U1_OBJECT_STRUCK",0,"Nothing Struck","Nothing Struck",0,null,9148,"BRONSON TOWNSHIP",3]
["U1_OBJECT_STRUCK",25,"Impact Attenuator/Crash Cushion","Impact Attenuator/Crash Cushion",25,null,9162,"BROOKFIELD TOWNSHIP",3]
["U1_OBJECT_STRUCK",26,"Bridge Overhead Structure","Bridge Overhead Structure",26,null,9176,"BROOKFIELD",3]
["U1_OBJECT_STRUCK",27,"Bridge Pier Or Abutment","Bridge Pier Or Abutment",27,null,9190,"BROOKFIELD TOWNSHIP",3]
["U1_OBJECT_STRUCK",28,"Bridge Parapet","Bridge Parapet",28,null,9200,"BROOKFIELD CENTER",2]
["U1_OBJECT_STRUCK",29,"Bridge Rail","Bridge Rail",29,null,9218,"BROOKHILL",3]
["U1_OBJECT_STRUCK",30,"Guardrail Face","Guardrail Face",30,null,9246,"BROOKLYN",1]
["U1_OBJECT_STRUCK",31,"Guardrail End","Guardrail End",31,null,9274,"BROOKLYN HEIGHTS",2]
["U1_OBJECT_STRUCK",32,"Portable Barrier","Portable Barrier",32,null,9288,"BROOK PARK",1]
["U1_OBJECT_STRUCK",33,"Median Cable Barrier","Median Cable Barrier",33,null,9316,"BROOKSIDE",2]
["U1_OBJECT_STRUCK",34,"Median Guardrail Barrier","Median Guardrail Barrier",34,null,9350,"BROOKSIDE PARK",3]
["U1_OBJECT_STRUCK",35,"Median Concrete Barrier","Median Concrete Barrier",35,null,9358,"BROOKVILLE",1]
["U1_OBJECT_STRUCK",36,"Median Other Barrier","Median Other Barrier",36,null,9372,"BROOKWOOD",3]
["U1_OBJECT_STRUCK",37,"Traffic Sign Post","Traffic Sign Post",37,null,9386,"BROUGHTON",2]
["U1_OBJECT_STRUCK",38,"Overhead Sign Post","Overhead Sign Post",38,null,9400,"BROWN TOWNSHIP",3]
["U1_OBJECT_STRUCK",39,"Light/Luminaries Support","Light/Luminaries Support",39,null,9414,"BROWN TOWNSHIP",3]
["U1_OBJECT_STRUCK",40,"Utility Pole","Utility Pole",40,null,9428,"BROWN TOWNSHIP",3]
["U1_OBJECT_STRUCK",41,"Other Post, Pole Or Support","Other Post, Pole Or Support",41,null,9442,"BROWN TOWNSHIP",3]
["U1_OBJECT_STRUCK",42,"Culvert","Culvert",42,null,9470,"BROWN TOWNSHIP",3]
["U1_OBJECT_STRUCK",43,"Curb","Curb",43,null,9484,"BROWN",3]
["U1_OBJECT_STRUCK",44,"Ditch","Ditch",44,null,9498,"BROWN TOWNSHIP",3]
["U1_OBJECT_STRUCK",45,"Embankment","Embankment",45,null,9512,"BROWN TOWNSHIP",3]
["U1_OBJECT_STRUCK",46,"Fence","Fence",46,null,9526,"BROWN TOWNSHIP",3]
["U1_OBJECT_STRUCK",47,"Mailbox","Mailbox",47,null,9535,"BROWN CORNER",3]
["U1_OBJECT_STRUCK",48,"Tree","Tree",48,null,9554,"BROWNHELM",3]
["U1_OBJECT_STRUCK",49,"Fire Hydrant","Fire Hydrant",49,null,9568,"BROWNHELM TOWNSHIP",3]
["U1_OBJECT_STRUCK",50,"Work Zone Maintenance Equipment","Work Zone Maintenance Equipment",50,null,9570,"BROWNHELM STATION",3]
["U1_OBJECT_STRUCK",51,"Wall","Wall",51,null,9577,"BROWNS",3]
["U1_OBJECT_STRUCK",52,"Building","Building",52,null,9580,"BROWNS CROSSROADS",3]
["U1_OBJECT_STRUCK",53,"Tunnel","Tunnel",53,null,9582,"BROWNS HEIGHTS",3]
["U1_OBJECT_STRUCK",54,"Other Fixed Object","Other Fixed Object",54,null,9585,"BROWNSTOWN",3]
["U1_OBJECT_STRUCK",99,"Other / Unknown","Other / Unknown",99,null,9589,"BROWNSTOWN",3]
[null,null,null,null,null,null,9596,"BROWNSVILLE",2]
[null,null,null,null,null,null,9610,"BROWNSVILLE",3]
[null,null,null,null,null,null,9624,"BROWNSVILLE",3]
[null,null,null,null,null,null,9652,"BRUNERSBURG",3]
[null,null,null,null,null,null,9666,"BRUNO",3]
[null,null,null,null,null,null,9680,"BRUNSWICK",1]
[null,null,null,null,null,null,9708,"BRUNSWICK HILLS TOWNSHIP",3]
[null,null,null,null,null,null,9722,"BRUSH CREEK TOWNSHIP",3]
[null,null,null,null,null,null,9736,"BRUSHCREEK TOWNSHIP",3]
[null,null,null,null,null,null,9750,"BRUSH CREEK TOWNSHIP",3]
[null,null,null,null,null,null,9757,"BRUSH CREEK TOWNSHIP",3]
[null,null,null,null,null,null,9764,"BRUSH CREEK TOWNSHIP",3]
[null,null,null,null,null,null,9778,"BRUSH RIDGE",3]
[null,null,null,null,null,null,9792,"BRYAN",1]
[null,null,null,null,null,null,9820,"BUCHANAN",3]
[null,null,null,null,null,null,9834,"BUCHTEL",2]
[null,null,null,null,null,null,9848,"BUCK TOWNSHIP",3]
[null,null,null,null,null,null,9855,"BUCKEYE",3]
[null,null,null,null,null,null,9862,"BUCKEYE",3]
[null,null,null,null,null,null,9890,"BUCKEYE LAKE",2]
[null,null,null,null,null,null,9918,"BUCKEYEVILLE",3]
[null,null,null,null,null,null,9946,"BUCKHORN",3]
[null,null,null,null,null,null,9955,"BUCKHORN FURNACE",3]
[null,null,null,null,null,null,9960,"BUCKINGHAM",3]
[null,null,null,null,null,null,9974,"BUCKLAND",2]
[null,null,null,null,null,null,9988,"BUCKS TOWNSHIP",3]
[null,null,null,null,null,null,10016,"BUCKSKIN TOWNSHIP",3]
[null,null,null,null,null,null,10025,"BUCKS MILL",3]
[null,null,null,null,null,null,10030,"BUCYRUS",1]
[null,null,null,null,null,null,10044,"BUCYRUS TOWNSHIP",3]
[null,null,null,null,null,null,10086,"BUENA VISTA",3]
[null,null,null,null,null,null,10100,"BUENA VISTA",3]
[null,null,null,null,null,null,10128,"BUFFALO",2]
[null,null,null,null,null,null,10135,"BUFFALO",3]
[null,null,null,null,null,null,10142,"BUFFALO TOWNSHIP",3]
[null,null,null,null,null,null,10156,"BUFORD",2]
[null,null,null,null,null,null,10170,"BULAH",3]
[null,null,null,null,null,null,10175,"BULAVILLE",3]
[null,null,null,null,null,null,10184,"BULKHEAD",3]
[null,null,null,null,null,null,10190,"BUNDYSBURG",3]
[null,null,null,null,null,null,10198,"BUNKER HILL",3]
[null,null,null,null,null,null,10212,"BUNKER HILL",3]
[null,null,null,null,null,null,10226,"BUNKER HILL",3]
[null,null,null,null,null,null,10254,"BURBANK",2]
[null,null,null,null,null,null,10268,"BURGHILL",3]
[null,null,null,null,null,null,10282,"BURGOON",2]
[null,null,null,null,null,null,10296,"BURKETTSVILLE",2]
[null,null,null,null,null,null,10310,"BURKHART",3]
[null,null,null,null,null,null,10324,"BURLINGHAM",3]
[null,null,null,null,null,null,10338,"BURLINGTON",3]
[null,null,null,null,null,null,10352,"BURLINGTON",2]
[null,null,null,null,null,null,10366,"BURLINGTON TOWNSHIP",3]
[null,null,null,null,null,null,10380,"BURNETTS CORNERS",3]
[null,null,null,null,null,null,10408,"BURR OAK",3]
[null,null,null,null,null,null,10428,"BURR OAKS HEIGHTS",3]
[null,null,null,null,null,null,10432,"BURSVILLE",3]
[null,null,null,null,null,null,10436,"BURTON",2]
[null,null,null,null,null,null,10464,"BURTON TOWNSHIP",3]
[null,null,null,null,null,null,10478,"BURTON CITY",3]
[null,null,null,null,null,null,10492,"BURTON LAKE",3]
[null,null,null,null,null,null,10499,"BURTON STATION",3]
[null,null,null,null,null,null,10506,"BURTONVILLE",3]
[null,null,null,null,null,null,10515,"BUSENBARK",3]
[null,null,null,null,null,null,10520,"BUSHNELL",3]
[null,null,null,null,null,null,10534,"BUSINESSBURG",3]
[null,null,null,null,null,null,10548,"BUSINESS CORNER",3]
[null,null,null,null,null,null,10555,"BUSY CORNERS",3]
[null,null,null,null,null,null,10562,"BUTLER TOWNSHIP",3]
[null,null,null,null,null,null,10576,"BUTLER TOWNSHIP",3]
[null,null,null,null,null,null,10590,"BUTLER TOWNSHIP",3]
[null,null,null,null,null,null,10604,"BUTLER TOWNSHIP",3]
[null,null,null,null,null,null,10618,"BUTLER TOWNSHIP",3]
[null,null,null,null,null,null,10632,"BUTLER",2]
[null,null,null,null,null,null,10646,"BUTLER TOWNSHIP",3]
[null,null,null,null,null,null,10665,"BUTLERS MILL",3]
[null,null,null,null,null,null,10674,"BUTLERVILLE",2]
[null,null,null,null,null,null,10680,"BUZZARD ROOST",3]
[null,null,null,null,null,null,10688,"BYER",3]
[null,null,null,null,null,null,10716,"BYESVILLE",2]
[null,null,null,null,null,null,10730,"BYHALIA",3]
[null,null,null,null,null,null,10744,"BYINGTON",3]
[null,null,null,null,null,null,10758,"BYRD TOWNSHIP",3]
[null,null,null,null,null,null,10772,"BYRON",3]
[null,null,null,null,null,null,10780,"CABINET",3]
[null,null,null,null,null,null,10786,"CABLE",3]
[null,null,null,null,null,null,10800,"CADIZ",2]
[null,null,null,null,null,null,10814,"CADIZ TOWNSHIP",3]
[null,null,null,null,null,null,10828,"CADIZ JUNCTION",3]
[null,null,null,null,null,null,10842,"CADMUS",3]
[null,null,null,null,null,null,10856,"CAESARSCREEK TOWNSHIP",3]
[null,null,null,null,null,null,10884,"CAIRO",2]
[null,null,null,null,null,null,10898,"CAIRO",3]
[null,null,null,null,null,null,10912,"CALAIS",3]
[null,null,null,null,null,null,10920,"CALAMOUTIER",3]
[null,null,null,null,null,null,10926,"CALCUTTA",2]
[null,null,null,null,null,null,10940,"CALDWELL",2]
[null,null,null,null,null,null,10954,"CALEDONIA",2]
[null,null,null,null,null,null,10968,"CALIFORNIA",3]
[null,null,null,null,null,null,10982,"CALLA",3]
[null,null,null,null,null,null,10990,"CAMBA",3]
[null,null,null,null,null,null,10996,"CAMBRIDGE",1]
[null,null,null,null,null,null,11003,"CAMBRIDGE TOWNSHIP",3]
[null,null,null,null,null,null,11010,"CAMDEN TOWNSHIP",3]
[null,null,null,null,null,null,11024,"CAMDEN",2]
[null,null,null,null,null,null,11038,"CAMERON",3]
[null,null,null,null,null,null,11066,"CAMPBELL",1]
[null,null,null,null,null,null,11080,"CAMPBELLSPORT",3]
[null,null,null,null,null,null,11094,"CAMPBELLSTOWN",3]
[null,null,null,null,null,null,11098,"CAMP BENNETT",3]
[null,null,null,null,null,null,11102,"CAMP CALVARY",3]
[null,null,null,null,null,null,11122,"CAMP CREEK TOWNSHIP",3]
[null,null,null,null,null,null,11136,"CAMP CREEK",3]
[null,null,null,null,null,null,11150,"CAMP DENNISON",2]
[null,null,null,null,null,null,11178,"CAMP LUTHER",3]
[null,null,null,null,null,null,11182,"CAMP OYO",3]
[null,null,null,null,null,null,11188,"CAMP PARK",3]
[null,null,null,null,null,null,11200,"CAMP ROOSEVELT",3]
[null,null,null,null,null,null,11215,"CAMP WASHINGTON",3]
[null,null,null,null,null,null,11220,"CANAAN TOWNSHIP",3]
[null,null,null,null,null,null,11234,"CANAAN TOWNSHIP",3]
[null,null,null,null,null,null,11248,"CANAAN TOWNSHIP",3]
[null,null,null,null,null,null,11262,"CANAAN",3]
[null,null,null,null,null,null,11276,"CANAAN TOWNSHIP",3]
[null,null,null,null,null,null,11290,"CANAANVILLE",3]
[null,null,null,null,null,null,11304,"CANAL FULTON",1]
[null,null,null,null,null,null,11318,"CANAL LEWISVILLE",2]
[null,null,null,null,null,null,11332,"CANAL WINCHESTER",1]
[null,null,null,null,null,null,11334,"CANDLEWOOD LAKE",2]
[null,null,null,null,null,null,11346,"CANDY TOWN",3]
[null,null,null,null,null,null,11360,"CANFIELD",1]
[null,null,null,null,null,null,11374,"CANFIELD TOWNSHIP",3]
[null,null,null,null,null,null,11388,"CANNELVILLE",3]
[null,null,null,null,null,null,11395,"CANNON",3]
[null,null,null,null,null,null,11402,"CANNONS CREEK",3]
[null,null,null,null,null,null,12000,"CANTON",1]
[null,null,null,null,null,null,12014,"CANTON TOWNSHIP",3]
[null,null,null,null,null,null,12018,"CANTON ROAD",3]
[null,null,null,null,null,null,12022,"CANYON PARK",3]
[null,null,null,null,null,null,12025,"CAPTINA",3]
[null,null,null,null,null,null,12042,"CARBONDALE",3]
[null,null,null,null,null,null,12056,"CARBON HILL",2]
[null,null,null,null,null,null,12084,"CARDINGTON",2]
[null,null,null,null,null,null,12098,"CARDINGTON TOWNSHIP",3]
[null,null,null,null,null,null,12112,"CAREY",2]
[null,null,null,null,null,null,12125,"CAREYTOWN",3]
[null,null,null,null,null,null,12140,"CARLISLE TOWNSHIP",3]
[null,null,null,null,null,null,12154,"CARLISLE",3]
[null,null,null,null,null,null,12168,"CARLISLE",2]
[null,null,null,null,null,null,12192,"CARLTON",3]
[null,null,null,null,null,null,12196,"CARMEL",3]
[null,null,null,null,null,null,12210,"CAROLINE",3]
[null,null,null,null,null,null,12224,"CARPENTER",3]
[null,null,null,null,null,null,12238,"CARRINGTON",3]
[null,null,null,null,null,null,12252,"CARROLL",2]
[null,null,null,null,null,null,12266,"CARROLL TOWNSHIP",3]
[null,null,null,null,null,null,12280,"CARROLLTON",2]
[null,null,null,null,null,null,12294,"CARROTHERS",3]
[null,null,null,null,null,null,12308,"CARRYALL TOWNSHIP",3]
[null,null,null,null,null,null,12315,"CARSEY TOWN",3]
[null,null,null,null,null,null,12336,"CARTHAGE TOWNSHIP",3]
[null,null,null,null,null,null,12350,"CARTHAGE",3]
[null,null,null,null,null,null,12364,"CARTHAGENA",3]
[null,null,null,null,null,null,12370,"CARTHON",3]
[null,null,null,null,null,null,12378,"CARYSVILLE",3]
[null,null,null,null,null,null,12392,"CASS TOWNSHIP",3]
[null,null,null,null,null,null,12406,"CASS TOWNSHIP",3]
[null,null,null,null,null,null,12420,"CASS TOWNSHIP",3]
[null,null,null,null,null,null,12434,"CASSELL",3]
[null,null,null,null,null,null,12448,"CASSELLA",3]
[null,null,null,null,null,null,12462,"CASSTOWN",2]
[null,null,null,null,null,null,12470,"CASSVILLE",3]
[null,null,null,null,null,null,12476,"CASTALIA",2]
[null,null,null,null,null,null,12504,"CASTINE",2]
[null,null,null,null,null,null,12560,"CATAWBA",2]
[null,null,null,null,null,null,12574,"CATAWBA ISLAND",3]
[null,null,null,null,null,null,12588,"CATAWBA ISLAND TOWNSHIP",3]
[null,null,null,null,null,null,12595,"CATAWBA STATION",3]
[null,null,null,null,null,null,12602,"CATBIRD",3]
[null,null,null,null,null,null,12644,"CAVALLO",3]
[null,null,null,null,null,null,12658,"CAVETT",3]
[null,null,null,null,null,null,12665,"CAWTHORN",3]
[null,null,null,null,null,null,12672,"CAYWOOD",3]
[null,null,null,null,null,null,12686,"CEBEE",3]
[null,null,null,null,null,null,12700,"CECIL",2]
[null,null,null,null,null,null,12703,"CEDAR CORNERS",3]
[null,null,null,null,null,null,12707,"CEDAR FORK",3]
[null,null,null,null,null,null,12710,"CEDAR GROVE",3]
[null,null,null,null,null,null,12714,"CEDAR HILL",3]
[null,null,null,null,null,null,12742,"CEDAR MILLS",3]
[null,null,null,null,null,null,12750,"CEDAR PARK",3]
[null,null,null,null,null,null,12756,"CEDAR POINT",3]
[null,null,null,null,null,null,12770,"CEDAR RUN",3]
[null,null,null,null,null,null,12775,"CEDAR SPRINGS",3]
[null,null,null,null,null,null,12780,"CEDAR VALLEY",3]
[null,null,null,null,null,null,12784,"CEDARVILLE",2]
[null,null,null,null,null,null,12798,"CEDARVILLE TOWNSHIP",3]
[null,null,null,null,null,null,12826,"CEDRON",3]
[null,null,null,null,null,null,12854,"CELERYVILLE",2]
[null,null,null,null,null,null,12868,"CELINA",1]
[null,null,null,null,null,null,12882,"CENTENARY",3]
[null,null,null,null,null,null,12890,"CENTENNIAL",3]
[null,null,null,null,null,null,12896,"CENTER TOWNSHIP",3]
[null,null,null,null,null,null,12910,"CENTER TOWNSHIP",3]
[null,null,null,null,null,null,12924,"CENTER",3]
[null,null,null,null,null,null,12938,"CENTER TOWNSHIP",3]
[null,null,null,null,null,null,12952,"CENTER TOWNSHIP",3]
[null,null,null,null,null,null,12966,"CENTER TOWNSHIP",3]
[null,null,null,null,null,null,12980,"CENTER TOWNSHIP",3]
[null,null,null,null,null,null,12994,"CENTER TOWNSHIP",3]
[null,null,null,null,null,null,13000,"CENTER",3]
[null,null,null,null,null,null,13008,"CENTER TOWNSHIP",3]
[null,null,null,null,null,null,13015,"CENTER TOWNSHIP",3]
[null,null,null,null,null,null,13030,"CENTER BEND",3]
[null,null,null,null,null,null,13036,"CENTERBURG",2]
[null,null,null,null,null,null,13064,"CENTERPOINT",3]
[null,null,null,null,null,null,13078,"CENTERPOINT",3]
[null,null,null,null,null,null,13092,"CENTER STATION",3]
[null,null,null,null,null,null,13106,"CENTERTON",3]
[null,null,null,null,null,null,13120,"CENTER VILLAGE",3]
[null,null,null,null,null,null,13134,"CENTERVILLE",3]
[null,null,null,null,null,null,13148,"CENTERVILLE",3]
[null,null,null,null,null,null,13169,"CENTERVILLE",2]
[null,null,null,null,null,null,13176,"CENTERVILLE",3]
[null,null,null,null,null,null,13190,"CENTERVILLE",1]
[null,null,null,null,null,null,13200,"CENTERVILLE",3]
[null,null,null,null,null,null,13210,"CENTERVILLE",3]
[null,null,null,null,null,null,13225,"CENTRAL AVENUE PARK",3]
[null,null,null,null,null,null,13274,"CENTRAL COLLEGE",3]
[null,null,null,null,null,null,13316,"CESSNA TOWNSHIP",3]
[null,null,null,null,null,null,13330,"CEYLON",3]
[null,null,null,null,null,null,13358,"CHAGRIN FALLS",2]
[null,null,null,null,null,null,13372,"CHAGRIN FALLS TOWNSHIP",3]
[null,null,null,null,null,null,13386,"CHAGRIN FALLS PARK",3]
[null,null,null,null,null,null,13400,"CHAGRIN HARBOR",3]
[null,null,null,null,null,null,13414,"CHALFANTS",3]
[null,null,null,null,null,null,13428,"CHAMBERSBURG",3]
[null,null,null,null,null,null,13456,"CHAMPION",3]
[null,null,null,null,null,null,13470,"CHAMPION TOWNSHIP",3]
[null,null,null,null,null,null,13484,"CHAMPION HEIGHTS",1]
[null,null,null,null,null,null,13498,"CHANDLER",3]
[null,null,null,null,null,null,13512,"CHANDLERSVILLE",3]
[null,null,null,null,null,null,13520,"CHAPEL HILL",3]
[null,null,null,null,null,null,13540,"CHAPMAN",3]
[null,null,null,null,null,null,13554,"CHARDON",1]
[null,null,null,null,null,null,13561,"CHARDON TOWNSHIP",3]
[null,null,null,null,null,null,13568,"CHARITY ROTCH",3]
[null,null,null,null,null,null,13575,"CHARLES MILL",3]
[null,null,null,null,null,null,13596,"CHARLESTOWN",3]
[null,null,null,null,null,null,13610,"CHARLESTOWN TOWNSHIP",3]
[null,null,null,null,null,null,13624,"CHARLOE",3]
[null,null,null,null,null,null,13638,"CHARM",3]
[null,null,null,null,null,null,13640,"CHASE",3]
[null,null,null,null,null,null,13642,"CHASE",3]
[null,null,null,null,null,null,13652,"CHASETOWN",3]
[null,null,null,null,null,null,13666,"CHASEVILLE",3]
[null,null,null,null,null,null,13680,"CHASKA BEACH",3]
[null,null,null,null,null,null,13694,"CHATFIELD",2]
[null,null,null,null,null,null,13708,"CHATFIELD TOWNSHIP",3]
[null,null,null,null,null,null,13722,"CHATHAM",3]
[null,null,null,null,null,null,13736,"CHATHAM",3]
[null,null,null,null,null,null,13750,"CHATHAM TOWNSHIP",3]
[null,null,null,null,null,null,13764,"CHATTANOOGA",3]
[null,null,null,null,null,null,13778,"CHAUNCEY",2]
[null,null,null,null,null,null,13792,"CHAUTAUQUA",3]
[null,null,null,null,null,null,13806,"CHENOWETH",3]
[null,null,null,null,null,null,13825,"CHEROKEE",3]
[null,null,null,null,null,null,13834,"CHERRY FORK",2]
[null,null,null,null,null,null,13848,"CHERRY GROVE",2]
[null,null,null,null,null,null,13876,"CHERRY VALLEY",3]
[null,null,null,null,null,null,13890,"CHERRY VALLEY TOWNSHIP",3]
[null,null,null,null,null,null,13895,"CHERRY VALLEY",3]
[null,null,null,null,null,null,13904,"CHESAPEAKE",2]
[null,null,null,null,null,null,13918,"CHESHIRE",3]
[null,null,null,null,null,null,13932,"CHESHIRE",2]
[null,null,null,null,null,null,13946,"CHESHIRE TOWNSHIP",3]
[null,null,null,null,null,null,13960,"CHESSWOOD ACRES",3]
[null,null,null,null,null,null,13974,"CHESTER TOWNSHIP",3]
[null,null,null,null,null,null,13988,"CHESTER TOWNSHIP",3]
[null,null,null,null,null,null,14002,"CHESTER",3]
[null,null,null,null,null,null,14016,"CHESTER TOWNSHIP",3]
[null,null,null,null,null,null,14030,"CHESTER TOWNSHIP",3]
[null,null,null,null,null,null,14044,"CHESTER TOWNSHIP",3]
[null,null,null,null,null,null,14058,"CHESTER CENTER",3]
[null,null,null,null,null,null,14072,"CHESTERFIELD TOWNSHIP",3]
[null,null,null,null,null,null,14086,"CHESTERHILL",2]
[null,null,null,null,null,null,14100,"CHESTERLAND",2]
[null,null,null,null,null,null,14114,"CHESTERVILLE",2]
[null,null,null,null,null,null,14128,"CHEVIOT",1]
[null,null,null,null,null,null,14156,"CHICKASAW",2]
[null,null,null,null,null,null,14165,"CHICKWAN",3]
[null,null,null,null,null,null,14170,"CHILI",3]
[null,null,null,null,null,null,14184,"CHILLICOTHE",1]
[null,null,null,null,null,null,14226,"CHILO",2]
[null,null,null,null,null,null,14240,"CHIPPEWA TOWNSHIP",3]
[null,null,null,null,null,null,14254,"CHIPPEWA LAKE",2]
[null,null,null,null,null,null,14268,"CHIPPEWA LAKE PARK",3]
[null,null,null,null,null,null,14275,"CHIPPEWA-ON-THE-LAKE",3]
[null,null,null,null,null,null,14280,"CHIPPEWA PARK",2]
[null,null,null,null,null,null,14288,"CHOCTAW LAKE",2]
[null,null,null,null,null,null,14290,"CHRISMAN",3]
[null,null,null,null,null,null,14296,"CHRISTIANSBURG",2]
[null,null,null,null,null,null,14298,"CHRISTY",3]
[null,null,null,null,null,null,14300,"CHRISTYTOWN",3]
[null,null,null,null,null,null,14310,"CHUCKERY",3]
[null,null,null,null,null,null,14324,"CHURCHILL",2]
[null,null,null,null,null,null,14338,"CHURCHTOWN",3]
[null,null,null,null,null,null,15000,"CINCINNATI",1]
[null,null,null,null,null,null,15008,"CINNAMON LAKE",2]
[null,null,null,null,null,null,15028,"CIRCLE GREEN",3]
[null,null,null,null,null,null,15056,"CIRCLE HILL",3]
[null,null,null,null,null,null,15070,"CIRCLEVILLE",1]
[null,null,null,null,null,null,15077,"CIRCLEVILLE TOWNSHIP",3]
[null,null,null,null,null,null,15084,"CITY VIEW HEIGHTS",3]
[null,null,null,null,null,null,15098,"CLAIBORNE",3]
[null,null,null,null,null,null,15112,"CLAIBOURNE TOWNSHIP",3]
[null,null,null,null,null,null,15126,"CLARE",3]
[null,null,null,null,null,null,15154,"CLARIDON",3]
[null,null,null,null,null,null,15168,"CLARIDON TOWNSHIP",3]
[null,null,null,null,null,null,15182,"CLARIDON",3]
[null,null,null,null,null,null,15196,"CLARIDON TOWNSHIP",3]
[null,null,null,null,null,null,15210,"CLARINGTON",2]
[null,null,null,null,null,null,15215,"CLARION",3]
[null,null,null,null,null,null,15224,"CLARK TOWNSHIP",3]
[null,null,null,null,null,null,15238,"CLARK TOWNSHIP",3]
[null,null,null,null,null,null,15252,"CLARK",3]
[null,null,null,null,null,null,15266,"CLARK TOWNSHIP",3]
[null,null,null,null,null,null,15280,"CLARK TOWNSHIP",3]
[null,null,null,null,null,null,15308,"CLARK CORNERS",3]
[null,null,null,null,null,null,15336,"CLARKSBURG",2]
[null,null,null,null,null,null,15350,"CLARKSFIELD",3]
[null,null,null,null,null,null,15364,"CLARKSFIELD TOWNSHIP",3]
[null,null,null,null,null,null,15392,"CLARKSON",3]
[null,null,null,null,null,null,15406,"CLARKSVILLE",2]
[null,null,null,null,null,null,15420,"CLARKSVILLE",3]
[null,null,null,null,null,null,15434,"CLARKTOWN",2]
[null,null,null,null,null,null,15448,"CLAY TOWNSHIP",3]
[null,null,null,null,null,null,15462,"CLAY TOWNSHIP",3]
[null,null,null,null,null,null,15476,"CLAY TOWNSHIP",3]
[null,null,null,null,null,null,15490,"CLAY",3]
[null,null,null,null,null,null,15504,"CLAY TOWNSHIP",3]
[null,null,null,null,null,null,15518,"CLAY TOWNSHIP",3]
[null,null,null,null,null,null,15532,"CLAY TOWNSHIP",3]
[null,null,null,null,null,null,15546,"CLAY TOWNSHIP",3]
[null,null,null,null,null,null,15560,"CLAY TOWNSHIP",3]
[null,null,null,null,null,null,15574,"CLAY TOWNSHIP",3]
[null,null,null,null,null,null,15588,"CLAY CENTER",2]
[null,null,null,null,null,null,15602,"CLAYLICK",3]
[null,null,null,null,null,null,15616,"CLAYSVILLE",3]
[null,null,null,null,null,null,15630,"CLAYTON",3]
[null,null,null,null,null,null,15635,"CLAYTON",3]
[null,null,null,null,null,null,15644,"CLAYTON",1]
[null,null,null,null,null,null,15658,"CLAYTON TOWNSHIP",3]
[null,null,null,null,null,null,15672,"CLEAR CREEK TOWNSHIP",3]
[null,null,null,null,null,null,15686,"CLEARCREEK TOWNSHIP",3]
[null,null,null,null,null,null,15700,"CLEAR CREEK TOWNSHIP",3]
[null,null,null,null,null,null,15714,"CLEARPORT",3]
[null,null,null,null,null,null,15722,"CLEARVIEW",3]
[null,null,null,null,null,null,15742,"CLEARVIEW",3]
[null,null,null,null,null,null,15756,"CLEMENT",3]
[null,null,null,null,null,null,15765,"CLERMONTVILLE",3]
[null,null,null,null,null,null,15770,"CLERTOMA",3]
[null,null,null,null,null,null,16000,"CLEVELAND",1]
[null,null,null,null,null,null,16014,"CLEVELAND HEIGHTS",1]
[null,null,null,null,null,null,16028,"CLEVES",2]
[null,null,null,null,null,null,16042,"CLIFFORD",3]
[null,null,null,null,null,null,16056,"CLIFTON",2]
[null,null,null,null,null,null,16070,"CLIFTON",3]
[null,null,null,null,null,null,16075,"CLIFTON",3]
[null,null,null,null,null,null,16098,"CLIMAX",3]
[null,null,null,null,null,null,16105,"CLINE",3]
[null,null,null,null,null,null,16112,"CLINTON TOWNSHIP",3]
[null,null,null,null,null,null,16126,"CLINTON TOWNSHIP",3]
[null,null,null,null,null,null,16140,"CLINTON TOWNSHIP",3]
[null,null,null,null,null,null,16154,"CLINTON TOWNSHIP",3]
[null,null,null,null,null,null,16168,"CLINTON TOWNSHIP",3]
[null,null,null,null,null,null,16182,"CLINTON",2]
[null,null,null,null,null,null,16210,"CLINTON TOWNSHIP",3]
[null,null,null,null,null,null,16224,"CLINTON TOWNSHIP",3]
[null,null,null,null,null,null,16252,"CLIPPER MILLS",3]
[null,null,null,null,null,null,16257,"CLOUGH HEIGHTS",3]
[null,null,null,null,null,null,16260,"CLOVER",3]
[null,null,null,null,null,null,16266,"CLOVERDALE",2]
[null,null,null,null,null,null,16270,"CLOVERDALE",3]
[null,null,null,null,null,null,16275,"CLOVER HILL",3]
[null,null,null,null,null,null,16280,"CLOVER HILL",3]
[null,null,null,null,null,null,16285,"CLOVER HILL",3]
[null,null,null,null,null,null,16308,"CLYDE",1]
[null,null,null,null,null,null,16336,"COAL TOWNSHIP",3]
[null,null,null,null,null,null,16350,"COAL TOWNSHIP",3]
[null,null,null,null,null,null,16364,"COALBURG",3]
[null,null,null,null,null,null,16371,"COALGATE",3]
[null,null,null,null,null,null,16378,"COAL GROVE",2]
[null,null,null,null,null,null,16385,"COAL HILL",3]
[null,null,null,null,null,null,16392,"COALPORT",3]
[null,null,null,null,null,null,16400,"COAL RIDGE",3]
[null,null,null,null,null,null,16420,"COAL RUN",3]
[null,null,null,null,null,null,16434,"COALTON",2]
[null,null,null,null,null,null,16440,"COATS",3]
[null,null,null,null,null,null,16455,"COCKRELL RUN",3]
[null,null,null,null,null,null,16462,"CODDINGVILLE",3]
[null,null,null,null,null,null,16476,"COITSVILLE TOWNSHIP",3]
[null,null,null,null,null,null,16490,"COITSVILLE CENTER",3]
[null,null,null,null,null,null,16495,"COKESBURY CORNERS",3]
[null,null,null,null,null,null,16504,"COLBY",3]
[null,null,null,null,null,null,16521,"COLDSTREAM",2]
[null,null,null,null,null,null,16532,"COLDWATER",2]
[null,null,null,null,null,null,16540,"COLE",3]
[null,null,null,null,null,null,16546,"COLEBROOK",3]
[null,null,null,null,null,null,16560,"COLEBROOK TOWNSHIP",3]
[null,null,null,null,null,null,16574,"COLEMAN",3]
[null,null,null,null,null,null,16588,"COLERAIN",3]
[null,null,null,null,null,null,16602,"COLERAIN TOWNSHIP",3]
[null,null,null,null,null,null,16616,"COLERAIN TOWNSHIP",3]
[null,null,null,null,null,null,16630,"COLERAIN TOWNSHIP",3]
[null,null,null,null,null,null,16644,"COLERAIN HEIGHTS",3]
[null,null,null,null,null,null,16658,"COLES PARK",3]
[null,null,null,null,null,null,16672,"COLETOWN",3]
[null,null,null,null,null,null,16679,"COLFAX",3]
[null,null,null,null,null,null,16686,"COLLEGE TOWNSHIP",3]
[null,null,null,null,null,null,16700,"COLLEGE CORNER",2]
[null,null,null,null,null,null,16714,"COLLEGE HILL",3]
[null,null,null,null,null,null,16728,"COLLEGE HILL",3]
[null,null,null,null,null,null,16735,"COLLEGE HILL",3]
[null,null,null,null,null,null,16784,"COLLINS",2]
[null,null,null,null,null,null,16798,"COLLINSVILLE",3]
[null,null,null,null,null,null,16812,"COLLINWOOD",3]
[null,null,null,null,null,null,16854,"COLTON",3]
[null,null,null,null,null,null,16868,"COLUMBIA",3]
[null,null,null,null,null,null,16882,"COLUMBIA TOWNSHIP",3]
[null,null,null,null,null,null,16910,"COLUMBIA TOWNSHIP",3]
[null,null,null,null,null,null,16924,"COLUMBIA TOWNSHIP",3]
[null,null,null,null,null,null,16938,"COLUMBIA",3]
[null,null,null,null,null,null,16952,"COLUMBIA",3]
[null,null,null,null,null,null,16966,"COLUMBIA",3]
[null,null,null,null,null,null,16980,"COLUMBIA CENTER",3]
[null,null,null,null,null,null,16994,"COLUMBIA CENTER",3]
[null,null,null,null,null,null,17022,"COLUMBIA HILLS CORNERS",3]
[null,null,null,null,null,null,17036,"COLUMBIANA",1]
[null,null,null,null,null,null,17064,"COLUMBIA STATION",3]
[null,null,null,null,null,null,18000,"COLUMBUS",1]
[null,null,null,null,null,null,18014,"COLUMBUS GROVE",2]
[null,null,null,null,null,null,18035,"COMET",3]
[null,null,null,null,null,null,18042,"COMET",3]
[null,null,null,null,null,null,18070,"COMMERCIAL POINT",2]
[null,null,null,null,null,null,18084,"COMPTON PARK",3]
[null,null,null,null,null,null,18098,"COMPTON WOODS",3]
[null,null,null,null,null,null,18100,"COLUMBUS CITY TOWNSHIP",3]
[null,null,null,null,null,null,18112,"CONANT",3]
[null,null,null,null,null,null,18126,"CONCORD TOWNSHIP",3]
[null,null,null,null,null,null,18130,"CONCORD",3]
[null,null,null,null,null,null,18135,"CONCORD",3]
[null,null,null,null,null,null,18140,"CONCORD TOWNSHIP",3]
[null,null,null,null,null,null,18154,"CONCORD TOWNSHIP",3]
[null,null,null,null,null,null,18168,"CONCORD TOWNSHIP",3]
[null,null,null,null,null,null,18182,"CONCORD",3]
[null,null,null,null,null,null,18196,"CONCORD TOWNSHIP",3]
[null,null,null,null,null,null,18210,"CONCORD",3]
[null,null,null,null,null,null,18224,"CONCORD TOWNSHIP",3]
[null,null,null,null,null,null,18238,"CONCORD TOWNSHIP",3]
[null,null,null,null,null,null,18244,"CONCORDE HILLS",2]
[null,null,null,null,null,null,18252,"CONDIT",3]
[null,null,null,null,null,null,18266,"CONESVILLE",2]
[null,null,null,null,null,null,18280,"CONGO",3]
[null,null,null,null,null,null,18294,"CONGRESS TOWNSHIP",3]
[null,null,null,null,null,null,18308,"CONGRESS",2]
[null,null,null,null,null,null,18322,"CONGRESS TOWNSHIP",3]
[null,null,null,null,null,null,18350,"CONNEAUT",1]
[null,null,null,null,null,null,18385,"CONNETT",3]
[null,null,null,null,null,null,18392,"CONNOR",3]
[null,null,null,null,null,null,18420,"CONNORVILLE",3]
[null,null,null,null,null,null,18434,"CONOTTON",3]
[null,null,null,null,null,null,18448,"CONOVER",3]
[null,null,null,null,null,null,18490,"CONSTITUTION",3]
[null,null,null,null,null,null,18504,"CONTINENTAL",2]
[null,null,null,null,null,null,18510,"CONTRERAS",3]
[null,null,null,null,null,null,18518,"CONVERSE STATION",3]
[null,null,null,null,null,null,18532,"CONVERSE",3]
[null,null,null,null,null,null,18546,"CONVOY",2]
[null,null,null,null,null,null,18555,"CONWAY ADDITION",3]
[null,null,null,null,null,null,18560,"COOK",3]
[null,null,null,null,null,null,18588,"COOLVILLE",2]
[null,null,null,null,null,null,18595,"COONEY",3]
[null,null,null,null,null,null,18602,"COONVILLE",3]
[null,null,null,null,null,null,18616,"COOPER",3]
[null,null,null,null,null,null,18630,"COOPERDALE",3]
[null,null,null,null,null,null,18637,"COOPERSVILLE",3]
[null,null,null,null,null,null,18644,"COPLEY",3]
[null,null,null,null,null,null,18658,"COPLEY TOWNSHIP",3]
[null,null,null,null,null,null,18680,"COPLEY JUNCTION",3]
[null,null,null,null,null,null,18695,"CORA",3]
[null,null,null,null,null,null,18700,"CORINTH",3]
[null,null,null,null,null,null,18714,"CORK",3]
[null,null,null,null,null,null,18720,"CORNELION",3]
[null,null,null,null,null,null,18728,"CORNER",3]
[null,null,null,null,null,null,18742,"CORNERSBURG",3]
[null,null,null,null,null,null,18756,"CORNERVILLE",3]
[null,null,null,null,null,null,18770,"CORNING",2]
[null,null,null,null,null,null,18784,"CORRYVILLE",3]
[null,null,null,null,null,null,18798,"CORRYVILLE",3]
[null,null,null,null,null,null,18812,"CORTLAND",1]
[null,null,null,null,null,null,18826,"CORTSVILLE",3]
[null,null,null,null,null,null,18840,"CORWIN",2]
[null,null,null,null,null,null,18854,"CORYVILLE",3]
[null,null,null,null,null,null,18868,"COSHOCTON",1]
[null,null,null,null,null,null,18896,"COSMOS",3]
[null,null,null,null,null,null,18903,"COSTONIA",3]
[null,null,null,null,null,null,18907,"COTILLION VILLAGE",3]
[null,null,null,null,null,null,18910,"COTTAGE GROVE",3]
[null,null,null,null,null,null,18915,"COTTAGE HILL",3]
[null,null,null,null,null,null,18920,"COULTER",3]
[null,null,null,null,null,null,18945,"COUNTRY CLUB ACRES",3]
[null,null,null,null,null,null,19008,"COVEDALE",1]
[null,null,null,null,null,null,19036,"COVENTRY TOWNSHIP",3]
[null,null,null,null,null,null,19050,"COVINGTON",2]
[null,null,null,null,null,null,19064,"COWLESVILLE",3]
[null,null,null,null,null,null,19070,"COW RUN",3]
[null,null,null,null,null,null,19078,"COZADDALE",3]
[null,null,null,null,null,null,19092,"CRABAPPLE",3]
[null,null,null,null,null,null,19100,"CRABTREE",3]
[null,null,null,null,null,null,19106,"CRAIG BEACH",2]
[null,null,null,null,null,null,19120,"CRAIGTON",3]
[null,null,null,null,null,null,19134,"CRANBERRY TOWNSHIP",3]
[null,null,null,null,null,null,19148,"CRANBERRY PRAIRIE",3]
[null,null,null,null,null,null,19176,"CRANE TOWNSHIP",3]
[null,null,null,null,null,null,19190,"CRANE TOWNSHIP",3]
[null,null,null,null,null,null,19195,"CRANENEST",3]
[null,null,null,null,null,null,19210,"CRAVER",3]
[null,null,null,null,null,null,19218,"CRAWFORD TOWNSHIP",3]
[null,null,null,null,null,null,19225,"CRAWFORD",3]
[null,null,null,null,null,null,19232,"CRAWFORD",3]
[null,null,null,null,null,null,19246,"CRAWFORD TOWNSHIP",3]
[null,null,null,null,null,null,19250,"CRAWFORD CORNERS",3]
[null,null,null,null,null,null,19253,"CRAYON",3]
[null,null,null,null,null,null,19260,"CREAM CITY",3]
[null,null,null,null,null,null,19274,"CREOLA",3]
[null,null,null,null,null,null,19288,"CRESCENT",3]
[null,null,null,null,null,null,19316,"CRESCENTVILLE",3]
[null,null,null,null,null,null,19325,"CRESCEUS FARMS",3]
[null,null,null,null,null,null,19330,"CRESTLINE",2]
[null,null,null,null,null,null,19331,"CRESTLINE TOWNSHIP",3]
[null,null,null,null,null,null,19344,"CRESTON",2]
[null,null,null,null,null,null,19350,"CRESTON VILLAGE TOWNSHIP",3]
[null,null,null,null,null,null,19380,"CRESTWOOD ACRES",3]
[null,null,null,null,null,null,19400,"CRIDERSVILLE",2]
[null,null,null,null,null,null,19405,"CRIMSON",3]
[null,null,null,null,null,null,19414,"CRISSEY",3]
[null,null,null,null,null,null,19430,"CROMERS",3]
[null,null,null,null,null,null,19442,"CROOKED TREE",3]
[null,null,null,null,null,null,19456,"CROOKSVILLE",2]
[null,null,null,null,null,null,19470,"CROSBY TOWNSHIP",3]
[null,null,null,null,null,null,19484,"CROSS CREEK TOWNSHIP",3]
[null,null,null,null,null,null,19498,"CROSSENVILLE",3]
[null,null,null,null,null,null,19512,"CROSSROADS",3]
[null,null,null,null,null,null,19526,"CROSSTOWN",3]
[null,null,null,null,null,null,19530,"CROSSWICK",3]
[null,null,null,null,null,null,19535,"CROSWELL",3]
[null,null,null,null,null,null,19540,"CROTON",2]
[null,null,null,null,null,null,19554,"CROWN CITY",2]
[null,null,null,null,null,null,19560,"CROWNOVER MILL",3]
[null,null,null,null,null,null,19568,"CROWN POINT",3]
[null,null,null,null,null,null,19596,"CRYSTAL LAKES",2]
[null,null,null,null,null,null,19615,"CRYSTAL ROCK",2]
[null,null,null,null,null,null,19638,"CRYSTAL SPRINGS",3]
[null,null,null,null,null,null,19652,"CUBA",3]
[null,null,null,null,null,null,19670,"CUBA",3]
[null,null,null,null,null,null,19685,"CULLER MILL",3]
[null,null,null,null,null,null,19694,"CUMBERLAND",2]
[null,null,null,null,null,null,19708,"CUMMINSVILLE",3]
[null,null,null,null,null,null,19722,"CUNNINGHAM",3]
[null,null,null,null,null,null,19736,"CURTICE",2]
[null,null,null,null,null,null,19750,"CUSTAR",2]
[null,null,null,null,null,null,19764,"CUTLER",3]
[null,null,null,null,null,null,19778,"CUYAHOGA FALLS",1]
[null,null,null,null,null,null,19806,"CUYAHOGA HEIGHTS",2]
[null,null,null,null,null,null,19816,"CYCLORAMA HEIGHTS",3]
[null,null,null,null,null,null,19820,"CYGNET",2]
[null,null,null,null,null,null,19834,"CYNTHIAN TOWNSHIP",3]
[null,null,null,null,null,null,19848,"CYNTHIANA",2]
[null,null,null,null,null,null,19876,"DADSVILLE",3]
[null,null,null,null,null,null,19885,"DAGUE",3]
[null,null,null,null,null,null,19895,"DAIRY",3]
[null,null,null,null,null,null,19904,"DALE",3]
[null,null,null,null,null,null,19925,"DALEYVILLE",3]
[null,null,null,null,null,null,19932,"DALLAS TOWNSHIP",3]
[null,null,null,null,null,null,19960,"DALLASBURG",3]
[null,null,null,null,null,null,19965,"DALRYMPLE CORNERS",3]
[null,null,null,null,null,null,19974,"DALTON",2]
[null,null,null,null,null,null,19988,"DALZELL",3]
[null,null,null,null,null,null,20016,"DAMASCUS TOWNSHIP",3]
[null,null,null,null,null,null,20030,"DAMASCUS",2]
[null,null,null,null,null,null,20044,"DANBURY",3]
[null,null,null,null,null,null,20058,"DANBURY TOWNSHIP",3]
[null,null,null,null,null,null,20086,"DANVILLE",3]
[null,null,null,null,null,null,20114,"DANVILLE",2]
[null,null,null,null,null,null,20128,"DANVILLE",3]
[null,null,null,null,null,null,20142,"DARBY TOWNSHIP",3]
[null,null,null,null,null,null,20156,"DARBY TOWNSHIP",3]
[null,null,null,null,null,null,20170,"DARBY TOWNSHIP",3]
[null,null,null,null,null,null,20198,"DARBYDALE",2]
[null,null,null,null,null,null,20212,"DARBYVILLE",2]
[null,null,null,null,null,null,20226,"DARLINGTON",3]
[null,null,null,null,null,null,20240,"DARLINGTON",3]
[null,null,null,null,null,null,20245,"DARNELL",3]
[null,null,null,null,null,null,20254,"DARROWVILLE",3]
[null,null,null,null,null,null,20268,"DARRTOWN",2]
[null,null,null,null,null,null,20282,"DART",3]
[null,null,null,null,null,null,20296,"DARWIN",3]
[null,null,null,null,null,null,20324,"DAVISVILLE",3]
[null,null,null,null,null,null,20338,"DAWN",3]
[null,null,null,null,null,null,20352,"DAWSON",3]
[null,null,null,null,null,null,20366,"DAY HEIGHTS",2]
[null,null,null,null,null,null,21000,"DAYTON",1]
[null,null,null,null,null,null,21028,"DEANDALE",3]
[null,null,null,null,null,null,21056,"DEAVERTOWN",3]
[null,null,null,null,null,null,21070,"DECATUR",3]
[null,null,null,null,null,null,21084,"DECATUR TOWNSHIP",3]
[null,null,null,null,null,null,21098,"DECATUR TOWNSHIP",3]
[null,null,null,null,null,null,21110,"DECATURVILLE",3]
[null,null,null,null,null,null,21120,"DECKER",3]
[null,null,null,null,null,null,21126,"DECLIFF",3]
[null,null,null,null,null,null,21135,"DECROW CORNERS",3]
[null,null,null,null,null,null,21154,"DEER CREEK TOWNSHIP",3]
[null,null,null,null,null,null,21168,"DEERCREEK TOWNSHIP",3]
[null,null,null,null,null,null,21182,"DEERFIELD TOWNSHIP",3]
[null,null,null,null,null,null,21196,"DEERFIELD",3]
[null,null,null,null,null,null,21210,"DEERFIELD TOWNSHIP",3]
[null,null,null,null,null,null,21224,"DEERFIELD TOWNSHIP",3]
[null,null,null,null,null,null,21238,"DEERFIELD TOWNSHIP",3]
[null,null,null,null,null,null,21252,"DEERING",3]
[null,null,null,null,null,null,21266,"DEER PARK",1]
[null,null,null,null,null,null,21294,"DEERSVILLE",2]
[null,null,null,null,null,null,21308,"DEFIANCE",1]
[null,null,null,null,null,null,21322,"DEFIANCE TOWNSHIP",3]
[null,null,null,null,null,null,21350,"DEFOREST",3]
[null,null,null,null,null,null,21364,"DEFOREST JUNCTION",3]
[null,null,null,null,null,null,21378,"DE GRAFF",2]
[null,null,null,null,null,null,21392,"DEKALB",3]
[null,null,null,null,null,null,21406,"DELANO",3]
[null,null,null,null,null,null,21420,"DELAWARE TOWNSHIP",3]
[null,null,null,null,null,null,21434,"DELAWARE",1]
[null,null,null,null,null,null,21448,"DELAWARE TOWNSHIP",3]
[null,null,null,null,null,null,21462,"DELAWARE TOWNSHIP",3]
[null,null,null,null,null,null,21469,"DELAWARE CITY TOWNSHIP",3]
[null,null,null,null,null,null,21490,"DELHI",3]
[null,null,null,null,null,null,21504,"DELHI TOWNSHIP",3]
[null,null,null,null,null,null,21518,"DELHI HILLS",1]
[null,null,null,null,null,null,21532,"DELIGHTFUL",3]
[null,null,null,null,null,null,21546,"DELISLE",3]
[null,null,null,null,null,null,21555,"DELL",3]
[null,null,null,null,null,null,21560,"DELLROY",2]
[null,null,null,null,null,null,21574,"DELMONT",3]
[null,null,null,null,null,null,21588,"DELPHI",3]
[null,null,null,null,null,null,21602,"DELPHOS",1]
[null,null,null,null,null,null,21610,"DELSHIRE",2]
[null,null,null,null,null,null,21616,"DELTA",2]
[null,null,null,null,null,null,21672,"DENMARK TOWNSHIP",3]
[null,null,null,null,null,null,21686,"DENMARK",3]
[null,null,null,null,null,null,21700,"DENMARK CENTER",3]
[null,null,null,null,null,null,21714,"DENNISON",2]
[null,null,null,null,null,null,21728,"DENSON",3]
[null,null,null,null,null,null,21742,"DENT",1]
[null,null,null,null,null,null,21756,"DENVER",3]
[null,null,null,null,null,null,21765,"DEPEW",3]
[null,null,null,null,null,null,21784,"DERBY",2]
[null,null,null,null,null,null,21798,"DERWENT",3]
[null,null,null,null,null,null,21812,"DESHLER",2]
[null,null,null,null,null,null,21820,"DEUCHER",3]
[null,null,null,null,null,null,21826,"DEUNQUAT",3]
[null,null,null,null,null,null,21840,"DEVIL TOWN",3]
[null,null,null,null,null,null,21868,"DEVOLA",2]
[null,null,null,null,null,null,21882,"DEWEYVILLE",3]
[null,null,null,null,null,null,21896,"DEXTER",3]
[null,null,null,null,null,null,21910,"DEXTER CITY",2]
[null,null,null,null,null,null,21924,"DEYARMONVILLE",3]
[null,null,null,null,null,null,21938,"DIALTON",3]
[null,null,null,null,null,null,21952,"DIAMOND",3]
[null,null,null,null,null,null,21960,"DIGBY",3]
[null,null,null,null,null,null,21985,"DILLIONVALE",3]
[null,null,null,null,null,null,21994,"DILLON FALLS",3]
[null,null,null,null,null,null,22008,"DILLONVALE",2]
[null,null,null,null,null,null,22022,"DILLONVALE",2]
[null,null,null,null,null,null,22030,"DILLS",3]
[null,null,null,null,null,null,22050,"DINSMORE TOWNSHIP",3]
[null,null,null,null,null,null,22055,"DIPPLE",3]
[null,null,null,null,null,null,22064,"DIXIE",3]
[null,null,null,null,null,null,22106,"DIXON TOWNSHIP",3]
[null,null,null,null,null,null,22120,"DIXON",3]
[null,null,null,null,null,null,22148,"DOANVILLE",3]
[null,null,null,null,null,null,22162,"DOBBSTON",3]
[null,null,null,null,null,null,22176,"DODDS",3]
[null,null,null,null,null,null,22190,"DODGEVILLE",3]
[null,null,null,null,null,null,22195,"DODO",3]
[null,null,null,null,null,null,22204,"DODSON TOWNSHIP",3]
[null,null,null,null,null,null,22218,"DODSON",3]
[null,null,null,null,null,null,22232,"DODSONVILLE",3]
[null,null,null,null,null,null,22255,"DOHERTY",3]
[null,null,null,null,null,null,22260,"DOLA",2]
[null,null,null,null,null,null,22265,"DOLLY VARDEN",3]
[null,null,null,null,null,null,22288,"DONNELSVILLE",2]
[null,null,null,null,null,null,22295,"DONNERSVILLE",3]
[null,null,null,null,null,null,22302,"DORCAS",3]
[null,null,null,null,null,null,22310,"DOREMA",3]
[null,null,null,null,null,null,22316,"DORNBUSCH",3]
[null,null,null,null,null,null,22325,"DORNINTON",3]
[null,null,null,null,null,null,22330,"DORSET",3]
[null,null,null,null,null,null,22344,"DORSET TOWNSHIP",3]
[null,null,null,null,null,null,22386,"DOUGLAS",3]
[null,null,null,null,null,null,22414,"DOVER TOWNSHIP",3]
[null,null,null,null,null,null,22442,"DOVER TOWNSHIP",3]
[null,null,null,null,null,null,22456,"DOVER",1]
[null,null,null,null,null,null,22470,"DOVER TOWNSHIP",3]
[null,null,null,null,null,null,22484,"DOVER TOWNSHIP",3]
[null,null,null,null,null,null,22512,"DOWLING",3]
[null,null,null,null,null,null,22568,"DOYLESTOWN",2]
[null,null,null,null,null,null,22575,"DRAKE",3]
[null,null,null,null,null,null,22582,"DRAKES",3]
[null,null,null,null,null,null,22596,"DRAKESBURG",3]
[null,null,null,null,null,null,22610,"DRESDEN",2]
[null,null,null,null,null,null,22624,"DREXEL",2]
[null,null,null,null,null,null,22638,"DRIFTWOOD",3]
[null,null,null,null,null,null,22652,"DRINKLE",3]
[null,null,null,null,null,null,22660,"DRY RIDGE",2]
[null,null,null,null,null,null,22666,"DRY RUN",3]
[null,null,null,null,null,null,22674,"DRY RUN",1]
[null,null,null,null,null,null,22680,"DRY RUN",3]
[null,null,null,null,null,null,22694,"DUBLIN",1]
[null,null,null,null,null,null,22700,"DUBLIN",3]
[null,null,null,null,null,null,22708,"DUBLIN TOWNSHIP",3]
[null,null,null,null,null,null,22715,"DUCAT",3]
[null,null,null,null,null,null,22722,"DUCHOUQUET TOWNSHIP",3]
[null,null,null,null,null,null,22730,"DUCK CREEK",3]
[null,null,null,null,null,null,22736,"DUDLEY TOWNSHIP",3]
[null,null,null,null,null,null,22743,"DUDLEY",3]
[null,null,null,null,null,null,22750,"DUFFY",3]
[null,null,null,null,null,null,22764,"DUKE",3]
[null,null,null,null,null,null,22778,"DULL",3]
[null,null,null,null,null,null,22792,"DUMONTVILLE",3]
[null,null,null,null,null,null,22800,"DUNBAR",3]
[null,null,null,null,null,null,22806,"DUNBRIDGE",3]
[null,null,null,null,null,null,22820,"DUNCAN FALLS",2]
[null,null,null,null,null,null,22825,"DUNCANWOOD",3]
[null,null,null,null,null,null,22834,"DUNDAS",3]
[null,null,null,null,null,null,22848,"DUNDEE",2]
[null,null,null,null,null,null,22862,"DUNGANNON",3]
[null,null,null,null,null,null,22876,"DUNGANNON",3]
[null,null,null,null,null,null,22890,"DUNGLEN",3]
[null,null,null,null,null,null,22918,"DUNHAM TOWNSHIP",3]
[null,null,null,null,null,null,22932,"DUNKINSVILLE",3]
[null,null,null,null,null,null,22946,"DUNKIRK",2]
[null,null,null,null,null,null,22960,"DUNLAP",2]
[null,null,null,null,null,null,22974,"DUPONT",2]
[null,null,null,null,null,null,22988,"DURANT",3]
[null,null,null,null,null,null,23002,"DURBIN",3]
[null,null,null,null,null,null,23016,"DURBIN",3]
[null,null,null,null,null,null,23020,"DURGAN",3]
[null,null,null,null,null,null,23023,"DUTCH CORNERS",3]
[null,null,null,null,null,null,23025,"DUTCH RIDGE",3]
[null,null,null,null,null,null,23027,"DUVALL",3]
[null,null,null,null,null,null,23030,"DUVALL",3]
[null,null,null,null,null,null,23044,"DYESVILLE",3]
[null,null,null,null,null,null,23072,"EAGLE TOWNSHIP",3]
[null,null,null,null,null,null,23086,"EAGLE TOWNSHIP",3]
[null,null,null,null,null,null,23100,"EAGLE TOWNSHIP",3]
[null,null,null,null,null,null,23128,"EAGLE CITY",3]
[null,null,null,null,null,null,23142,"EAGLE MILLS",3]
[null,null,null,null,null,null,23156,"EAGLE POINT COLONY",3]
[null,null,null,null,null,null,23170,"EAGLEPORT",3]
[null,null,null,null,null,null,23184,"EAGLEVILLE",3]
[null,null,null,null,null,null,23198,"EAGLEVILLE",3]
[null,null,null,null,null,null,23212,"EARLS ISLAND",3]
[null,null,null,null,null,null,23219,"EARLVILLE",3]
[null,null,null,null,null,null,23226,"EAST TOWNSHIP",3]
[null,null,null,null,null,null,23240,"EAST AKRON",3]
[null,null,null,null,null,null,23254,"EAST ALLIANCE",3]
[null,null,null,null,null,null,23268,"EAST ASHTABULA",3]
[null,null,null,null,null,null,23275,"EAST BASS LAKE",3]
[null,null,null,null,null,null,23282,"EAST BATAVIA HEIGHTS",3]
[null,null,null,null,null,null,23296,"EAST CADIZ",3]
[null,null,null,null,null,null,23310,"EAST CAMBRIDGE",3]
[null,null,null,null,null,null,23324,"EAST CANTON",2]
[null,null,null,null,null,null,23345,"EAST CARMEL",3]
[null,null,null,null,null,null,23352,"EAST CLARIDON",3]
[null,null,null,null,null,null,23366,"EAST CLAYTON",3]
[null,null,null,null,null,null,23380,"EAST CLEVELAND",1]
[null,null,null,null,null,null,23394,"EAST COLUMBUS",3]
[null,null,null,null,null,null,23408,"EAST CONNEAUT",3]
[null,null,null,null,null,null,23436,"EAST DANVILLE",3]
[null,null,null,null,null,null,23450,"EAST DAYTON",3]
[null,null,null,null,null,null,23492,"EAST END",3]
[null,null,null,null,null,null,23520,"EAST FAIRFIELD",3]
[null,null,null,null,null,null,23525,"EAST FARMINGTON",3]
[null,null,null,null,null,null,23534,"EAST FULTONHAM",2]
[null,null,null,null,null,null,23562,"EAST GARDENS",3]
[null,null,null,null,null,null,23590,"EAST GOSHEN",3]
[null,null,null,null,null,null,23604,"EAST GREENVILLE",3]
[null,null,null,null,null,null,23618,"EASTLAKE",1]
[null,null,null,null,null,null,23660,"EAST LAWN",3]
[null,null,null,null,null,null,23665,"EAST LETART",3]
[null,null,null,null,null,null,23674,"EAST LEWISTOWN",3]
[null,null,null,null,null,null,23688,"EAST LIBERTY",3]
[null,null,null,null,null,null,23702,"EAST LIBERTY",2]
[null,null,null,null,null,null,23716,"EAST LIBERTY",3]
[null,null,null,null,null,null,23730,"EAST LIVERPOOL",1]
[null,null,null,null,null,null,23772,"EAST MANSFIELD",3]
[null,null,null,null,null,null,23800,"EAST MILLERSPORT",3]
[null,null,null,null,null,null,23814,"EAST MILLFIELD",3]
[null,null,null,null,null,null,23828,"EAST MONROE",3]
[null,null,null,null,null,null,23856,"EAST NORWALK",3]
[null,null,null,null,null,null,23870,"EAST NORWOOD (HISTORICAL)",3]
[null,null,null,null,null,null,23880,"EASTON",3]
[null,null,null,null,null,null,23898,"EASTON",3]
[null,null,null,null,null,null,23912,"EAST ORWELL",3]
[null,null,null,null,null,null,23940,"EAST PALESTINE",2]
[null,null,null,null,null,null,23975,"EASTPORT",3]
[null,null,null,null,null,null,23996,"EAST RICHLAND",3]
[null,null,null,null,null,null,24010,"EAST RINGGOLD",3]
[null,null,null,null,null,null,24024,"EAST ROCHESTER",2]
[null,null,null,null,null,null,24038,"EAST SIDE",3]
[null,null,null,null,null,null,24052,"EAST SPARTA",2]
[null,null,null,null,null,null,24066,"EAST SPRINGFIELD",3]
[null,null,null,null,null,null,24070,"EAST STEELS CORNERS",3]
[null,null,null,null,null,null,24075,"EAST SWANTON",3]
[null,null,null,null,null,null,24080,"EAST TOLEDO",3]
[null,null,null,null,null,null,24094,"EAST TOWNSEND",3]
[null,null,null,null,null,null,24108,"EAST TRUMBULL",3]
[null,null,null,null,null,null,24122,"EAST UNION",3]
[null,null,null,null,null,null,24130,"EAST UNION",3]
[null,null,null,null,null,null,24136,"EAST UNION TOWNSHIP",3]
[null,null,null,null,null,null,24178,"EASTWOOD",3]
[null,null,null,null,null,null,24220,"EATON TOWNSHIP",3]
[null,null,null,null,null,null,24234,"EATON",1]
[null,null,null,null,null,null,24262,"EATON ESTATES",2]
[null,null,null,null,null,null,24276,"EBER",3]
[null,null,null,null,null,null,24290,"ECHO",3]
[null,null,null,null,null,null,24295,"ECHO LAKE GLEN",3]
[null,null,null,null,null,null,24300,"ECKLEY",3]
[null,null,null,null,null,null,24304,"ECKLEY",3]
[null,null,null,null,null,null,24318,"ECKMANSVILLE",3]
[null,null,null,null,null,null,24332,"EDEN TOWNSHIP",3]
[null,null,null,null,null,null,24340,"EDEN",3]
[null,null,null,null,null,null,24346,"EDEN TOWNSHIP",3]
[null,null,null,null,null,null,24360,"EDEN TOWNSHIP",3]
[null,null,null,null,null,null,24388,"EDEN PARK",3]
[null,null,null,null,null,null,24402,"EDENTON",3]
[null,null,null,null,null,null,24416,"EDENVILLE",3]
[null,null,null,null,null,null,24430,"EDGEFIELD",3]
[null,null,null,null,null,null,24444,"EDGEFIELD",3]
[null,null,null,null,null,null,24458,"EDGEMONT",3]
[null,null,null,null,null,null,24486,"EDGERTON",2]
[null,null,null,null,null,null,24514,"EDGEWATER BEACH",3]
[null,null,null,null,null,null,24528,"EDGEWATER PARK",3]
[null,null,null,null,null,null,24542,"EDGEWOOD",2]
[null,null,null,null,null,null,24570,"EDINBURG",3]
[null,null,null,null,null,null,24584,"EDINBURG TOWNSHIP",3]
[null,null,null,null,null,null,24598,"EDISON",2]
[null,null,null,null,null,null,24635,"EDMUNDS SWITCH",3]
[null,null,null,null,null,null,24640,"EDON",2]
[null,null,null,null,null,null,24643,"EDWARD",3]
[null,null,null,null,null,null,24646,"EDWARDSVILLE",3]
[null,null,null,null,null,null,24650,"EDWINA",3]
[null,null,null,null,null,null,24654,"EGYPT",3]
[null,null,null,null,null,null,24668,"EGYPT",3]
[null,null,null,null,null,null,24670,"EGYPT",3]
[null,null,null,null,null,null,24682,"EIFORT",3]
[null,null,null,null,null,null,24690,"EILEEN GARDENS",3]
[null,null,null,null,null,null,24695,"EKERTS CORNERS",3]
[null,null,null,null,null,null,24696,"ELBA",3]
[null,null,null,null,null,null,24710,"ELBERTA BEACH",3]
[null,null,null,null,null,null,24724,"ELDEAN",3]
[null,null,null,null,null,null,24752,"ELDORADO",3]
[null,null,null,null,null,null,24766,"ELDORADO",2]
[null,null,null,null,null,null,24775,"ELENOR",3]
[null,null,null,null,null,null,24780,"ELERY",3]
[null,null,null,null,null,null,24794,"ELGIN",2]
[null,null,null,null,null,null,24808,"ELIDA",2]
[null,null,null,null,null,null,24822,"ELIZABETH TOWNSHIP",3]
[null,null,null,null,null,null,24836,"ELIZABETH TOWNSHIP",3]
[null,null,null,null,null,null,24840,"ELIZABETH",3]
[null,null,null,null,null,null,24845,"ELIZABETHTOWN",3]
[null,null,null,null,null,null,24850,"ELIZABETHTOWN",2]
[null,null,null,null,null,null,24870,"ELK",3]
[null,null,null,null,null,null,24878,"ELK TOWNSHIP",3]
[null,null,null,null,null,null,24892,"ELK TOWNSHIP",3]
[null,null,null,null,null,null,24898,"ELK FORK",3]
[null,null,null,null,null,null,24900,"ELK LICK",3]
[null,null,null,null,null,null,24906,"ELKRUN TOWNSHIP",3]
[null,null,null,null,null,null,24920,"ELKTON",3]
[null,null,null,null,null,null,24934,"ELLERTON",3]
[null,null,null,null,null,null,24948,"ELLET",3]
[null,null,null,null,null,null,24970,"ELLIOTT CROSSROADS",3]
[null,null,null,null,null,null,24976,"ELLIOTTVILLE",3]
[null,null,null,null,null,null,24990,"ELLIS",3]
[null,null,null,null,null,null,25004,"ELLISONVILLE",3]
[null,null,null,null,null,null,25018,"ELLISTON",3]
[null,null,null,null,null,null,25046,"ELLSBERRY",3]
[null,null,null,null,null,null,25060,"ELLSWORTH STATION",3]
[null,null,null,null,null,null,25074,"ELLSWORTH",3]
[null,null,null,null,null,null,25088,"ELLSWORTH TOWNSHIP",3]
[null,null,null,null,null,null,25110,"ELM CENTER",3]
[null,null,null,null,null,null,25116,"ELM GROVE",3]
[null,null,null,null,null,null,25130,"ELMIRA",3]
[null,null,null,null,null,null,25144,"ELMORE",2]
[null,null,null,null,null,null,25147,"ELMS ACRES",3]
[null,null,null,null,null,null,25150,"ELMVIEW",3]
[null,null,null,null,null,null,25158,"ELMVILLE",3]
[null,null,null,null,null,null,25165,"ELMWOOD",3]
[null,null,null,null,null,null,25186,"ELMWOOD PLACE",2]
[null,null,null,null,null,null,25214,"ELROY",3]
[null,null,null,null,null,null,25228,"ELTON",3]
[null,null,null,null,null,null,25256,"ELYRIA",1]
[null,null,null,null,null,null,25270,"ELYRIA TOWNSHIP",3]
[null,null,null,null,null,null,25284,"EMERALD",3]
[null,null,null,null,null,null,25298,"EMERALD TOWNSHIP",3]
[null,null,null,null,null,null,25312,"EMERSON",3]
[null,null,null,null,null,null,25354,"EMMETT",3]
[null,null,null,null,null,null,25368,"EMPIRE",2]
[null,null,null,null,null,null,25375,"ENGLAND",3]
[null,null,null,null,null,null,25396,"ENGLEWOOD",1]
[null,null,null,null,null,null,25410,"ENGLISH WOODS",3]
[null,null,null,null,null,null,25424,"ENO",3]
[null,null,null,null,null,null,25438,"ENOCH TOWNSHIP",3]
[null,null,null,null,null,null,25452,"ENON",2]
[null,null,null,null,null,null,25466,"ENTERPRISE",3]
[null,null,null,null,null,null,25480,"ENTERPRISE",3]
[null,null,null,null,null,null,25494,"EPWORTH",3]
[null,null,null,null,null,null,25508,"EPWORTH HEIGHTS",3]
[null,null,null,null,null,null,25522,"EQUITY",3]
[null,null,null,null,null,null,25536,"ERA",3]
[null,null,null,null,null,null,25550,"ERASTUS",3]
[null,null,null,null,null,null,25564,"ERHART",3]
[null,null,null,null,null,null,25578,"ERIE TOWNSHIP",3]
[null,null,null,null,null,null,25606,"ERIS",3]
[null,null,null,null,null,null,25620,"ERLIN",3]
[null,null,null,null,null,null,25634,"ESPYVILLE",3]
[null,null,null,null,null,null,25640,"ESSELBURN",3]
[null,null,null,null,null,null,25648,"ESSEX",3]
[null,null,null,null,null,null,25655,"ESTO",3]
[null,null,null,null,null,null,25665,"ETNA",3]
[null,null,null,null,null,null,25676,"ETNA",2]
[null,null,null,null,null,null,25690,"ETNA TOWNSHIP",3]
[null,null,null,null,null,null,25704,"EUCLID",1]
[null,null,null,null,null,null,25732,"EUREKA",3]
[null,null,null,null,null,null,25746,"EUREKA",3]
[null,null,null,null,null,null,25760,"EVANSPORT",3]
[null,null,null,null,null,null,25774,"EVANSTON",3]
[null,null,null,null,null,null,25780,"EVANSTON",3]
[null,null,null,null,null,null,25788,"EVANSVILLE",3]
[null,null,null,null,null,null,25802,"EVENDALE",2]
[null,null,null,null,null,null,25830,"EVERETT",3]
[null,null,null,null,null,null,25872,"EWING",3]
[null,null,null,null,null,null,25886,"EWINGTON",3]
[null,null,null,null,null,null,25900,"EXCELLO",3]
[null,null,null,null,null,null,25914,"FAIRBORN",1]
[null,null,null,null,null,null,25928,"FAIRDALE",3]
[null,null,null,null,null,null,25942,"FAIRFAX",2]
[null,null,null,null,null,null,25956,"FAIRFAX",3]
[null,null,null,null,null,null,25970,"FAIRFIELD",1]
[null,null,null,null,null,null,25984,"FAIRFIELD TOWNSHIP",3]
[null,null,null,null,null,null,25998,"FAIRFIELD TOWNSHIP",3]
[null,null,null,null,null,null,26026,"FAIRFIELD TOWNSHIP",3]
[null,null,null,null,null,null,26040,"FAIRFIELD TOWNSHIP",3]
[null,null,null,null,null,null,26054,"FAIRFIELD",3]
[null,null,null,null,null,null,26068,"FAIRFIELD TOWNSHIP",3]
[null,null,null,null,null,null,26072,"FAIRFIELD TOWNSHIP",3]
[null,null,null,null,null,null,26082,"FAIRFIELD TOWNSHIP",3]
[null,null,null,null,null,null,26096,"FAIRFIELD TOWNSHIP",3]
[null,null,null,null,null,null,26110,"FAIRFIELD BEACH",2]
[null,null,null,null,null,null,26124,"FAIRHAVEN",3]
[null,null,null,null,null,null,26138,"FAIRHOPE",3]
[null,null,null,null,null,null,26166,"FAIRLAWN",1]
[null,null,null,null,null,null,26208,"FAIRMOUNT",3]
[null,null,null,null,null,null,26245,"FAIR OAKS",3]
[null,null,null,null,null,null,26250,"FAIRPLAY",3]
[null,null,null,null,null,null,26264,"FAIRPLAY",3]
[null,null,null,null,null,null,26278,"FAIRPOINT",3]
[null,null,null,null,null,null,26306,"FAIRPORT HARBOR",2]
[null,null,null,null,null,null,26315,"FAIRVIEW",3]
[null,null,null,null,null,null,26334,"FAIRVIEW",3]
[null,null,null,null,null,null,26348,"FAIRVIEW",2]
[null,null,null,null,null,null,26362,"FAIRVIEW",3]
[null,null,null,null,null,null,26376,"FAIRVIEW",3]
[null,null,null,null,null,null,26390,"FAIRVIEW",3]
[null,null,null,null,null,null,26395,"FAIRVIEW",3]
[null,null,null,null,null,null,26400,"FAIRVIEW CORNERS",3]
[null,null,null,null,null,null,26404,"FAIRVIEW HEIGHTS",3]
[null,null,null,null,null,null,26432,"FAIRVIEW LANES",3]
[null,null,null,null,null,null,26446,"FAIRVIEW PARK",1]
[null,null,null,null,null,null,26474,"FAIRWIND ACRES",3]
[null,null,null,null,null,null,26488,"FALLS TOWNSHIP",3]
[null,null,null,null,null,null,26502,"FALLS TOWNSHIP",3]
[null,null,null,null,null,null,26516,"FALLSBURG",3]
[null,null,null,null,null,null,26530,"FALLSBURY TOWNSHIP",3]
[null,null,null,null,null,null,26558,"FARGO",3]
[null,null,null,null,null,null,26586,"FARMDALE",3]
[null,null,null,null,null,null,26600,"FARMER",3]
[null,null,null,null,null,null,26614,"FARMER TOWNSHIP",3]
[null,null,null,null,null,null,26628,"FARMERS",3]
[null,null,null,null,null,null,26642,"FARMERSTOWN",3]
[null,null,null,null,null,null,26656,"FARMERSVILLE",2]
[null,null,null,null,null,null,26660,"FARMINGTON",3]
[null,null,null,null,null,null,26675,"FARMINGTON",3]
[null,null,null,null,null,null,26684,"FARMINGTON TOWNSHIP",3]
[null,null,null,null,null,null,26698,"FARNHAM",3]
[null,null,null,null,null,null,26726,"FARRINGTON",3]
[null,null,null,null,null,null,26735,"FASHION HEIGHTS",3]
[null,null,null,null,null,null,26740,"FAWCETT",3]
[null,null,null,null,null,null,26754,"FAXON HILLS",3]
[null,null,null,null,null,null,26760,"FAY",3]
[null,null,null,null,null,null,26768,"FAYETTE",2]
[null,null,null,null,null,null,26782,"FAYETTE TOWNSHIP",3]
[null,null,null,null,null,null,26796,"FAYETTEVILLE",2]
[null,null,null,null,null,null,26810,"FEARING TOWNSHIP",3]
[null,null,null,null,null,null,26815,"FEDERAL",3]
[null,null,null,null,null,null,26852,"FEED SPRINGS",3]
[null,null,null,null,null,null,26866,"FEESBURG",3]
[null,null,null,null,null,null,26880,"FELICITY",2]
[null,null,null,null,null,null,26908,"FERNALD",3]
[null,null,null,null,null,null,26922,"FERNBANK",3]
[null,null,null,null,null,null,26936,"FERNELL HEIGHTS",3]
[null,null,null,null,null,null,26950,"FERNWOOD",3]
[null,null,null,null,null,null,26955,"FERRISTOWN",3]
[null,null,null,null,null,null,26964,"FERRY",3]
[null,null,null,null,null,null,26970,"FIAT",3]
[null,null,null,null,null,null,26992,"FIELDS",3]
[null,null,null,null,null,null,27020,"FILBURNS ISLAND",3]
[null,null,null,null,null,null,27025,"FILLMORE",3]
[null,null,null,null,null,null,27034,"FINCASTLE",3]
[null,null,null,null,null,null,27048,"FINDLAY",1]
[null,null,null,null,null,null,27090,"FINNEY",3]
[null,null,null,null,null,null,27104,"FINNEYTOWN",1]
[null,null,null,null,null,null,27150,"FIREMANS PARK",3]
[null,null,null,null,null,null,27160,"FIRESIDE",3]
[null,null,null,null,null,null,27170,"FIRESTONE PARK",3]
[null,null,null,null,null,null,27188,"FISHER",3]
[null,null,null,null,null,null,27198,"FITCH",3]
[null,null,null,null,null,null,27200,"FITCH",3]
[null,null,null,null,null,null,27202,"FITCHVILLE",3]
[null,null,null,null,null,null,27216,"FITCHVILLE TOWNSHIP",3]
[null,null,null,null,null,null,27218,"FIVE CORNERS",3]
[null,null,null,null,null,null,27220,"FIVE FORKS",3]
[null,null,null,null,null,null,27223,"FIVE FORKS",3]
[null,null,null,null,null,null,27226,"FIVE FORKS",3]
[null,null,null,null,null,null,27230,"FIVEMILE",3]
[null,null,null,null,null,null,27244,"FIVE POINTS",3]
[null,null,null,null,null,null,27248,"FIVE POINTS",3]
[null,null,null,null,null,null,27252,"FIVE POINTS",3]
[null,null,null,null,null,null,27255,"FIVE POINTS",3]
[null,null,null,null,null,null,27258,"FIVE POINTS",3]
[null,null,null,null,null,null,27272,"FIVE POINTS",3]
[null,null,null,null,null,null,27278,"FIVE POINTS",3]
[null,null,null,null,null,null,27282,"FIVE POINTS",3]
[null,null,null,null,null,null,27286,"FIVE POINTS",3]
[null,null,null,null,null,null,27300,"FIVE POINTS",3]
[null,null,null,null,null,null,27303,"FIVE POINTS",2]
[null,null,null,null,null,null,27307,"FIVE POINTS",3]
[null,null,null,null,null,null,27310,"FLAG",3]
[null,null,null,null,null,null,27314,"FLATIRON",3]
[null,null,null,null,null,null,27328,"FLAT IRON",3]
[null,null,null,null,null,null,27335,"FLAT RIDGE",3]
[null,null,null,null,null,null,27342,"FLATROCK TOWNSHIP",3]
[null,null,null,null,null,null,27356,"FLAT ROCK",2]
[null,null,null,null,null,null,27370,"FLEATOWN",3]
[null,null,null,null,null,null,27390,"FLEETWOOD PARK",3]
[null,null,null,null,null,null,27398,"FLEMING",3]
[null,null,null,null,null,null,27405,"FLEMING FALLS",3]
[null,null,null,null,null,null,27412,"FLETCHER",2]
[null,null,null,null,null,null,27420,"FLICKS CORNERS",3]
[null,null,null,null,null,null,27426,"FLINT",3]
[null,null,null,null,null,null,27445,"FLORA",3]
[null,null,null,null,null,null,27454,"FLORENCE",3]
[null,null,null,null,null,null,27468,"FLORENCE",3]
[null,null,null,null,null,null,27482,"FLORENCE TOWNSHIP",3]
[null,null,null,null,null,null,27510,"FLORENCE",3]
[null,null,null,null,null,null,27524,"FLORENCE",3]
[null,null,null,null,null,null,27530,"FLORENCE TOWNSHIP",3]
[null,null,null,null,null,null,27538,"FLORIDA",2]
[null,null,null,null,null,null,27552,"FLUSHING",2]
[null,null,null,null,null,null,27566,"FLUSHING TOWNSHIP",3]
[null,null,null,null,null,null,27580,"FLY",3]
[null,null,null,null,null,null,27585,"FOLSOM",3]
[null,null,null,null,null,null,27594,"FOOTVILLE",3]
[null,null,null,null,null,null,27608,"FORAKER",3]
[null,null,null,null,null,null,27636,"FOREST",2]
[null,null,null,null,null,null,27650,"FORESTDALE",3]
[null,null,null,null,null,null,27664,"FOREST HILL",3]
[null,null,null,null,null,null,27698,"FOREST HILLS",3]
[null,null,null,null,null,null,27702,"FOREST HILLS ESTATES",3]
[null,null,null,null,null,null,27706,"FOREST PARK",1]
[null,null,null,null,null,null,27776,"FORESTVILLE",1]
[null,null,null,null,null,null,27785,"FORGY",3]
[null,null,null,null,null,null,27795,"FORT BROWN",3]
[null,null,null,null,null,null,27800,"FORT FIZZLE",3]
[null,null,null,null,null,null,27804,"FORT JEFFERSON",3]
[null,null,null,null,null,null,27818,"FORT JENNINGS",2]
[null,null,null,null,null,null,27832,"FORT LORAMIE",2]
[null,null,null,null,null,null,27846,"FORT MCKINLEY",3]
[null,null,null,null,null,null,27902,"FORT RECOVERY",2]
[null,null,null,null,null,null,27930,"FORT SENECA",2]
[null,null,null,null,null,null,27944,"FORT SHAWNEE",2]
[null,null,null,null,null,null,28000,"FOSTERVILLE",3]
[null,null,null,null,null,null,28014,"FOSTORIA",1]
[null,null,null,null,null,null,28042,"FOUNTAIN PARK",3]
[null,null,null,null,null,null,28058,"FOUR BRIDGES",2]
[null,null,null,null,null,null,28060,"FOUR CORNERS",3]
[null,null,null,null,null,null,28063,"FOURMANS CORNERS",3]
[null,null,null,null,null,null,28067,"FOURMILE HOUSE CORNER",3]
[null,null,null,null,null,null,28084,"FOWLER",3]
[null,null,null,null,null,null,28098,"FOWLER TOWNSHIP",3]
[null,null,null,null,null,null,28112,"FOWLERS MILL",3]
[null,null,null,null,null,null,28126,"FOX TOWNSHIP",3]
[null,null,null,null,null,null,28140,"FOX",3]
[null,null,null,null,null,null,28145,"FOX ACRES",3]
[null,null,null,null,null,null,28158,"FOXHUNTER LANE",3]
[null,null,null,null,null,null,28162,"FOXTOWN",3]
[null,null,null,null,null,null,28165,"FRAMPTON",3]
[null,null,null,null,null,null,28168,"FRANK",3]
[null,null,null,null,null,null,28175,"FRANKFORT",3]
[null,null,null,null,null,null,28182,"FRANKFORT",2]
[null,null,null,null,null,null,28196,"FRANKLIN TOWNSHIP",3]
[null,null,null,null,null,null,28210,"FRANKLIN TOWNSHIP",3]
[null,null,null,null,null,null,28224,"FRANKLIN TOWNSHIP",3]
[null,null,null,null,null,null,28238,"FRANKLIN TOWNSHIP",3]
[null,null,null,null,null,null,28252,"FRANKLIN TOWNSHIP",3]
[null,null,null,null,null,null,28266,"FRANKLIN TOWNSHIP",3]
[null,null,null,null,null,null,28280,"FRANKLIN TOWNSHIP",3]
[null,null,null,null,null,null,28294,"FRANKLIN TOWNSHIP",3]
[null,null,null,null,null,null,28308,"FRANKLIN TOWNSHIP",3]
[null,null,null,null,null,null,28322,"FRANKLIN TOWNSHIP",3]
[null,null,null,null,null,null,28336,"FRANKLIN TOWNSHIP",3]
[null,null,null,null,null,null,28350,"FRANKLIN TOWNSHIP",3]
[null,null,null,null,null,null,28357,"FRANKLIN TOWNSHIP",3]
[null,null,null,null,null,null,28378,"FRANKLIN TOWNSHIP",3]
[null,null,null,null,null,null,28392,"FRANKLIN TOWNSHIP",3]
[null,null,null,null,null,null,28406,"FRANKLIN TOWNSHIP",3]
[null,null,null,null,null,null,28420,"FRANKLIN TOWNSHIP",3]
[null,null,null,null,null,null,28434,"FRANKLIN TOWNSHIP",3]
[null,null,null,null,null,null,28448,"FRANKLIN TOWNSHIP",3]
[null,null,null,null,null,null,28462,"FRANKLIN TOWNSHIP",3]
[null,null,null,null,null,null,28476,"FRANKLIN",1]
[null,null,null,null,null,null,28490,"FRANKLIN TOWNSHIP",3]
[null,null,null,null,null,null,28504,"FRANKLIN TOWNSHIP",3]
[null,null,null,null,null,null,28532,"FRANKLIN FURNACE",2]
[null,null,null,null,null,null,28546,"FRANKLIN JUNCTION",3]
[null,null,null,null,null,null,28560,"FRANKLIN SQUARE",3]
[null,null,null,null,null,null,28574,"FRAZEYSBURG",2]
[null,null,null,null,null,null,28580,"FRAZIER",3]
[null,null,null,null,null,null,28588,"FREDERICK",3]
[null,null,null,null,null,null,28602,"FREDERICK",3]
[null,null,null,null,null,null,28610,"FREDERICKSBURG",3]
[null,null,null,null,null,null,28616,"FREDERICKSBURG",2]
[null,null,null,null,null,null,28630,"FREDERICKSDALE",3]
[null,null,null,null,null,null,28644,"FREDERICKTOWN",3]
[null,null,null,null,null,null,28658,"FREDERICKTOWN",2]
[null,null,null,null,null,null,28672,"FREDONIA",3]
[null,null,null,null,null,null,28686,"FREEBURG",3]
[null,null,null,null,null,null,28700,"FREEDOM TOWNSHIP",3]
[null,null,null,null,null,null,28714,"FREEDOM",3]
[null,null,null,null,null,null,28728,"FREEDOM STATION",3]
[null,null,null,null,null,null,28742,"FREEDOM TOWNSHIP",3]
[null,null,null,null,null,null,28756,"FREEDOM TOWNSHIP",3]
[null,null,null,null,null,null,28770,"FREELAND",3]
[null,null,null,null,null,null,28784,"FREEMANS GARDENS",3]
[null,null,null,null,null,null,28798,"FREEPORT",2]
[null,null,null,null,null,null,28812,"FREEPORT TOWNSHIP",3]
[null,null,null,null,null,null,28826,"FREMONT",1]
[null,null,null,null,null,null,28854,"FRENCHTOWN",3]
[null,null,null,null,null,null,28865,"FRENCHTOWN",3]
[null,null,null,null,null,null,28882,"FRESNO",2]
[null,null,null,null,null,null,28896,"FRIENDSHIP",2]
[null,null,null,null,null,null,28903,"FRIENDSVILLE",3]
[null,null,null,null,null,null,28906,"FRITCHLEYS CORNERS",3]
[null,null,null,null,null,null,28938,"FROST",3]
[null,null,null,null,null,null,28952,"FRUITDALE",3]
[null,null,null,null,null,null,28966,"FRUIT HILL",2]
[null,null,null,null,null,null,28980,"FRYBURG",3]
[null,null,null,null,null,null,28994,"FRYBURG",3]
[null,null,null,null,null,null,29000,"FRYS CORNERS",3]
[null,null,null,null,null,null,29008,"FRYTOWN",3]
[null,null,null,null,null,null,29022,"FULDA",3]
[null,null,null,null,null,null,29030,"FULLERTOWN",3]
[null,null,null,null,null,null,29036,"FULTON TOWNSHIP",3]
[null,null,null,null,null,null,29050,"FULTON",2]
[null,null,null,null,null,null,29064,"FULTONHAM",2]
[null,null,null,null,null,null,29078,"FUNK",3]
[null,null,null,null,null,null,29085,"FURSVILLE",3]
[null,null,null,null,null,null,29090,"GABELS CORNER",3]
[null,null,null,null,null,null,29092,"GAGE",3]
[null,null,null,null,null,null,29100,"GAGEVILLE",3]
[null,null,null,null,null,null,29106,"GAHANNA",1]
[null,null,null,null,null,null,29120,"GALATEA",3]
[null,null,null,null,null,null,29134,"GALAXY ACRES",3]
[null,null,null,null,null,null,29148,"GALENA",2]
[null,null,null,null,null,null,29155,"GALETOWN",3]
[null,null,null,null,null,null,29162,"GALION",1]
[null,null,null,null,null,null,29176,"GALION CITY TOWNSHIP",3]
[null,null,null,null,null,null,29190,"GALLIA",3]
[null,null,null,null,null,null,29204,"GALLIPOLIS",2]
[null,null,null,null,null,null,29218,"GALLIPOLIS TOWNSHIP",3]
[null,null,null,null,null,null,29232,"GALLOWAY",3]
[null,null,null,null,null,null,29240,"GALLUP",3]
[null,null,null,null,null,null,29246,"GAMBIER",2]
[null,null,null,null,null,null,29260,"GAMBRINUS",3]
[null,null,null,null,null,null,29274,"GANGES",3]
[null,null,null,null,null,null,29288,"GANN",2]
[null,null,null,null,null,null,29302,"GANO",3]
[null,null,null,null,null,null,29316,"GARDEN",3]
[null,null,null,null,null,null,29325,"GARDEN",3]
[null,null,null,null,null,null,29372,"GARDEN CITY",3]
[null,null,null,null,null,null,29386,"GARDEN ISLE",3]
[null,null,null,null,null,null,29405,"GARDNER",3]
[null,null,null,null,null,null,29410,"GARFIELD",3]
[null,null,null,null,null,null,29414,"GARFIELD",3]
[null,null,null,null,null,null,29428,"GARFIELD HEIGHTS",1]
[null,null,null,null,null,null,29435,"GARLAND",3]
[null,null,null,null,null,null,29442,"GARRETTSVILLE",2]
[null,null,null,null,null,null,29484,"GASPER TOWNSHIP",3]
[null,null,null,null,null,null,29490,"GASVILLE",3]
[null,null,null,null,null,null,29498,"GATES MILLS",2]
[null,null,null,null,null,null,29512,"GATH",3]
[null,null,null,null,null,null,29522,"GATTON ROCK",3]
[null,null,null,null,null,null,29526,"GAVERS",3]
[null,null,null,null,null,null,29554,"GEAUGA LAKE",3]
[null,null,null,null,null,null,29568,"GEEBURG",3]
[null,null,null,null,null,null,29580,"GEM",3]
[null,null,null,null,null,null,29596,"GEM BEACH",3]
[null,null,null,null,null,null,29610,"GENEVA",1]
[null,null,null,null,null,null,29624,"GENEVA TOWNSHIP",3]
[null,null,null,null,null,null,29638,"GENEVA",3]
[null,null,null,null,null,null,29652,"GENEVA-ON-THE-LAKE",2]
[null,null,null,null,null,null,29694,"GENOA TOWNSHIP",3]
[null,null,null,null,null,null,29722,"GENOA",2]
[null,null,null,null,null,null,29746,"GENUNG CORNERS",3]
[null,null,null,null,null,null,29748,"GEOGRAPHY HALL",3]
[null,null,null,null,null,null,29750,"GEORGES RUN",3]
[null,null,null,null,null,null,29764,"GEORGESVILLE",3]
[null,null,null,null,null,null,29778,"GEORGETOWN",2]
[null,null,null,null,null,null,29782,"GEORGETOWN",3]
[null,null,null,null,null,null,29788,"GEORGETOWN",3]
[null,null,null,null,null,null,29800,"GEORGETOWN",3]
[null,null,null,null,null,null,29820,"GEPHART",3]
[null,null,null,null,null,null,29834,"GERALD",3]
[null,null,null,null,null,null,29848,"GERMAN TOWNSHIP",3]
[null,null,null,null,null,null,29862,"GERMAN TOWNSHIP",3]
[null,null,null,null,null,null,29876,"GERMAN TOWNSHIP",3]
[null,null,null,null,null,null,29890,"GERMAN TOWNSHIP",3]
[null,null,null,null,null,null,29904,"GERMAN TOWNSHIP",3]
[null,null,null,null,null,null,29918,"GERMANO",3]
[null,null,null,null,null,null,29932,"GERMANTOWN",1]
[null,null,null,null,null,null,29946,"GERMANTOWN",3]
[null,null,null,null,null,null,29952,"GERMANY",3]
[null,null,null,null,null,null,29960,"GETAWAY",3]
[null,null,null,null,null,null,29974,"GETTYSBURG",2]
[null,null,null,null,null,null,29988,"GETTYSBURG",3]
[null,null,null,null,null,null,30002,"GEYER",3]
[null,null,null,null,null,null,30016,"GHENT",3]
[null,null,null,null,null,null,30030,"GIBISONVILLE",3]
[null,null,null,null,null,null,30044,"GIBSON",3]
[null,null,null,null,null,null,30058,"GIBSON TOWNSHIP",3]
[null,null,null,null,null,null,30072,"GIBSONBURG",2]
[null,null,null,null,null,null,30090,"GIERINGER",3]
[null,null,null,null,null,null,30095,"GILBERT",3]
[null,null,null,null,null,null,30114,"GILBOA",2]
[null,null,null,null,null,null,30128,"GILEAD TOWNSHIP",3]
[null,null,null,null,null,null,30142,"GILLIVAN",3]
[null,null,null,null,null,null,30156,"GILMORE",3]
[null,null,null,null,null,null,30170,"GINGER HILL",3]
[null,null,null,null,null,null,30184,"GINGHAMSBURG",3]
[null,null,null,null,null,null,30198,"GIRARD",1]
[null,null,null,null,null,null,30212,"GIRTON",3]
[null,null,null,null,null,null,30226,"GIST SETTLEMENT",3]
[null,null,null,null,null,null,30240,"GIVENS",3]
[null,null,null,null,null,null,30254,"GLADE",3]
[null,null,null,null,null,null,30268,"GLADSTONE",3]
[null,null,null,null,null,null,30282,"GLANDORF",2]
[null,null,null,null,null,null,30296,"GLASGOW",3]
[null,null,null,null,null,null,30310,"GLASGOW",3]
[null,null,null,null,null,null,30325,"GLASS",3]
[null,null,null,null,null,null,30338,"GLASS ROCK",3]
[null,null,null,null,null,null,30352,"GLENCOE",2]
[null,null,null,null,null,null,30380,"GLENDALE",2]
[null,null,null,null,null,null,30398,"GLENDALE",3]
[null,null,null,null,null,null,30404,"GLENDON",3]
[null,null,null,null,null,null,30410,"GLEN EBON",3]
[null,null,null,null,null,null,30415,"GLEN ECHO",3]
[null,null,null,null,null,null,30422,"GLEN ESTE",3]
[null,null,null,null,null,null,30436,"GLENFORD",2]
[null,null,null,null,null,null,30464,"GLEN JEAN",3]
[null,null,null,null,null,null,30478,"GLEN KARN",3]
[null,null,null,null,null,null,30506,"GLENMONT",2]
[null,null,null,null,null,null,30520,"GLENMOOR",2]
[null,null,null,null,null,null,30534,"GLENMORE",3]
[null,null,null,null,null,null,30540,"GLEN NELL",3]
[null,null,null,null,null,null,30555,"GLEN RIDGE ACRES",3]
[null,null,null,null,null,null,30562,"GLEN ROBBINS",3]
[null,null,null,null,null,null,30576,"GLEN ROY",3]
[null,null,null,null,null,null,30590,"GLEN RUN",3]
[null,null,null,null,null,null,30604,"GLEN SUMMITT",3]
[null,null,null,null,null,null,30618,"GLENVILLE",3]
[null,null,null,null,null,null,30632,"GLENWILLOW",2]
[null,null,null,null,null,null,30660,"GLORIA GLENS PARK",2]
[null,null,null,null,null,null,30674,"GLOUSTER",2]
[null,null,null,null,null,null,30688,"GLYNWOOD",3]
[null,null,null,null,null,null,30702,"GNADENHUTTEN",2]
[null,null,null,null,null,null,30710,"GODDARD CORNERS",3]
[null,null,null,null,null,null,30716,"GOES",3]
[null,null,null,null,null,null,30730,"GOLDA",3]
[null,null,null,null,null,null,30744,"GOLDEN CORNERS",3]
[null,null,null,null,null,null,30772,"GOLDSBORO",3]
[null,null,null,null,null,null,30786,"GOLF MANOR",2]
[null,null,null,null,null,null,30800,"GOLFWAY ACRES",3]
[null,null,null,null,null,null,30814,"GOMER",3]
[null,null,null,null,null,null,30828,"GOOD HOPE",2]
[null,null,null,null,null,null,30842,"GOOD HOPE TOWNSHIP",3]
[null,null,null,null,null,null,30856,"GOODLAND ACRES",3]
[null,null,null,null,null,null,30880,"GOODWIN",3]
[null,null,null,null,null,null,30898,"GOODYEAR HEIGHTS",3]
[null,null,null,null,null,null,30912,"GORDON",2]
[null,null,null,null,null,null,30926,"GORE",3]
[null,null,null,null,null,null,30940,"GORHAM TOWNSHIP",3]
[null,null,null,null,null,null,30954,"GOSHEN TOWNSHIP",3]
[null,null,null,null,null,null,30968,"GOSHEN TOWNSHIP",3]
[null,null,null,null,null,null,30982,"GOSHEN TOWNSHIP",3]
[null,null,null,null,null,null,30996,"GOSHEN",3]
[null,null,null,null,null,null,31010,"GOSHEN TOWNSHIP",3]
[null,null,null,null,null,null,31024,"GOSHEN TOWNSHIP",3]
[null,null,null,null,null,null,31038,"GOSHEN TOWNSHIP",3]
[null,null,null,null,null,null,31052,"GOSHEN",3]
[null,null,null,null,null,null,31066,"GOSHEN TOWNSHIP",3]
[null,null,null,null,null,null,31085,"GOULD",3]
[null,null,null,null,null,null,31090,"GOULD",3]
[null,null,null,null,null,null,31094,"GOULD",3]
[null,null,null,null,null,null,31108,"GOULD PARK",3]
[null,null,null,null,null,null,31145,"GRACEY",3]
[null,null,null,null,null,null,31150,"GRAFTON",1]
[null,null,null,null,null,null,31164,"GRAFTON TOWNSHIP",3]
[null,null,null,null,null,null,31168,"GRAHAM",3]
[null,null,null,null,null,null,31174,"GRAHAM CORNERS",3]
[null,null,null,null,null,null,31178,"GRAND TOWNSHIP",3]
[null,null,null,null,null,null,31192,"GRAND PRAIRIE TOWNSHIP",3]
[null,null,null,null,null,null,31206,"GRAND RAPIDS",2]
[null,null,null,null,null,null,31220,"GRAND RAPIDS TOWNSHIP",3]
[null,null,null,null,null,null,31234,"GRAND RIVER",2]
[null,null,null,null,null,null,31262,"GRANDVIEW",2]
[null,null,null,null,null,null,31272,"GRANDVIEW",3]
[null,null,null,null,null,null,31276,"GRANDVIEW TOWNSHIP",3]
[null,null,null,null,null,null,31290,"GRANDVIEW HEIGHTS",3]
[null,null,null,null,null,null,31304,"GRANDVIEW HEIGHTS",1]
[null,null,null,null,null,null,31346,"GRANGE HALL",3]
[null,null,null,null,null,null,31360,"GRANGER",3]
[null,null,null,null,null,null,31374,"GRANGER TOWNSHIP",3]
[null,null,null,null,null,null,31388,"GRANT",3]
[null,null,null,null,null,null,31402,"GRANVILLE",1]
[null,null,null,null,null,null,31416,"GRANVILLE TOWNSHIP",3]
[null,null,null,null,null,null,31430,"GRANVILLE TOWNSHIP",3]
[null,null,null,null,null,null,31434,"GRANVILLE SOUTH",2]
[null,null,null,null,null,null,31444,"GRAPE GROVE",3]
[null,null,null,null,null,null,31450,"GRASSY POINT",3]
[null,null,null,null,null,null,31458,"GRATIOT",2]
[null,null,null,null,null,null,31472,"GRATIS",2]
[null,null,null,null,null,null,31486,"GRATIS TOWNSHIP",3]
[null,null,null,null,null,null,31528,"GRAYSON",3]
[null,null,null,null,null,null,31542,"GRAYSVILLE",2]
[null,null,null,null,null,null,31556,"GRAYTOWN",3]
[null,null,null,null,null,null,31570,"GREASY RIDGE",3]
[null,null,null,null,null,null,31575,"GREAT BEND",3]
[null,null,null,null,null,null,31645,"GREAT WESTERN",3]
[null,null,null,null,null,null,31668,"GREEN TOWNSHIP",3]
[null,null,null,null,null,null,31682,"GREEN TOWNSHIP",3]
[null,null,null,null,null,null,31696,"GREEN TOWNSHIP",3]
[null,null,null,null,null,null,31703,"GREEN TOWNSHIP",3]
[null,null,null,null,null,null,31710,"GREEN TOWNSHIP",3]
[null,null,null,null,null,null,31724,"GREEN TOWNSHIP",3]
[null,null,null,null,null,null,31738,"GREEN TOWNSHIP",3]
[null,null,null,null,null,null,31752,"GREEN TOWNSHIP",3]
[null,null,null,null,null,null,31766,"GREEN TOWNSHIP",3]
[null,null,null,null,null,null,31780,"GREEN TOWNSHIP",3]
[null,null,null,null,null,null,31794,"GREEN TOWNSHIP",3]
[null,null,null,null,null,null,31808,"GREEN TOWNSHIP",3]
[null,null,null,null,null,null,31822,"GREEN TOWNSHIP",3]
[null,null,null,null,null,null,31836,"GREEN TOWNSHIP",3]
[null,null,null,null,null,null,31850,"GREEN TOWNSHIP",3]
[null,null,null,null,null,null,31860,"GREEN",1]
[null,null,null,null,null,null,31864,"GREEN TOWNSHIP",3]
[null,null,null,null,null,null,31878,"GREEN TOWNSHIP",3]
[null,null,null,null,null,null,31915,"GREENBRIER",3]
[null,null,null,null,null,null,31934,"GREENBUSH",3]
[null,null,null,null,null,null,31948,"GREEN CAMP",2]
[null,null,null,null,null,null,31962,"GREEN CAMP TOWNSHIP",3]
[null,null,null,null,null,null,31976,"GREENCASTLE",3]
[null,null,null,null,null,null,31990,"GREEN CREEK TOWNSHIP",3]
[null,null,null,null,null,null,31997,"GREEN CREEK",3]
[null,null,null,null,null,null,32004,"GREENDALE",3]
[null,null,null,null,null,null,32046,"GREENE TOWNSHIP",3]
[null,null,null,null,null,null,32055,"GREENE CENTER",3]
[null,null,null,null,null,null,32060,"GREENFIELD TOWNSHIP",3]
[null,null,null,null,null,null,32074,"GREENFIELD TOWNSHIP",3]
[null,null,null,null,null,null,32088,"GREENFIELD",2]
[null,null,null,null,null,null,32102,"GREENFIELD TOWNSHIP",3]
[null,null,null,null,null,null,32116,"GREENFIELD VILLAGE",3]
[null,null,null,null,null,null,32130,"GREENFORD",3]
[null,null,null,null,null,null,32158,"GREENHILLS",2]
[null,null,null,null,null,null,32200,"GREENLAND",3]
[null,null,null,null,null,null,32207,"GREEN MEADOWS",2]
[null,null,null,null,null,null,32228,"GREENSBURG TOWNSHIP",3]
[null,null,null,null,null,null,32242,"GREENSBURG",3]
[null,null,null,null,null,null,32256,"GREEN SPRINGS",2]
[null,null,null,null,null,null,32270,"GREENS RUN",3]
[null,null,null,null,null,null,32290,"GREENTOWN",3]
[null,null,null,null,null,null,32298,"GREENTOWN",2]
[null,null,null,null,null,null,32305,"GREENTREE CORNERS",3]
[null,null,null,null,null,null,32312,"GREEN VALLEY",3]
[null,null,null,null,null,null,32340,"GREENVILLE",1]
[null,null,null,null,null,null,32354,"GREENVILLE TOWNSHIP",3]
[null,null,null,null,null,null,32368,"GREENWICH",2]
[null,null,null,null,null,null,32382,"GREENWICH TOWNSHIP",3]
[null,null,null,null,null,null,32410,"GREENWOOD",3]
[null,null,null,null,null,null,32424,"GREENWOOD ACRES",3]
[null,null,null,null,null,null,32438,"GREER",3]
[null,null,null,null,null,null,32452,"GREGGS",3]
[null,null,null,null,null,null,32458,"GREGGS HILL",3]
[null,null,null,null,null,null,32462,"GREGORY",3]
[null,null,null,null,null,null,32466,"GRELTON",3]
[null,null,null,null,null,null,32470,"GRETNA",3]
[null,null,null,null,null,null,32475,"GRIFFIN",3]
[null,null,null,null,null,null,32494,"GRIFFITH",3]
[null,null,null,null,null,null,32528,"GRIMMS BRIDGE",3]
[null,null,null,null,null,null,32532,"GRODIS CORNER",3]
[null,null,null,null,null,null,32536,"GROESBECK",1]
[null,null,null,null,null,null,32555,"GROOMS",3]
[null,null,null,null,null,null,32564,"GROSVENOR",3]
[null,null,null,null,null,null,32578,"GROTON TOWNSHIP",3]
[null,null,null,null,null,null,32592,"GROVE CITY",1]
[null,null,null,null,null,null,32600,"GROVE CITY COUNTRY CLUB",3]
[null,null,null,null,null,null,32606,"GROVEPORT",1]
[null,null,null,null,null,null,32620,"GROVER HILL",2]
[null,null,null,null,null,null,32634,"GUERNE",3]
[null,null,null,null,null,null,32648,"GUERNSEY",3]
[null,null,null,null,null,null,32662,"GUILFORD",3]
[null,null,null,null,null,null,32676,"GUILFORD TOWNSHIP",3]
[null,null,null,null,null,null,32685,"GUNNERVILLE",3]
[null,null,null,null,null,null,32690,"GURNEYVILLE",3]
[null,null,null,null,null,null,32718,"GUSTAVUS",3]
[null,null,null,null,null,null,32732,"GUSTAVUS TOWNSHIP",3]
[null,null,null,null,null,null,32746,"GUTMAN",3]
[null,null,null,null,null,null,32760,"GUYAN TOWNSHIP",3]
[null,null,null,null,null,null,32774,"GUYSVILLE",3]
[null,null,null,null,null,null,32788,"GYPSUM",3]
[null,null,null,null,null,null,32802,"HACKNEY",3]
[null,null,null,null,null,null,32810,"HAGAN ADDITION",3]
[null,null,null,null,null,null,32816,"HAGEMAN",3]
[null,null,null,null,null,null,32820,"HAGLER",3]
[null,null,null,null,null,null,32830,"HAKES CORNERS",3]
[null,null,null,null,null,null,32837,"HALE TOWNSHIP",3]
[null,null,null,null,null,null,32840,"HALES CREEK",3]
[null,null,null,null,null,null,32850,"HALLETT",3]
[null,null,null,null,null,null,32858,"HALLOCK",3]
[null,null,null,null,null,null,32872,"HALLS CORNERS",3]
[null,null,null,null,null,null,32886,"HALLSVILLE",3]
[null,null,null,null,null,null,32900,"HAMBDEN",3]
[null,null,null,null,null,null,32914,"HAMBDEN TOWNSHIP",3]
[null,null,null,null,null,null,32928,"HAMBURG",3]
[null,null,null,null,null,null,32935,"HAMBURG",3]
[null,null,null,null,null,null,32956,"HAMDEN",2]
[null,null,null,null,null,null,32970,"HAMER TOWNSHIP",3]
[null,null,null,null,null,null,32975,"HAMER",3]
[null,null,null,null,null,null,32984,"HAMERSVILLE",2]
[null,null,null,null,null,null,32998,"HAMETOWN",3]
[null,null,null,null,null,null,33012,"HAMILTON",1]
[null,null,null,null,null,null,33026,"HAMILTON TOWNSHIP",3]
[null,null,null,null,null,null,33040,"HAMILTON TOWNSHIP",3]
[null,null,null,null,null,null,33054,"HAMILTON TOWNSHIP",3]
[null,null,null,null,null,null,33060,"HAMILTON",3]
[null,null,null,null,null,null,33068,"HAMILTON TOWNSHIP",3]
[null,null,null,null,null,null,33082,"HAMILTON MEADOWS",3]
[null,null,null,null,null,null,33096,"HAMLER",2]
[null,null,null,null,null,null,33110,"HAMLET",3]
[null,null,null,null,null,null,33124,"HAMLEY RUN",3]
[null,null,null,null,null,null,33138,"HAMMANSBURG",3]
[null,null,null,null,null,null,33145,"HAMMOND CROSSROAD",3]
[null,null,null,null,null,null,33152,"HAMMONDSVILLE",3]
[null,null,null,null,null,null,33160,"HANCOCK",3]
[null,null,null,null,null,null,33166,"HANERSVILLE",3]
[null,null,null,null,null,null,33175,"HANESVILLE",3]
[null,null,null,null,null,null,33180,"HANFORD",3]
[null,null,null,null,null,null,33194,"HANGING ROCK",2]
[null,null,null,null,null,null,33208,"HANLEY VILLAGE",3]
[null,null,null,null,null,null,33222,"HANNIBAL",2]
[null,null,null,null,null,null,33236,"HANOVER TOWNSHIP",3]
[null,null,null,null,null,null,33250,"HANOVER TOWNSHIP",3]
[null,null,null,null,null,null,33264,"HANOVER TOWNSHIP",3]
[null,null,null,null,null,null,33278,"HANOVER",3]
[null,null,null,null,null,null,33292,"HANOVER",2]
[null,null,null,null,null,null,33299,"HANOVER TOWNSHIP",3]
[null,null,null,null,null,null,33306,"HANOVERTON",2]
[null,null,null,null,null,null,33320,"HANVILLE CORNERS",3]
[null,null,null,null,null,null,33325,"HAPPY CORNERS",3]
[null,null,null,null,null,null,33340,"HAPPY HOURS ADDITION",3]
[null,null,null,null,null,null,33348,"HARBOR",3]
[null,null,null,null,null,null,33362,"HARBOR HILLS",2]
[null,null,null,null,null,null,33376,"HARBOR VIEW",2]
[null,null,null,null,null,null,33385,"HARD",3]
[null,null,null,null,null,null,33390,"HARDIN STATION",3]
[null,null,null,null,null,null,33404,"HARDIN",3]
[null,null,null,null,null,null,33418,"HARDING TOWNSHIP",3]
[null,null,null,null,null,null,33450,"HARDSCRABBLE",3]
[null,null,null,null,null,null,33455,"HARDSCRABBLE",3]
[null,null,null,null,null,null,33460,"HARDY TOWNSHIP",3]
[null,null,null,null,null,null,33465,"HAREWOOD ACRES",3]
[null,null,null,null,null,null,33474,"HARLAN TOWNSHIP",3]
[null,null,null,null,null,null,33488,"HARLAN PARK",3]
[null,null,null,null,null,null,33502,"HARLEM",3]
[null,null,null,null,null,null,33516,"HARLEM TOWNSHIP",3]
[null,null,null,null,null,null,33530,"HARLEM SPRINGS",3]
[null,null,null,null,null,null,33535,"HARLEY",3]
[null,null,null,null,null,null,33544,"HARMAR",3]
[null,null,null,null,null,null,33558,"HARMON",3]
[null,null,null,null,null,null,33572,"HARMONY",3]
[null,null,null,null,null,null,33586,"HARMONY TOWNSHIP",3]
[null,null,null,null,null,null,33600,"HARMONY TOWNSHIP",3]
[null,null,null,null,null,null,33614,"HARPER",3]
[null,null,null,null,null,null,33620,"HARPER",3]
[null,null,null,null,null,null,33628,"HARPERSFIELD",3]
[null,null,null,null,null,null,33642,"HARPERSFIELD TOWNSHIP",3]
[null,null,null,null,null,null,33656,"HARPSTER",2]
[null,null,null,null,null,null,33670,"HARRIES",3]
[null,null,null,null,null,null,33698,"HARRIETT",3]
[null,null,null,null,null,null,33712,"HARRIETTSVILLE",3]
[null,null,null,null,null,null,33726,"HARRIS TOWNSHIP",3]
[null,null,null,null,null,null,33735,"HARRIS",3]
[null,null,null,null,null,null,33740,"HARRISBURG",2]
[null,null,null,null,null,null,33754,"HARRISBURG",3]
[null,null,null,null,null,null,33768,"HARRISBURG",3]
[null,null,null,null,null,null,33782,"HARRISON TOWNSHIP",3]
[null,null,null,null,null,null,33796,"HARRISON TOWNSHIP",3]
[null,null,null,null,null,null,33810,"HARRISON TOWNSHIP",3]
[null,null,null,null,null,null,33824,"HARRISON TOWNSHIP",3]
[null,null,null,null,null,null,33838,"HARRISON",1]
[null,null,null,null,null,null,33852,"HARRISON TOWNSHIP",3]
[null,null,null,null,null,null,33866,"HARRISON TOWNSHIP",3]
[null,null,null,null,null,null,33880,"HARRISON TOWNSHIP",3]
[null,null,null,null,null,null,33894,"HARRISON TOWNSHIP",3]
[null,null,null,null,null,null,33908,"HARRISON TOWNSHIP",3]
[null,null,null,null,null,null,33922,"HARRISON TOWNSHIP",3]
[null,null,null,null,null,null,33936,"HARRISON TOWNSHIP",3]
[null,null,null,null,null,null,33950,"HARRISON TOWNSHIP",3]
[null,null,null,null,null,null,33964,"HARRISON TOWNSHIP",3]
[null,null,null,null,null,null,33978,"HARRISON TOWNSHIP",3]
[null,null,null,null,null,null,33992,"HARRISON TOWNSHIP",3]
[null,null,null,null,null,null,34006,"HARRISON TOWNSHIP",3]
[null,null,null,null,null,null,34020,"HARRISON TOWNSHIP",3]
[null,null,null,null,null,null,34034,"HARRISON TOWNSHIP",3]
[null,null,null,null,null,null,34048,"HARRISON TOWNSHIP",3]
[null,null,null,null,null,null,34055,"HARRISON FURNACE",3]
[null,null,null,null,null,null,34062,"HARRISON MILLS",3]
[null,null,null,null,null,null,34076,"HARRISONVILLE",3]
[null,null,null,null,null,null,34090,"HARRISVILLE",2]
[null,null,null,null,null,null,34104,"HARRISVILLE TOWNSHIP",3]
[null,null,null,null,null,null,34118,"HARROD",2]
[null,null,null,null,null,null,34160,"HARSHASVILLE",3]
[null,null,null,null,null,null,34188,"HARTFORD TOWNSHIP",3]
[null,null,null,null,null,null,34202,"HARTFORD",2]
[null,null,null,null,null,null,34216,"HARTFORD",3]
[null,null,null,null,null,null,34230,"HARTFORD TOWNSHIP",3]
[null,null,null,null,null,null,34244,"HARTLAND",3]
[null,null,null,null,null,null,34258,"HARTLAND TOWNSHIP",3]
[null,null,null,null,null,null,34279,"HARTLAND STATION",3]
[null,null,null,null,null,null,34282,"HARTLEYVILLE",3]
[null,null,null,null,null,null,34284,"HARTSBURG",3]
[null,null,null,null,null,null,34286,"HARTSGROVE",3]
[null,null,null,null,null,null,34300,"HARTSGROVE TOWNSHIP",3]
[null,null,null,null,null,null,34314,"HARTSHORN",3]
[null,null,null,null,null,null,34328,"HARTVILLE",2]
[null,null,null,null,null,null,34342,"HARTWELL",3]
[null,null,null,null,null,null,34384,"HARVEYSBURG",2]
[null,null,null,null,null,null,34390,"HARWOOD",3]
[null,null,null,null,null,null,34398,"HASELTON",3]
[null,null,null,null,null,null,34412,"HASKINS",2]
[null,null,null,null,null,null,34435,"HASTINGS",3]
[null,null,null,null,null,null,34440,"HATCH",3]
[null,null,null,null,null,null,34454,"HATTON",3]
[null,null,null,null,null,null,34468,"HAVANA",3]
[null,null,null,null,null,null,34472,"HAVEN PARK",3]
[null,null,null,null,null,null,34478,"HAVENS",3]
[null,null,null,null,null,null,34482,"HAVENS CORNERS",3]
[null,null,null,null,null,null,34496,"HAVENSPORT",3]
[null,null,null,null,null,null,34510,"HAVEN VIEW",3]
[null,null,null,null,null,null,34524,"HAVERHILL STATION (HISTORICAL)",3]
[null,null,null,null,null,null,34538,"HAVERHILL",3]
[null,null,null,null,null,null,34552,"HAVILAND",2]
[null,null,null,null,null,null,34566,"HAWKS",3]
[null,null,null,null,null,null,34580,"HAYDEN",3]
[null,null,null,null,null,null,34594,"HAYDENVILLE",2]
[null,null,null,null,null,null,34608,"HAYES CORNERS",3]
[null,null,null,null,null,null,34636,"HAYESVILLE",2]
[null,null,null,null,null,null,34650,"HAYESVILLE",3]
[null,null,null,null,null,null,34664,"HAYNES",3]
[null,null,null,null,null,null,34678,"HAYS CORNER",3]
[null,null,null,null,null,null,34692,"HAYWARD",3]
[null,null,null,null,null,null,34700,"HAZAEL",3]
[null,null,null,null,null,null,34706,"HAZELWOOD",3]
[null,null,null,null,null,null,34748,"HEATH",1]
[null,null,null,null,null,null,34770,"HEBARDVILLE",3]
[null,null,null,null,null,null,34790,"HEBRON",2]
[null,null,null,null,null,null,34804,"HECLA",3]
[null,null,null,null,null,null,34807,"HECTOR",3]
[null,null,null,null,null,null,34811,"HEDGES",3]
[null,null,null,null,null,null,34818,"HEGEMANNS LANDING",3]
[null,null,null,null,null,null,34832,"HEIDELBERG BEACH",3]
[null,null,null,null,null,null,34860,"HELENA",2]
[null,null,null,null,null,null,34874,"HELMICK",3]
[null,null,null,null,null,null,34888,"HEMLOCK",2]
[null,null,null,null,null,null,34902,"HEMLOCK GROVE",3]
[null,null,null,null,null,null,34930,"HENDRYSBURG",3]
[null,null,null,null,null,null,34944,"HENLEY",3]
[null,null,null,null,null,null,34950,"HENNINGS MILL",3]
[null,null,null,null,null,null,34972,"HENRIETTA TOWNSHIP",3]
[null,null,null,null,null,null,34979,"HENRIETTA",3]
[null,null,null,null,null,null,34986,"HENRY TOWNSHIP",3]
[null,null,null,null,null,null,35000,"HEPBURN",3]
[null,null,null,null,null,null,35002,"HERBERT CORNERS",3]
[null,null,null,null,null,null,35004,"HEREFORK",3]
[null,null,null,null,null,null,35006,"HERLAN",3]
[null,null,null,null,null,null,35010,"HERMANVILLE",3]
[null,null,null,null,null,null,35014,"HERRICK",3]
[null,null,null,null,null,null,35020,"HESLOP",3]
[null,null,null,null,null,null,35028,"HESSVILLE",2]
[null,null,null,null,null,null,35056,"HESTORIA",3]
[null,null,null,null,null,null,35060,"HEWITT",3]
[null,null,null,null,null,null,35063,"HIBBETTS",3]
[null,null,null,null,null,null,35070,"HICKMAN",3]
[null,null,null,null,null,null,35075,"HICKORY CORNERS",3]
[null,null,null,null,null,null,35080,"HICKORY GROVE",3]
[null,null,null,null,null,null,35085,"HICKORYVILLE",3]
[null,null,null,null,null,null,35090,"HICKS",3]
[null,null,null,null,null,null,35098,"HICKSVILLE",2]
[null,null,null,null,null,null,35112,"HICKSVILLE TOWNSHIP",3]
[null,null,null,null,null,null,35126,"HIDE-A-WAY HILLS",2]
[null,null,null,null,null,null,35140,"HIETT",3]
[null,null,null,null,null,null,35154,"HIGBY",3]
[null,null,null,null,null,null,35168,"HIGGINSPORT",2]
[null,null,null,null,null,null,35182,"HIGH HILL",3]
[null,null,null,null,null,null,35196,"HIGHLAND TOWNSHIP",3]
[null,null,null,null,null,null,35210,"HIGHLAND",2]
[null,null,null,null,null,null,35224,"HIGHLAND STATION",3]
[null,null,null,null,null,null,35238,"HIGHLAND TOWNSHIP",3]
[null,null,null,null,null,null,35245,"HIGHLAND BEND",3]
[null,null,null,null,null,null,35252,"HIGHLAND HEIGHTS",1]
[null,null,null,null,null,null,35255,"HIGHLAND HILLS",2]
[null,null,null,null,null,null,35256,"HIGHLAND HOLIDAY",2]
[null,null,null,null,null,null,35258,"HIGHLAND PARK",3]
[null,null,null,null,null,null,35262,"HIGHLAND PARK",3]
[null,null,null,null,null,null,35294,"HIGHLAND TERRACE",3]
[null,null,null,null,null,null,35308,"HIGHLANDTOWN",3]
[null,null,null,null,null,null,35322,"HIGHPOINT",2]
[null,null,null,null,null,null,35364,"HIGHWATER",3]
[null,null,null,null,null,null,35400,"HILL CRAFT ACRES",3]
[null,null,null,null,null,null,35406,"HILLCREST",3]
[null,null,null,null,null,null,35415,"HILLCREST",3]
[null,null,null,null,null,null,35425,"HILLCREST",3]
[null,null,null,null,null,null,35430,"HILLCREST",3]
[null,null,null,null,null,null,35434,"HILLCREST",3]
[null,null,null,null,null,null,35448,"HILL GROVE",3]
[null,null,null,null,null,null,35462,"HILLIAR TOWNSHIP",3]
[null,null,null,null,null,null,35476,"HILLIARD",1]
[null,null,null,null,null,null,35520,"HILLS",3]
[null,null,null,null,null,null,35532,"HILLS AND DALES",2]
[null,null,null,null,null,null,35560,"HILLSBORO",1]
[null,null,null,null,null,null,35574,"HILLSBORO",3]
[null,null,null,null,null,null,35610,"HILLTOP",3]
[null,null,null,null,null,null,35613,"HILLTOP",2]
[null,null,null,null,null,null,35616,"HILL TOP ACRES",3]
[null,null,null,null,null,null,35630,"HINCKLEY",3]
[null,null,null,null,null,null,35644,"HINCKLEY TOWNSHIP",3]
[null,null,null,null,null,null,35650,"HINTON",3]
[null,null,null,null,null,null,35658,"HIRAM",2]
[null,null,null,null,null,null,35672,"HIRAM TOWNSHIP",3]
[null,null,null,null,null,null,35686,"HIRAM RAPIDS",3]
[null,null,null,null,null,null,35700,"HIRAMSBURG",3]
[null,null,null,null,null,null,35714,"HITCHCOCK",3]
[null,null,null,null,null,null,35720,"HOADLEY",3]
[null,null,null,null,null,null,35728,"HOAGLAND",3]
[null,null,null,null,null,null,35756,"HOAGLIN TOWNSHIP",3]
[null,null,null,null,null,null,35763,"HOAGLIN",3]
[null,null,null,null,null,null,35770,"HOBSON",3]
[null,null,null,null,null,null,35784,"HOBSON JUNCTION",3]
[null,null,null,null,null,null,35790,"HOCKING",3]
[null,null,null,null,null,null,35812,"HOCKING TOWNSHIP",3]
[null,null,null,null,null,null,35826,"HOCKINGPORT",2]
[null,null,null,null,null,null,35835,"HOHMAN",3]
[null,null,null,null,null,null,35840,"HOLDEN",3]
[null,null,null,null,null,null,35854,"HOLGATE",2]
[null,null,null,null,null,null,35860,"HOLIDAY ACRES",3]
[null,null,null,null,null,null,35864,"HOLIDAY CITY",2]
[null,null,null,null,null,null,35866,"HOLIDAY LAKES",2]
[null,null,null,null,null,null,35868,"HOLIDAY VALLEY",2]
[null,null,null,null,null,null,35882,"HOLLAND",2]
[null,null,null,null,null,null,35896,"HOLLANSBURG",2]
[null,null,null,null,null,null,35910,"HOLLISTER",3]
[null,null,null,null,null,null,35924,"HOLLOWAY",2]
[null,null,null,null,null,null,35938,"HOLLOWTOWN",3]
[null,null,null,null,null,null,35945,"HOLLYWOOD ESTATES",3]
[null,null,null,null,null,null,35980,"HOLMES TOWNSHIP",3]
[null,null,null,null,null,null,35994,"HOLMESVILLE",2]
[null,null,null,null,null,null,36000,"HOLT",3]
[null,null,null,null,null,null,36064,"HOMER",3]
[null,null,null,null,null,null,36070,"HOMER",3]
[null,null,null,null,null,null,36078,"HOMER TOWNSHIP",3]
[null,null,null,null,null,null,36092,"HOMER TOWNSHIP",3]
[null,null,null,null,null,null,36106,"HOMERVILLE",3]
[null,null,null,null,null,null,36120,"HOMESIDE",3]
[null,null,null,null,null,null,36162,"HOMEWOOD",3]
[null,null,null,null,null,null,36176,"HOMEWORTH",2]
[null,null,null,null,null,null,36187,"HONESTY",3]
[null,null,null,null,null,null,36190,"HONEYTOWN",3]
[null,null,null,null,null,null,36204,"HOOKER",3]
[null,null,null,null,null,null,36218,"HOOKSBURG",3]
[null,null,null,null,null,null,36224,"HOOKS CORNER",3]
[null,null,null,null,null,null,36232,"HOOVEN",2]
[null,null,null,null,null,null,36246,"HOPE",3]
[null,null,null,null,null,null,36260,"HOPEDALE",2]
[null,null,null,null,null,null,36274,"HOPETOWN",3]
[null,null,null,null,null,null,36302,"HOPEWELL",3]
[null,null,null,null,null,null,36316,"HOPEWELL TOWNSHIP",3]
[null,null,null,null,null,null,36344,"HOPEWELL TOWNSHIP",3]
[null,null,null,null,null,null,36358,"HOPEWELL",3]
[null,null,null,null,null,null,36372,"HOPEWELL TOWNSHIP",3]
[null,null,null,null,null,null,36386,"HOPEWELL TOWNSHIP",3]
[null,null,null,null,null,null,36400,"HOPEWELL TOWNSHIP",3]
[null,null,null,null,null,null,36414,"HOPKINSVILLE",3]
[null,null,null,null,null,null,36428,"HORATIO",3]
[null,null,null,null,null,null,36432,"HORNER HILL",3]
[null,null,null,null,null,null,36438,"HORNS MILL",3]
[null,null,null,null,null,null,36442,"HORTON",3]
[null,null,null,null,null,null,36456,"HORTON",3]
[null,null,null,null,null,null,36470,"HOSKINSVILLE",3]
[null,null,null,null,null,null,36484,"HOUCKTOWN",3]
[null,null,null,null,null,null,36498,"HOUSTON",3]
[null,null,null,null,null,null,36512,"HOWARD",2]
[null,null,null,null,null,null,36526,"HOWARD TOWNSHIP",3]
[null,null,null,null,null,null,36535,"HOWARD FARMS BEACH",3]
[null,null,null,null,null,null,36540,"HOWENSTINE",3]
[null,null,null,null,null,null,36554,"HOWLAND TOWNSHIP",3]
[null,null,null,null,null,null,36557,"HOWLAND CENTER",1]
[null,null,null,null,null,null,36561,"HOWLAND CORNERS",3]
[null,null,null,null,null,null,36568,"HOYTVILLE",2]
[null,null,null,null,null,null,36582,"HUBBARD",1]
[null,null,null,null,null,null,36596,"HUBBARD TOWNSHIP",3]
[null,null,null,null,null,null,36610,"HUBER HEIGHTS",1]
[null,null,null,null,null,null,36624,"HUBER RIDGE",2]
[null,null,null,null,null,null,36651,"HUDSON",1]
[null,null,null,null,null,null,36652,"HUDSON TOWNSHIP",3]
[null,null,null,null,null,null,36680,"HUE",3]
[null,null,null,null,null,null,36694,"HUGHES",3]
[null,null,null,null,null,null,36722,"HULINGTON",3]
[null,null,null,null,null,null,36730,"HULL",3]
[null,null,null,null,null,null,36736,"HULL PRAIRIE",3]
[null,null,null,null,null,null,36764,"HUMBOLDT",3]
[null,null,null,null,null,null,36778,"HUME",3]
[null,null,null,null,null,null,36792,"HUNT",3]
[null,null,null,null,null,null,36798,"HUNTCREST ACRES",3]
[null,null,null,null,null,null,36803,"HUNTER",3]
[null,null,null,null,null,null,36806,"HUNTER",2]
[null,null,null,null,null,null,36820,"HUNTERDON",3]
[null,null,null,null,null,null,36825,"HUNTERSVILLE",3]
[null,null,null,null,null,null,36834,"HUNTINGTON TOWNSHIP",3]
[null,null,null,null,null,null,36848,"HUNTINGTON TOWNSHIP",3]
[null,null,null,null,null,null,36862,"HUNTINGTON",3]
[null,null,null,null,null,null,36876,"HUNTINGTON TOWNSHIP",3]
[null,null,null,null,null,null,36890,"HUNTINGTON TOWNSHIP",3]
[null,null,null,null,null,null,36904,"HUNTINGTON PARK",3]
[null,null,null,null,null,null,36918,"HUNTING VALLEY",2]
[null,null,null,null,null,null,36932,"HUNTSBURG",3]
[null,null,null,null,null,null,36946,"HUNTSBURG TOWNSHIP",3]
[null,null,null,null,null,null,36960,"HUNTS CORNERS",3]
[null,null,null,null,null,null,36974,"HUNTSVILLE",3]
[null,null,null,null,null,null,36988,"HUNTSVILLE",2]
[null,null,null,null,null,null,36995,"HUNTSVILLE",3]
[null,null,null,null,null,null,37002,"HURFORD",3]
[null,null,null,null,null,null,37016,"HURON",1]
[null,null,null,null,null,null,37030,"HURON TOWNSHIP",3]
[null,null,null,null,null,null,37044,"HUSTEAD",3]
[null,null,null,null,null,null,37058,"HYATTS",3]
[null,null,null,null,null,null,37086,"HYDE PARK",3]
[null,null,null,null,null,null,37142,"IBERIA",2]
[null,null,null,null,null,null,37156,"IDAHO",3]
[null,null,null,null,null,null,37165,"IDEAL",3]
[null,null,null,null,null,null,37170,"IDLEWILD",3]
[null,null,null,null,null,null,37175,"IDLEWOOD",3]
[null,null,null,null,null,null,37184,"ILER",3]
[null,null,null,null,null,null,37212,"ILESBORO",3]
[null,null,null,null,null,null,37226,"IMMERGRUN",3]
[null,null,null,null,null,null,37240,"INDEPENDENCE",1]
[null,null,null,null,null,null,37254,"INDEPENDENCE",3]
[null,null,null,null,null,null,37268,"INDEPENDENCE TOWNSHIP",3]
[null,null,null,null,null,null,37282,"INDIAN CAMP",3]
[null,null,null,null,null,null,37310,"INDIAN KNOLLS",3]
[null,null,null,null,null,null,37326,"INDIAN SPRINGS",3]
[null,null,null,null,null,null,37327,"INDIANVIEW",3]
[null,null,null,null,null,null,37330,"INDUSTRY",3]
[null,null,null,null,null,null,37334,"INFANT OF PRAGUE VILLA",3]
[null,null,null,null,null,null,37352,"INGOMAR",3]
[null,null,null,null,null,null,37370,"INLET",3]
[null,null,null,null,null,null,37380,"IRA",3]
[null,null,null,null,null,null,37400,"IRELAND",3]
[null,null,null,null,null,null,37408,"IRON CITY",3]
[null,null,null,null,null,null,37422,"IRONDALE",2]
[null,null,null,null,null,null,37450,"IRONSPOT",3]
[null,null,null,null,null,null,37464,"IRONTON",1]
[null,null,null,null,null,null,37470,"IRONTON JUNCTION",3]
[null,null,null,null,null,null,37478,"IRONVILLE",3]
[null,null,null,null,null,null,37492,"IRVILLE",3]
[null,null,null,null,null,null,37506,"IRVINGTON",3]
[null,null,null,null,null,null,37520,"IRWIN",3]
[null,null,null,null,null,null,37534,"ISLAND CREEK TOWNSHIP",3]
[null,null,null,null,null,null,37548,"ISLAND VIEW",3]
[null,null,null,null,null,null,37576,"ISLETA",3]
[null,null,null,null,null,null,37590,"ISRAEL TOWNSHIP",3]
[null,null,null,null,null,null,37604,"ITHACA",2]
[null,null,null,null,null,null,37618,"IVORYDALE",3]
[null,null,null,null,null,null,37632,"IVORYDALE JUNCTION",3]
[null,null,null,null,null,null,37646,"JACKSON TOWNSHIP",3]
[null,null,null,null,null,null,37660,"JACKSON TOWNSHIP",3]
[null,null,null,null,null,null,37674,"JACKSON TOWNSHIP",3]
[null,null,null,null,null,null,37688,"JACKSON TOWNSHIP",3]
[null,null,null,null,null,null,37702,"JACKSON TOWNSHIP",3]
[null,null,null,null,null,null,37716,"JACKSON TOWNSHIP",3]
[null,null,null,null,null,null,37730,"JACKSON TOWNSHIP",3]
[null,null,null,null,null,null,37744,"JACKSON TOWNSHIP",3]
[null,null,null,null,null,null,37758,"JACKSON TOWNSHIP",3]
[null,null,null,null,null,null,37772,"JACKSON TOWNSHIP",3]
[null,null,null,null,null,null,37786,"JACKSON TOWNSHIP",3]
[null,null,null,null,null,null,37800,"JACKSON TOWNSHIP",3]
[null,null,null,null,null,null,37814,"JACKSON TOWNSHIP",3]
[null,null,null,null,null,null,37828,"JACKSON TOWNSHIP",3]
[null,null,null,null,null,null,37842,"JACKSON",1]
[null,null,null,null,null,null,37856,"JACKSON TOWNSHIP",3]
[null,null,null,null,null,null,37870,"JACKSON TOWNSHIP",3]
[null,null,null,null,null,null,37884,"JACKSON TOWNSHIP",3]
[null,null,null,null,null,null,37898,"JACKSON TOWNSHIP",3]
[null,null,null,null,null,null,37912,"JACKSON TOWNSHIP",3]
[null,null,null,null,null,null,37926,"JACKSON TOWNSHIP",3]
[null,null,null,null,null,null,37940,"JACKSON TOWNSHIP",3]
[null,null,null,null,null,null,37954,"JACKSON TOWNSHIP",3]
[null,null,null,null,null,null,37968,"JACKSON TOWNSHIP",3]
[null,null,null,null,null,null,37982,"JACKSON TOWNSHIP",3]
[null,null,null,null,null,null,37996,"JACKSON TOWNSHIP",3]
[null,null,null,null,null,null,38010,"JACKSON TOWNSHIP",3]
[null,null,null,null,null,null,38024,"JACKSON TOWNSHIP",3]
[null,null,null,null,null,null,38038,"JACKSON TOWNSHIP",3]
[null,null,null,null,null,null,38052,"JACKSON TOWNSHIP",3]
[null,null,null,null,null,null,38066,"JACKSON TOWNSHIP",3]
[null,null,null,null,null,null,38080,"JACKSON TOWNSHIP",3]
[null,null,null,null,null,null,38094,"JACKSON TOWNSHIP",3]
[null,null,null,null,null,null,38108,"JACKSON TOWNSHIP",3]
[null,null,null,null,null,null,38122,"JACKSON TOWNSHIP",3]
[null,null,null,null,null,null,38136,"JACKSON TOWNSHIP",3]
[null,null,null,null,null,null,38150,"JACKSON",3]
[null,null,null,null,null,null,38164,"JACKSON TOWNSHIP",3]
[null,null,null,null,null,null,38178,"JACKSON TOWNSHIP",3]
[null,null,null,null,null,null,38192,"JACKSONBURG",2]
[null,null,null,null,null,null,38220,"JACKSON CENTER",2]
[null,null,null,null,null,null,38234,"JACKSON HEIGHTS",3]
[null,null,null,null,null,null,38248,"JACKSON HEIGHTS",3]
[null,null,null,null,null,null,38270,"JACKSON SPECIAL",3]
[null,null,null,null,null,null,38276,"JACKSONTOWN",3]
[null,null,null,null,null,null,38290,"JACKSONVILLE",3]
[null,null,null,null,null,null,38304,"JACKSONVILLE",2]
[null,null,null,null,null,null,38318,"JACKSONVILLE",3]
[null,null,null,null,null,null,38346,"JACOBSBURG",3]
[null,null,null,null,null,null,38360,"JAITE",3]
[null,null,null,null,null,null,38374,"JAMESTOWN",2]
[null,null,null,null,null,null,38388,"JASPER TOWNSHIP",3]
[null,null,null,null,null,null,38402,"JASPER",3]
[null,null,null,null,null,null,38416,"JASPER MILLS",3]
[null,null,null,null,null,null,38425,"JAYBIRD",3]
[null,null,null,null,null,null,38472,"JEDDOE",3]
[null,null,null,null,null,null,38486,"JEFFERSON TOWNSHIP",3]
[null,null,null,null,null,null,38500,"JEFFERSON",2]
[null,null,null,null,null,null,38514,"JEFFERSON TOWNSHIP",3]
[null,null,null,null,null,null,38528,"JEFFERSON TOWNSHIP",3]
[null,null,null,null,null,null,38542,"JEFFERSON TOWNSHIP",3]
[null,null,null,null,null,null,38556,"JEFFERSON TOWNSHIP",3]
[null,null,null,null,null,null,38570,"JEFFERSON TOWNSHIP",3]
[null,null,null,null,null,null,38584,"JEFFERSON",3]
[null,null,null,null,null,null,38598,"JEFFERSON TOWNSHIP",3]
[null,null,null,null,null,null,38612,"JEFFERSON TOWNSHIP",3]
[null,null,null,null,null,null,38626,"JEFFERSON TOWNSHIP",3]
[null,null,null,null,null,null,38640,"JEFFERSON TOWNSHIP",3]
[null,null,null,null,null,null,38654,"JEFFERSON TOWNSHIP",3]
[null,null,null,null,null,null,38668,"JEFFERSON TOWNSHIP",3]
[null,null,null,null,null,null,38682,"JEFFERSON TOWNSHIP",3]
[null,null,null,null,null,null,38696,"JEFFERSON TOWNSHIP",3]
[null,null,null,null,null,null,38724,"JEFFERSON TOWNSHIP",3]
[null,null,null,null,null,null,38738,"JEFFERSON TOWNSHIP",3]
[null,null,null,null,null,null,38752,"JEFFERSON TOWNSHIP",3]
[null,null,null,null,null,null,38766,"JEFFERSON TOWNSHIP",3]
[null,null,null,null,null,null,38780,"JEFFERSON TOWNSHIP",3]
[null,null,null,null,null,null,38794,"JEFFERSON TOWNSHIP",3]
[null,null,null,null,null,null,38808,"JEFFERSON TOWNSHIP",3]
[null,null,null,null,null,null,38815,"JEFFERSON TOWNSHIP",3]
[null,null,null,null,null,null,38836,"JEFFERSON TOWNSHIP",3]
[null,null,null,null,null,null,38850,"JEFFERSON",3]
[null,null,null,null,null,null,38864,"JEFFERSON TOWNSHIP",3]
[null,null,null,null,null,null,38878,"JEFFERSON ESTATES",3]
[null,null,null,null,null,null,38920,"JEFFERSONVILLE",2]
[null,null,null,null,null,null,38934,"JELLOWAY",3]
[null,null,null,null,null,null,38948,"JENERA",2]
[null,null,null,null,null,null,38976,"JENNINGS TOWNSHIP",3]
[null,null,null,null,null,null,38990,"JENNINGS TOWNSHIP",3]
[null,null,null,null,null,null,39018,"JERICHO",3]
[null,null,null,null,null,null,39025,"JERICHO",3]
[null,null,null,null,null,null,39032,"JEROME",3]
[null,null,null,null,null,null,39046,"JEROME TOWNSHIP",3]
[null,null,null,null,null,null,39060,"JEROMESVILLE",2]
[null,null,null,null,null,null,39074,"JERRY CITY",2]
[null,null,null,null,null,null,39088,"JERSEY",3]
[null,null,null,null,null,null,39102,"JERSEY TOWNSHIP",3]
[null,null,null,null,null,null,39116,"JERUSALEM TOWNSHIP",3]
[null,null,null,null,null,null,39130,"JERUSALEM",2]
[null,null,null,null,null,null,39135,"JESSUP",3]
[null,null,null,null,null,null,39144,"JETHRO",3]
[null,null,null,null,null,null,39158,"JEWELL",3]
[null,null,null,null,null,null,39172,"JEWETT",2]
[null,null,null,null,null,null,39195,"JIMTOWN",3]
[null,null,null,null,null,null,39200,"JOBS",3]
[null,null,null,null,null,null,39205,"JOETOWN",3]
[null,null,null,null,null,null,39228,"JOHNSON TOWNSHIP",3]
[null,null,null,null,null,null,39232,"JOHNSON",3]
[null,null,null,null,null,null,39270,"JOHNSONS CORNERS",3]
[null,null,null,null,null,null,39284,"JOHNSTON",3]
[null,null,null,null,null,null,39298,"JOHNSTON TOWNSHIP",3]
[null,null,null,null,null,null,39312,"JOHNSTON",3]
[null,null,null,null,null,null,39326,"JOHNSTON CORNERS",3]
[null,null,null,null,null,null,39340,"JOHNSTOWN",2]
[null,null,null,null,null,null,39354,"JOHNSVILLE",3]
[null,null,null,null,null,null,39375,"JONES",3]
[null,null,null,null,null,null,39382,"JONESBORO",3]
[null,null,null,null,null,null,39396,"JONESBORO",3]
[null,null,null,null,null,null,39400,"JONES CITY",3]
[null,null,null,null,null,null,39403,"JONES FARM",3]
[null,null,null,null,null,null,39407,"JONESTOWN",3]
[null,null,null,null,null,null,39410,"JONESTOWN",3]
[null,null,null,null,null,null,39415,"JOPPA",3]
[null,null,null,null,null,null,39420,"JORDANVILLE",3]
[null,null,null,null,null,null,39424,"JOY",3]
[null,null,null,null,null,null,39430,"JOYCE",3]
[null,null,null,null,null,null,39438,"JUG RUN",3]
[null,null,null,null,null,null,39445,"JUGS CORNERS",3]
[null,null,null,null,null,null,39455,"JUMBO",3]
[null,null,null,null,null,null,39466,"JUMP",3]
[null,null,null,null,null,null,39480,"JUNCTION",3]
[null,null,null,null,null,null,39508,"JUNCTION CITY",2]
[null,null,null,null,null,null,39515,"JUNIOR FURNACE",3]
[null,null,null,null,null,null,39522,"JUSTUS",3]
[null,null,null,null,null,null,39536,"KALIDA",2]
[null,null,null,null,null,null,39555,"KAMMS CORNER",3]
[null,null,null,null,null,null,39564,"KANAUGA",2]
[null,null,null,null,null,null,39578,"KANSAS",2]
[null,null,null,null,null,null,39585,"KAUKE",3]
[null,null,null,null,null,null,39620,"KEENE",3]
[null,null,null,null,null,null,39634,"KEENE TOWNSHIP",3]
[null,null,null,null,null,null,39645,"KEITH",3]
[null,null,null,null,null,null,39662,"KELLEYS ISLAND",2]
[null,null,null,null,null,null,39690,"KELLOGGSVILLE",3]
[null,null,null,null,null,null,39718,"KEMP",3]
[null,null,null,null,null,null,39732,"KENDALL HEIGHTS",3]
[null,null,null,null,null,null,39740,"KENDEIGH CORNER",3]
[null,null,null,null,null,null,39746,"KENILWORTH",3]
[null,null,null,null,null,null,39760,"KENMORE",3]
[null,null,null,null,null,null,39774,"KENNARD",3]
[null,null,null,null,null,null,39788,"KENNEDY HEIGHTS",3]
[null,null,null,null,null,null,39816,"KENNONSBURG",3]
[null,null,null,null,null,null,39825,"KENNVALE",3]
[null,null,null,null,null,null,39830,"KENO",3]
[null,null,null,null,null,null,39835,"KENRICKSVILLE",3]
[null,null,null,null,null,null,39844,"KENRIDGE",3]
[null,null,null,null,null,null,39858,"KENSINGTON",3]
[null,null,null,null,null,null,39872,"KENT",1]
[null,null,null,null,null,null,39886,"KENTON",1]
[null,null,null,null,null,null,39914,"KENWOOD",1]
[null,null,null,null,null,null,39928,"KENWOOD",3]
[null,null,null,null,null,null,39960,"KENWOOD HILLS",3]
[null,null,null,null,null,null,39965,"KENWOOD KNOLLS",3]
[null,null,null,null,null,null,39984,"KERR",3]
[null,null,null,null,null,null,39998,"KERR",3]
[null,null,null,null,null,null,40026,"KESSLER",3]
[null,null,null,null,null,null,40040,"KETTERING",1]
[null,null,null,null,null,null,40054,"KETTLERSVILLE",2]
[null,null,null,null,null,null,40068,"KEY",3]
[null,null,null,null,null,null,40074,"KEYSTONE",3]
[null,null,null,null,null,null,40078,"KEYSTONE",3]
[null,null,null,null,null,null,40082,"KIDRON STATION",3]
[null,null,null,null,null,null,40096,"KIDRON",2]
[null,null,null,null,null,null,40110,"KIEFERVILLE",3]
[null,null,null,null,null,null,40124,"KILBOURNE",2]
[null,null,null,null,null,null,40166,"KILGORE",3]
[null,null,null,null,null,null,40180,"KILLBUCK",2]
[null,null,null,null,null,null,40194,"KILLBUCK TOWNSHIP",3]
[null,null,null,null,null,null,40215,"KILMER",3]
[null,null,null,null,null,null,40222,"KILVERT",3]
[null,null,null,null,null,null,40236,"KIMBALL",3]
[null,null,null,null,null,null,40250,"KIMBERLY",3]
[null,null,null,null,null,null,40264,"KIMBOLTON",2]
[null,null,null,null,null,null,40268,"KINCAID SPRINGS",3]
[null,null,null,null,null,null,40272,"KINDERHOOK",3]
[null,null,null,null,null,null,40275,"KING CORNERS",3]
[null,null,null,null,null,null,40278,"KINGMAN",3]
[null,null,null,null,null,null,40300,"KINGSBURY",3]
[null,null,null,null,null,null,40320,"KINGSCREEK",3]
[null,null,null,null,null,null,40348,"KINGS MILLS",2]
[null,null,null,null,null,null,40355,"KINGS MINE",3]
[null,null,null,null,null,null,40362,"KINGSTON TOWNSHIP",3]
[null,null,null,null,null,null,40376,"KINGSTON",2]
[null,null,null,null,null,null,40390,"KINGSVILLE",3]
[null,null,null,null,null,null,40404,"KINGSVILLE TOWNSHIP",3]
[null,null,null,null,null,null,40432,"KINGSVILLE ON-THE-LAKE",3]
[null,null,null,null,null,null,40446,"KINGSWAY",3]
[null,null,null,null,null,null,40465,"KINSEY",3]
[null,null,null,null,null,null,40474,"KINSMAN",3]
[null,null,null,null,null,null,40488,"KINSMAN",3]
[null,null,null,null,null,null,40502,"KINSMAN TOWNSHIP",3]
[null,null,null,null,null,null,40507,"KINSMAN CENTER",2]
[null,null,null,null,null,null,40516,"KIOUSVILLE",3]
[null,null,null,null,null,null,40530,"KIPLING",3]
[null,null,null,null,null,null,40544,"KIPTON",2]
[null,null,null,null,null,null,40558,"KIRBY",2]
[null,null,null,null,null,null,40565,"KIRBYVILLE",3]
[null,null,null,null,null,null,40572,"KIRKERSVILLE",2]
[null,null,null,null,null,null,40586,"KIRKPATRICK",3]
[null,null,null,null,null,null,40600,"KIRKWOOD TOWNSHIP",3]
[null,null,null,null,null,null,40614,"KIRKWOOD",3]
[null,null,null,null,null,null,40642,"KIRTLAND",1]
[null,null,null,null,null,null,40670,"KIRTLAND HILLS",2]
[null,null,null,null,null,null,40698,"KITCHEN",3]
[null,null,null,null,null,null,40712,"KITTS HILL",3]
[null,null,null,null,null,null,40745,"KLINES CORNER",3]
[null,null,null,null,null,null,40750,"KLONDIKE",3]
[null,null,null,null,null,null,40754,"KLONDIKE",3]
[null,null,null,null,null,null,40782,"KNOCKEMSTIFF",3]
[null,null,null,null,null,null,40796,"KNOLLWOOD",3]
[null,null,null,null,null,null,40810,"KNOLLWOOD VILLAGE",3]
[null,null,null,null,null,null,40824,"KNOX TOWNSHIP",3]
[null,null,null,null,null,null,40838,"KNOX TOWNSHIP",3]
[null,null,null,null,null,null,40852,"KNOX TOWNSHIP",3]
[null,null,null,null,null,null,40866,"KNOX TOWNSHIP",3]
[null,null,null,null,null,null,40875,"KNOX",3]
[null,null,null,null,null,null,40880,"KNOX TOWNSHIP",3]
[null,null,null,null,null,null,40894,"KNOXDALE",3]
[null,null,null,null,null,null,40908,"KNOXVILLE",3]
[null,null,null,null,null,null,40922,"KOLMONT",3]
[null,null,null,null,null,null,40936,"KOSSUTH",3]
[null,null,null,null,null,null,40964,"KRUMROY",3]
[null,null,null,null,null,null,40978,"KUNKLE",2]
[null,null,null,null,null,null,40992,"KYGER",3]
[null,null,null,null,null,null,41000,"KYLES",3]
[null,null,null,null,null,null,41062,"LACARNE",3]
[null,null,null,null,null,null,41090,"LA CROFT",2]
[null,null,null,null,null,null,41095,"LADD",3]
[null,null,null,null,null,null,41118,"LAFAYETTE",2]
[null,null,null,null,null,null,41132,"LAFAYETTE TOWNSHIP",3]
[null,null,null,null,null,null,41146,"LAFAYETTE",2]
[null,null,null,null,null,null,41160,"LAFAYETTE",3]
[null,null,null,null,null,null,41174,"LAFAYETTE TOWNSHIP",3]
[null,null,null,null,null,null,41180,"LAFEUILLE TERRACE",3]
[null,null,null,null,null,null,41188,"LAFFERTY",2]
[null,null,null,null,null,null,41202,"LAGONDA",3]
[null,null,null,null,null,null,41230,"LAGRANGE",2]
[null,null,null,null,null,null,41244,"LAGRANGE TOWNSHIP",3]
[null,null,null,null,null,null,41258,"LAINGS",3]
[null,null,null,null,null,null,41272,"LAKE TOWNSHIP",3]
[null,null,null,null,null,null,41286,"LAKE TOWNSHIP",3]
[null,null,null,null,null,null,41314,"LAKE TOWNSHIP",3]
[null,null,null,null,null,null,41328,"LAKE TOWNSHIP",3]
[null,null,null,null,null,null,41349,"LAKE BUCKHORN",2]
[null,null,null,null,null,null,41356,"LAKE CABLE",3]
[null,null,null,null,null,null,41363,"LAKE DARBY",2]
[null,null,null,null,null,null,41370,"LAKE FORK",3]
[null,null,null,null,null,null,41373,"LAKE LAKENGREN",2]
[null,null,null,null,null,null,41375,"LAKELAND",3]
[null,null,null,null,null,null,41380,"LAKELAND",3]
[null,null,null,null,null,null,41384,"LAKELAND BEACH",3]
[null,null,null,null,null,null,41398,"LAKELINE",2]
[null,null,null,null,null,null,41419,"LAKE LORELEI",2]
[null,null,null,null,null,null,41426,"LAKE LUCERNE",3]
[null,null,null,null,null,null,41440,"LAKE MILTON",3]
[null,null,null,null,null,null,41443,"LAKE MOHAWK",2]
[null,null,null,null,null,null,41445,"LAKEMONT LANDING",3]
[null,null,null,null,null,null,41454,"LAKEMORE",2]
[null,null,null,null,null,null,41500,"LAKE SENECA",2]
[null,null,null,null,null,null,41524,"LAKESIDE",3]
[null,null,null,null,null,null,41552,"LAKESIDE",2]
[null,null,null,null,null,null,41580,"LAKE SLAGLE",3]
[null,null,null,null,null,null,41597,"LAKE TOMAHAWK",2]
[null,null,null,null,null,null,41600,"LAKE VIEW",3]
[null,null,null,null,null,null,41608,"LAKEVIEW",2]
[null,null,null,null,null,null,41612,"LAKEVIEW",3]
[null,null,null,null,null,null,41615,"LAKEVIEW",3]
[null,null,null,null,null,null,41618,"LAKE VIEW HEIGHTS",3]
[null,null,null,null,null,null,41650,"LAKEVILLE",3]
[null,null,null,null,null,null,41657,"LAKE WAYNOKA",2]
[null,null,null,null,null,null,41664,"LAKEWOOD",1]
[null,null,null,null,null,null,41678,"LA MAR HEIGHTS",3]
[null,null,null,null,null,null,41700,"LAMB CORNERS",3]
[null,null,null,null,null,null,41706,"LAMIRA",3]
[null,null,null,null,null,null,41720,"LANCASTER",1]
[null,null,null,null,null,null,41740,"LANCASTER CITY TOWNSHIP",3]
[null,null,null,null,null,null,41748,"LANDECK",3]
[null,null,null,null,null,null,41755,"LANDEN",1]
[null,null,null,null,null,null,41756,"LANDIN PARK",3]
[null,null,null,null,null,null,41758,"LANDIS",3]
[null,null,null,null,null,null,41760,"LANE",3]
[null,null,null,null,null,null,41832,"LANGSVILLE",3]
[null,null,null,null,null,null,41846,"LANIER TOWNSHIP",3]
[null,null,null,null,null,null,41860,"LANSING",2]
[null,null,null,null,null,null,41895,"LAPORTE",3]
[null,null,null,null,null,null,41898,"LAPPERELL",3]
[null,null,null,null,null,null,41902,"LA RUE",2]
[null,null,null,null,null,null,41910,"LASHLEY",3]
[null,null,null,null,null,null,41916,"LATCHA",3]
[null,null,null,null,null,null,41930,"LATHAM",3]
[null,null,null,null,null,null,41935,"LATHROP",3]
[null,null,null,null,null,null,41944,"LATIMER",3]
[null,null,null,null,null,null,41958,"LATTASBURG",3]
[null,null,null,null,null,null,41972,"LATTAVILLE",3]
[null,null,null,null,null,null,41986,"LATTY",2]
[null,null,null,null,null,null,42000,"LATTY TOWNSHIP",3]
[null,null,null,null,null,null,42028,"LAURA",2]
[null,null,null,null,null,null,42042,"LAUREL",3]
[null,null,null,null,null,null,42056,"LAUREL TOWNSHIP",3]
[null,null,null,null,null,null,42084,"LAURELVILLE",2]
[null,null,null,null,null,null,42112,"LAWCO",3]
[null,null,null,null,null,null,42126,"LAWNDALE",3]
[null,null,null,null,null,null,42140,"LAWRENCE",3]
[null,null,null,null,null,null,42154,"LAWRENCE TOWNSHIP",3]
[null,null,null,null,null,null,42168,"LAWRENCE TOWNSHIP",3]
[null,null,null,null,null,null,42182,"LAWRENCE TOWNSHIP",3]
[null,null,null,null,null,null,42196,"LAWRENCE TOWNSHIP",3]
[null,null,null,null,null,null,42200,"LAWRENCE FURNACE",3]
[null,null,null,null,null,null,42210,"LAWRENCEVILLE",3]
[null,null,null,null,null,null,42224,"LAWSHE",3]
[null,null,null,null,null,null,42238,"LAWYERDALE ESTATES",3]
[null,null,null,null,null,null,42252,"LAYHIGH",3]
[null,null,null,null,null,null,42266,"LAYLAND",3]
[null,null,null,null,null,null,42280,"LAYMAN",3]
[null,null,null,null,null,null,42294,"LEAPER",3]
[null,null,null,null,null,null,42308,"LEAVITTSBURG",2]
[null,null,null,null,null,null,42322,"LEAVITTSVILLE",3]
[null,null,null,null,null,null,42336,"LEBANON TOWNSHIP",3]
[null,null,null,null,null,null,42350,"LEBANON",3]
[null,null,null,null,null,null,42364,"LEBANON",1]
[null,null,null,null,null,null,42406,"LECTA",3]
[null,null,null,null,null,null,42420,"LEE TOWNSHIP",3]
[null,null,null,null,null,null,42434,"LEE TOWNSHIP",3]
[null,null,null,null,null,null,42448,"LEE TOWNSHIP",3]
[null,null,null,null,null,null,42476,"LEESBURG",2]
[null,null,null,null,null,null,42490,"LEESBURG TOWNSHIP",3]
[null,null,null,null,null,null,42504,"LEES CREEK",3]
[null,null,null,null,null,null,42518,"LEESVILLE",2]
[null,null,null,null,null,null,42560,"LEETONIA",2]
[null,null,null,null,null,null,42588,"LEHMKUHL LANDING",3]
[null,null,null,null,null,null,42602,"LEIPSIC",2]
[null,null,null,null,null,null,42616,"LEIPSIC JUNCTION",3]
[null,null,null,null,null,null,42630,"LEISTVILLE",3]
[null,null,null,null,null,null,42637,"LEITH",3]
[null,null,null,null,null,null,42658,"LEMERT",3]
[null,null,null,null,null,null,42672,"LEMON TOWNSHIP",3]
[null,null,null,null,null,null,42686,"LEMOYNE",3]
[null,null,null,null,null,null,42714,"LENA",3]
[null,null,null,null,null,null,42742,"LENOX TOWNSHIP",3]
[null,null,null,null,null,null,42748,"LENOX CENTER",3]
[null,null,null,null,null,null,42756,"LEO",3]
[null,null,null,null,null,null,42770,"LEON",3]
[null,null,null,null,null,null,42784,"LEONARDSBURG",3]
[null,null,null,null,null,null,42798,"LERADO",3]
[null,null,null,null,null,null,42812,"LEROY TOWNSHIP",3]
[null,null,null,null,null,null,42830,"LESMIL",3]
[null,null,null,null,null,null,42840,"LE SOURDSVILLE",3]
[null,null,null,null,null,null,42854,"LESTER",3]
[null,null,null,null,null,null,42868,"LETART TOWNSHIP",3]
[null,null,null,null,null,null,42882,"LETART FALLS",3]
[null,null,null,null,null,null,42896,"LEVANNA",3]
[null,null,null,null,null,null,42910,"LEWIS TOWNSHIP",3]
[null,null,null,null,null,null,42938,"LEWISBURG",2]
[null,null,null,null,null,null,42952,"LEWIS CENTER",3]
[null,null,null,null,null,null,42966,"LEWISTOWN",2]
[null,null,null,null,null,null,42980,"LEWISVILLE",2]
[null,null,null,null,null,null,42994,"LEXINGTON",2]
[null,null,null,null,null,null,43008,"LEXINGTON",3]
[null,null,null,null,null,null,43022,"LEXINGTON TOWNSHIP",3]
[null,null,null,null,null,null,43030,"LEYDA",3]
[null,null,null,null,null,null,43036,"LIBERTY TOWNSHIP",3]
[null,null,null,null,null,null,43050,"LIBERTY TOWNSHIP",3]
[null,null,null,null,null,null,43064,"LIBERTY TOWNSHIP",3]
[null,null,null,null,null,null,43078,"LIBERTY TOWNSHIP",3]
[null,null,null,null,null,null,43092,"LIBERTY TOWNSHIP",3]
[null,null,null,null,null,null,43106,"LIBERTY TOWNSHIP",3]
[null,null,null,null,null,null,43120,"LIBERTY TOWNSHIP",3]
[null,null,null,null,null,null,43134,"LIBERTY TOWNSHIP",3]
[null,null,null,null,null,null,43148,"LIBERTY TOWNSHIP",3]
[null,null,null,null,null,null,43162,"LIBERTY TOWNSHIP",3]
[null,null,null,null,null,null,43176,"LIBERTY TOWNSHIP",3]
[null,null,null,null,null,null,43190,"LIBERTY TOWNSHIP",3]
[null,null,null,null,null,null,43204,"LIBERTY TOWNSHIP",3]
[null,null,null,null,null,null,43218,"LIBERTY TOWNSHIP",3]
[null,null,null,null,null,null,43232,"LIBERTY TOWNSHIP",3]
[null,null,null,null,null,null,43246,"LIBERTY TOWNSHIP",3]
[null,null,null,null,null,null,43260,"LIBERTY TOWNSHIP",3]
[null,null,null,null,null,null,43274,"LIBERTY",3]
[null,null,null,null,null,null,43288,"LIBERTY TOWNSHIP",3]
[null,null,null,null,null,null,43302,"LIBERTY TOWNSHIP",3]
[null,null,null,null,null,null,43316,"LIBERTY TOWNSHIP",3]
[null,null,null,null,null,null,43344,"LIBERTY TOWNSHIP",3]
[null,null,null,null,null,null,43358,"LIBERTY TOWNSHIP",3]
[null,null,null,null,null,null,43372,"LIBERTY TOWNSHIP",3]
[null,null,null,null,null,null,43386,"LIBERTY TOWNSHIP",3]
[null,null,null,null,null,null,43400,"LIBERTY TOWNSHIP",3]
[null,null,null,null,null,null,43414,"LIBERTY CENTER",2]
[null,null,null,null,null,null,43442,"LICK TOWNSHIP",3]
[null,null,null,null,null,null,43456,"LICKING TOWNSHIP",3]
[null,null,null,null,null,null,43470,"LICKING TOWNSHIP",3]
[null,null,null,null,null,null,43484,"LICKING VIEW",3]
[null,null,null,null,null,null,43498,"LICKSKILLET",3]
[null,null,null,null,null,null,43526,"LIGHTSVILLE",3]
[null,null,null,null,null,null,43540,"LILLY CHAPEL",3]
[null,null,null,null,null,null,43554,"LIMA",1]
[null,null,null,null,null,null,43568,"LIMA TOWNSHIP (HISTORICAL)",3]
[null,null,null,null,null,null,43572,"LIMA",3]
[null,null,null,null,null,null,43596,"LIMAVILLE",2]
[null,null,null,null,null,null,43610,"LIME CITY",3]
[null,null,null,null,null,null,43638,"LIMERICK",3]
[null,null,null,null,null,null,43652,"LIMESTONE",3]
[null,null,null,null,null,null,43666,"LIMESTONE CITY",3]
[null,null,null,null,null,null,43680,"LINCOLN TOWNSHIP",3]
[null,null,null,null,null,null,43722,"LINCOLN HEIGHTS",2]
[null,null,null,null,null,null,43755,"LINCOLN HEIGHTS",3]
[null,null,null,null,null,null,43764,"LINCOLN HEIGHTS",3]
[null,null,null,null,null,null,43792,"LINCOLN VILLAGE",1]
[null,null,null,null,null,null,43806,"LINCOLNVILLE",3]
[null,null,null,null,null,null,43834,"LINDALE",3]
[null,null,null,null,null,null,43848,"LINDEN",3]
[null,null,null,null,null,null,43876,"LINDENTREE",3]
[null,null,null,null,null,null,43890,"LINDENWALD",3]
[null,null,null,null,null,null,43904,"LINDSEY",2]
[null,null,null,null,null,null,43918,"LINNDALE",2]
[null,null,null,null,null,null,43932,"LINNVILLE",3]
[null,null,null,null,null,null,43946,"LINNVILLE",3]
[null,null,null,null,null,null,43960,"LINTON TOWNSHIP",3]
[null,null,null,null,null,null,43965,"LINTON MILLS",3]
[null,null,null,null,null,null,43974,"LINWOOD",3]
[null,null,null,null,null,null,43988,"LINWORTH",3]
[null,null,null,null,null,null,44002,"LIPPINCOTT",3]
[null,null,null,null,null,null,44016,"LISBON",3]
[null,null,null,null,null,null,44030,"LISBON",2]
[null,null,null,null,null,null,44044,"LISMAN",3]
[null,null,null,null,null,null,44058,"LITCHFIELD",3]
[null,null,null,null,null,null,44072,"LITCHFIELD TOWNSHIP",3]
[null,null,null,null,null,null,44086,"LITHOPOLIS",2]
[null,null,null,null,null,null,44095,"LITTLE CENTER",3]
[null,null,null,null,null,null,44100,"LITTLE CHICAGO",3]
[null,null,null,null,null,null,44128,"LITTLE HOCKING",2]
[null,null,null,null,null,null,44135,"LITTLE MOUNTAIN",3]
[null,null,null,null,null,null,44142,"LITTLE RICHMOND",3]
[null,null,null,null,null,null,44156,"LITTLE SANDUSKY",3]
[null,null,null,null,null,null,44170,"LITTLE WALNUT",3]
[null,null,null,null,null,null,44184,"LITTLE WASHINGTON",3]
[null,null,null,null,null,null,44198,"LITTLE YORK",3]
[null,null,null,null,null,null,44212,"LITTLE YORK",3]
[null,null,null,null,null,null,44226,"LIVERPOOL TOWNSHIP",3]
[null,null,null,null,null,null,44240,"LIVERPOOL TOWNSHIP",3]
[null,null,null,null,null,null,44275,"LLOYD CORNERS",3]
[null,null,null,null,null,null,44282,"LLOYDSVILLE",3]
[null,null,null,null,null,null,44296,"LOCK",3]
[null,null,null,null,null,null,44310,"LOCKBOURNE",2]
[null,null,null,null,null,null,44338,"LOCKHART",3]
[null,null,null,null,null,null,44352,"LOCKINGTON",2]
[null,null,null,null,null,null,44366,"LOCKLAND",2]
[null,null,null,null,null,null,44385,"LOCK PORT",3]
[null,null,null,null,null,null,44400,"LOCK SEVENTEEN",3]
[null,null,null,null,null,null,44408,"LOCK TWO",3]
[null,null,null,null,null,null,44422,"LOCKVILLE STATION",3]
[null,null,null,null,null,null,44436,"LOCKVILLE",3]
[null,null,null,null,null,null,44450,"LOCKWOOD",3]
[null,null,null,null,null,null,44464,"LOCKWOOD CORNERS",3]
[null,null,null,null,null,null,44492,"LOCUST CORNER",3]
[null,null,null,null,null,null,44500,"LOCUST FORK",3]
[null,null,null,null,null,null,44506,"LOCUST GROVE",3]
[null,null,null,null,null,null,44525,"LOCUST GROVE",3]
[null,null,null,null,null,null,44534,"LOCUST GROVE",3]
[null,null,null,null,null,null,44548,"LOCUST LAKE",3]
[null,null,null,null,null,null,44562,"LOCUST POINT",3]
[null,null,null,null,null,null,44576,"LOCUST RIDGE",3]
[null,null,null,null,null,null,44590,"LODI TOWNSHIP",3]
[null,null,null,null,null,null,44604,"LODI",2]
[null,null,null,null,null,null,44618,"LOGAN TOWNSHIP",3]
[null,null,null,null,null,null,44632,"LOGAN",1]
[null,null,null,null,null,null,44636,"LOGAN ELM VILLAGE",2]
[null,null,null,null,null,null,44646,"LOGANSVILLE",3]
[null,null,null,null,null,null,44650,"LOGTOWN",3]
[null,null,null,null,null,null,44660,"LOMBARDSVILLE",3]
[null,null,null,null,null,null,44674,"LONDON",1]
[null,null,null,null,null,null,44688,"LONDON",3]
[null,null,null,null,null,null,44702,"LONDONDERRY",3]
[null,null,null,null,null,null,44716,"LONDONDERRY TOWNSHIP",3]
[null,null,null,null,null,null,44730,"LONDONDERRY",3]
[null,null,null,null,null,null,44744,"LONG",3]
[null,null,null,null,null,null,44758,"LONG BEACH",3]
[null,null,null,null,null,null,44772,"LONG BOTTOM",3]
[null,null,null,null,null,null,44780,"LONGLEY",3]
[null,null,null,null,null,null,44786,"LONG RUN",3]
[null,null,null,null,null,null,44814,"LONGSTRETH",3]
[null,null,null,null,null,null,44828,"LONGVIEW HEIGHTS",3]
[null,null,null,null,null,null,44842,"LONGVUE",3]
[null,null,null,null,null,null,44850,"LOOMIS",3]
[null,null,null,null,null,null,44856,"LORAIN",1]
[null,null,null,null,null,null,44884,"LORAMIE TOWNSHIP",3]
[null,null,null,null,null,null,44912,"LORDSTOWN",2]
[null,null,null,null,null,null,44954,"LORE CITY",2]
[null,null,null,null,null,null,44960,"LOSANTVILLE TRIANGLE",3]
[null,null,null,null,null,null,44968,"LOSTCREEK TOWNSHIP",3]
[null,null,null,null,null,null,44996,"LOTTRIDGE",3]
[null,null,null,null,null,null,45010,"LOUDEN",3]
[null,null,null,null,null,null,45038,"LOUDON TOWNSHIP",3]
[null,null,null,null,null,null,45052,"LOUDON TOWNSHIP",3]
[null,null,null,null,null,null,45056,"LOUDON",3]
[null,null,null,null,null,null,45066,"LOUDONVILLE",2]
[null,null,null,null,null,null,45080,"LOUISVILLE",3]
[null,null,null,null,null,null,45094,"LOUISVILLE",1]
[null,null,null,null,null,null,45108,"LOVELAND",1]
[null,null,null,null,null,null,45122,"LOVELAND PARK",2]
[null,null,null,null,null,null,45136,"LOVELL",3]
[null,null,null,null,null,null,45150,"LOWELL",3]
[null,null,null,null,null,null,45164,"LOWELL",2]
[null,null,null,null,null,null,45178,"LOWELLVILLE",2]
[null,null,null,null,null,null,45206,"LOWER NEWPORT",3]
[null,null,null,null,null,null,45220,"LOWER SALEM",2]
[null,null,null,null,null,null,45225,"LOW GAP",3]
[null,null,null,null,null,null,45250,"LOYS CORNERS",3]
[null,null,null,null,null,null,45276,"LUCAS",2]
[null,null,null,null,null,null,45290,"LUCASBURG",3]
[null,null,null,null,null,null,45304,"LUCASVILLE",2]
[null,null,null,null,null,null,45318,"LUCERNE",3]
[null,null,null,null,null,null,45332,"LUCKEY",2]
[null,null,null,null,null,null,45346,"LUDINGTON",3]
[null,null,null,null,null,null,45360,"LUDLOW TOWNSHIP",3]
[null,null,null,null,null,null,45374,"LUDLOW FALLS",2]
[null,null,null,null,null,null,45395,"LUHRIG",3]
[null,null,null,null,null,null,45405,"LUKE CHUTE",3]
[null,null,null,null,null,null,45416,"LUMBERTON",3]
[null,null,null,null,null,null,45430,"LUNDA",3]
[null,null,null,null,null,null,45444,"LURAY",3]
[null,null,null,null,null,null,45458,"LURAY",3]
[null,null,null,null,null,null,45465,"LUTTRELL",3]
[null,null,null,null,null,null,45475,"LYBRAND",3]
[null,null,null,null,null,null,45486,"LYKENS",3]
[null,null,null,null,null,null,45500,"LYKENS TOWNSHIP",3]
[null,null,null,null,null,null,45514,"LYME TOWNSHIP",3]
[null,null,null,null,null,null,45528,"LYNCHBURG",3]
[null,null,null,null,null,null,45542,"LYNCHBURG",2]
[null,null,null,null,null,null,45556,"LYNDHURST",1]
[null,null,null,null,null,null,45584,"LYNDON",3]
[null,null,null,null,null,null,45598,"LYNN TOWNSHIP",3]
[null,null,null,null,null,null,45602,"LYNN",3]
[null,null,null,null,null,null,45605,"LYNNS CORNERS",3]
[null,null,null,null,null,null,45608,"LYNNVIEW",3]
[null,null,null,null,null,null,45612,"LYNX",3]
[null,null,null,null,null,null,45626,"LYONS",2]
[null,null,null,null,null,null,45640,"LYRA",3]
[null,null,null,null,null,null,45654,"LYTLE",3]
[null,null,null,null,null,null,45668,"LYTTON",3]
[null,null,null,null,null,null,45682,"MCARTHUR TOWNSHIP",3]
[null,null,null,null,null,null,45696,"MCARTHUR",2]
[null,null,null,null,null,null,45700,"MCAVAN",3]
[null,null,null,null,null,null,45710,"MCCANCE",3]
[null,null,null,null,null,null,45724,"MCCARTYVILLE",3]
[null,null,null,null,null,null,45752,"MCCLAINVILLE",3]
[null,null,null,null,null,null,45775,"MCCLIMANSVILLE",3]
[null,null,null,null,null,null,45780,"MCCLINTOCKSBURG",3]
[null,null,null,null,null,null,45794,"MCCLURE",2]
[null,null,null,null,null,null,45808,"MCCOMB",2]
[null,null,null,null,null,null,45822,"MCCONNELSVILLE",2]
[null,null,null,null,null,null,45830,"MCCOPPIN MILL",3]
[null,null,null,null,null,null,45878,"MCCUNEVILLE",3]
[null,null,null,null,null,null,45892,"MCCUTCHENVILLE",2]
[null,null,null,null,null,null,45900,"MCDANIEL CROSSROAD",3]
[null,null,null,null,null,null,45906,"MCDERMOTT",2]
[null,null,null,null,null,null,45920,"MCDONALD TOWNSHIP",3]
[null,null,null,null,null,null,45925,"MCDONALD",3]
[null,null,null,null,null,null,45934,"MCDONALD",2]
[null,null,null,null,null,null,45948,"MCDONALDSVILLE",3]
[null,null,null,null,null,null,45962,"MACEDON",3]
[null,null,null,null,null,null,45970,"MACEDONIA",3]
[null,null,null,null,null,null,45976,"MACEDONIA",1]
[null,null,null,null,null,null,46004,"MCFARLANDS CORNERS",3]
[null,null,null,null,null,null,46010,"MCGAW",3]
[null,null,null,null,null,null,46018,"MCGILL",3]
[null,null,null,null,null,null,46032,"MCGONIGLE",3]
[null,null,null,null,null,null,46046,"MCGUFFEY",2]
[null,null,null,null,null,null,46060,"MCGUFFEY HEIGHTS",3]
[null,null,null,null,null,null,46074,"MCINTYRE",3]
[null,null,null,null,null,null,46088,"MACK",1]
[null,null,null,null,null,null,46102,"MCKAY",3]
[null,null,null,null,null,null,46110,"MCKAYS CORNERS",3]
[null,null,null,null,null,null,46116,"MCKEAN TOWNSHIP",3]
[null,null,null,null,null,null,46125,"MCKENDREE",3]
[null,null,null,null,null,null,46144,"MCKINLEY HEIGHTS",2]
[null,null,null,null,null,null,46151,"MACK NORTH (HISTORICAL)",3]
[null,null,null,null,null,null,46158,"MACKSBURG",2]
[null,null,null,null,null,null,46162,"MACK SOUTH (HISTORICAL)",3]
[null,null,null,null,null,null,46165,"MACKSTOWN",3]
[null,null,null,null,null,null,46172,"MCLEAN TOWNSHIP",3]
[null,null,null,null,null,null,46186,"MCLEISH",3]
[null,null,null,null,null,null,46200,"MCLUNEY",3]
[null,null,null,null,null,null,46214,"MCMORRAN",3]
[null,null,null,null,null,null,46220,"MACOCHEE CASTLE",3]
[null,null,null,null,null,null,46228,"MACON",3]
[null,null,null,null,null,null,46242,"MCVITTY",3]
[null,null,null,null,null,null,46270,"MCZENA",3]
[null,null,null,null,null,null,46275,"MADDEN CORNERS",3]
[null,null,null,null,null,null,46312,"MADEIRA",1]
[null,null,null,null,null,null,46340,"MADISON TOWNSHIP",3]
[null,null,null,null,null,null,46354,"MADISON TOWNSHIP",3]
[null,null,null,null,null,null,46368,"MADISON TOWNSHIP",3]
[null,null,null,null,null,null,46382,"MADISON TOWNSHIP",3]
[null,null,null,null,null,null,46396,"MADISON TOWNSHIP",3]
[null,null,null,null,null,null,46410,"MADISON TOWNSHIP",3]
[null,null,null,null,null,null,46424,"MADISON TOWNSHIP",3]
[null,null,null,null,null,null,46438,"MADISON TOWNSHIP",3]
[null,null,null,null,null,null,46452,"MADISON TOWNSHIP",3]
[null,null,null,null,null,null,46466,"MADISON TOWNSHIP",3]
[null,null,null,null,null,null,46480,"MADISON",2]
[null,null,null,null,null,null,46494,"MADISON TOWNSHIP",3]
[null,null,null,null,null,null,46508,"MADISON TOWNSHIP",3]
[null,null,null,null,null,null,46522,"MADISON TOWNSHIP (HISTORICAL)",3]
[null,null,null,null,null,null,46536,"MADISON TOWNSHIP",3]
[null,null,null,null,null,null,46550,"MADISON TOWNSHIP",3]
[null,null,null,null,null,null,46564,"MADISON TOWNSHIP",3]
[null,null,null,null,null,null,46578,"MADISON TOWNSHIP",3]
[null,null,null,null,null,null,46592,"MADISON TOWNSHIP",3]
[null,null,null,null,null,null,46606,"MADISON TOWNSHIP",3]
[null,null,null,null,null,null,46620,"MADISON TOWNSHIP",3]
[null,null,null,null,null,null,46634,"MADISON TOWNSHIP",3]
[null,null,null,null,null,null,46662,"MADISONBURG",3]
[null,null,null,null,null,null,46680,"MADISON HILL",3]
[null,null,null,null,null,null,46685,"MADISON LAKE",3]
[null,null,null,null,null,null,46704,"MADISON MILLS",3]
[null,null,null,null,null,null,46732,"MADISON-ON-THE-LAKE",3]
[null,null,null,null,null,null,46746,"MADISONVILLE",3]
[null,null,null,null,null,null,46760,"MAD RIVER TOWNSHIP",3]
[null,null,null,null,null,null,46774,"MAD RIVER",3]
[null,null,null,null,null,null,46788,"MAD RIVER TOWNSHIP",3]
[null,null,null,null,null,null,46830,"MAGNETIC SPRINGS",2]
[null,null,null,null,null,null,46844,"MAGNOLIA",2]
[null,null,null,null,null,null,46850,"MAHONING",3]
[null,null,null,null,null,null,46872,"MAINEVILLE",2]
[null,null,null,null,null,null,46886,"MAINSVILLE",3]
[null,null,null,null,null,null,46914,"MALAGA",3]
[null,null,null,null,null,null,46928,"MALAGA TOWNSHIP",3]
[null,null,null,null,null,null,46942,"MALINTA",2]
[null,null,null,null,null,null,46956,"MALLET CREEK",3]
[null,null,null,null,null,null,46970,"MALTA",2]
[null,null,null,null,null,null,46984,"MALTA TOWNSHIP",3]
[null,null,null,null,null,null,46998,"MALVERN",2]
[null,null,null,null,null,null,47005,"MANARA",3]
[null,null,null,null,null,null,47012,"MANCHESTER",2]
[null,null,null,null,null,null,47026,"MANCHESTER TOWNSHIP",3]
[null,null,null,null,null,null,47040,"MANCHESTER TOWNSHIP",3]
[null,null,null,null,null,null,47054,"MANCHESTER",3]
[null,null,null,null,null,null,47068,"MANDALE",3]
[null,null,null,null,null,null,47110,"MANN",3]
[null,null,null,null,null,null,47138,"MANSFIELD",1]
[null,null,null,null,null,null,47152,"MANSFIELD TOWNSHIP",3]
[null,null,null,null,null,null,47180,"MANTUA",2]
[null,null,null,null,null,null,47194,"MANTUA TOWNSHIP",3]
[null,null,null,null,null,null,47208,"MANTUA CENTER",3]
[null,null,null,null,null,null,47222,"MANTUA CORNERS",3]
[null,null,null,null,null,null,47264,"MAPLE CORNER",3]
[null,null,null,null,null,null,47270,"MAPLE GROVE",3]
[null,null,null,null,null,null,47278,"MAPLE GROVE",3]
[null,null,null,null,null,null,47292,"MAPLE GROVE",3]
[null,null,null,null,null,null,47306,"MAPLE HEIGHTS",1]
[null,null,null,null,null,null,47362,"MAPLE RIDGE",2]
[null,null,null,null,null,null,47376,"MAPLESHADE",3]
[null,null,null,null,null,null,47390,"MAPLETON",3]
[null,null,null,null,null,null,47418,"MAPLE VALLEY",3]
[null,null,null,null,null,null,47432,"MAPLEWOOD",3]
[null,null,null,null,null,null,47445,"MAPLEWOOD PARK",2]
[null,null,null,null,null,null,47460,"MARATHON",3]
[null,null,null,null,null,null,47474,"MARBLE CLIFF",2]
[null,null,null,null,null,null,47488,"MARBLE FURNACE",3]
[null,null,null,null,null,null,47502,"MARBLEHEAD",2]
[null,null,null,null,null,null,47544,"MARCY",3]
[null,null,null,null,null,null,47558,"MARENGO",2]
[null,null,null,null,null,null,47572,"MARGARETTA TOWNSHIP",3]
[null,null,null,null,null,null,47586,"MARIA STEIN",3]
[null,null,null,null,null,null,47600,"MARIEMONT",2]
[null,null,null,null,null,null,47628,"MARIETTA",1]
[null,null,null,null,null,null,47642,"MARIETTA TOWNSHIP",3]
[null,null,null,null,null,null,47656,"MARION TOWNSHIP",3]
[null,null,null,null,null,null,47670,"MARION TOWNSHIP",3]
[null,null,null,null,null,null,47684,"MARION TOWNSHIP",3]
[null,null,null,null,null,null,47698,"MARION TOWNSHIP",3]
[null,null,null,null,null,null,47712,"MARION TOWNSHIP",3]
[null,null,null,null,null,null,47726,"MARION TOWNSHIP",3]
[null,null,null,null,null,null,47740,"MARION TOWNSHIP",3]
[null,null,null,null,null,null,47754,"MARION",1]
[null,null,null,null,null,null,47768,"MARION TOWNSHIP",3]
[null,null,null,null,null,null,47782,"MARION TOWNSHIP",3]
[null,null,null,null,null,null,47796,"MARION TOWNSHIP",3]
[null,null,null,null,null,null,47810,"MARION TOWNSHIP",3]
[null,null,null,null,null,null,47824,"MARION TOWNSHIP",3]
[null,null,null,null,null,null,47852,"MARK TOWNSHIP",3]
[null,null,null,null,null,null,47866,"MARK CENTER",3]
[null,null,null,null,null,null,47894,"MARLAIN ACRES",3]
[null,null,null,null,null,null,47908,"MARLBORO TOWNSHIP",3]
[null,null,null,null,null,null,47922,"MARLBORO",3]
[null,null,null,null,null,null,47936,"MARLBORO TOWNSHIP",3]
[null,null,null,null,null,null,47945,"MARL CITY",3]
[null,null,null,null,null,null,47950,"MARNE",2]
[null,null,null,null,null,null,47955,"MARQUAND MILLS",3]
[null,null,null,null,null,null,47964,"MARQUIS",3]
[null,null,null,null,null,null,47978,"MARR",3]
[null,null,null,null,null,null,47992,"MARSEILLES",2]
[null,null,null,null,null,null,48006,"MARSEILLES TOWNSHIP",3]
[null,null,null,null,null,null,48020,"MARSHALL",3]
[null,null,null,null,null,null,48034,"MARSHALL TOWNSHIP",3]
[null,null,null,null,null,null,48048,"MARSHALLVILLE",2]
[null,null,null,null,null,null,48062,"MARTEL",3]
[null,null,null,null,null,null,48076,"MARTIN",3]
[null,null,null,null,null,null,48090,"MARTINSBURG",2]
[null,null,null,null,null,null,48104,"MARTINS FERRY",1]
[null,null,null,null,null,null,48118,"MARTINSVILLE",2]
[null,null,null,null,null,null,48125,"MARTINSVILLE",3]
[null,null,null,null,null,null,48132,"MARY ANN TOWNSHIP",3]
[null,null,null,null,null,null,48155,"MARYSVILLE",3]
[null,null,null,null,null,null,48160,"MARYSVILLE",1]
[null,null,null,null,null,null,48174,"MASON TOWNSHIP",3]
[null,null,null,null,null,null,48188,"MASON",1]
[null,null,null,null,null,null,48216,"MASSIE TOWNSHIP",3]
[null,null,null,null,null,null,48230,"MASSIEVILLE",3]
[null,null,null,null,null,null,48244,"MASSILLON",1]
[null,null,null,null,null,null,48272,"MASURY",2]
[null,null,null,null,null,null,48286,"MATAMORAS",2]
[null,null,null,null,null,null,48300,"MATVILLE",3]
[null,null,null,null,null,null,48314,"MAUD",3]
[null,null,null,null,null,null,48342,"MAUMEE",1]
[null,null,null,null,null,null,48356,"MAUSTOWN",3]
[null,null,null,null,null,null,48370,"MAXIMO",3]
[null,null,null,null,null,null,48398,"MAXVILLE",3]
[null,null,null,null,null,null,48412,"MAYBEE",3]
[null,null,null,null,null,null,48454,"MAYFIELD",3]
[null,null,null,null,null,null,48468,"MAYFIELD",2]
[null,null,null,null,null,null,48482,"MAYFIELD HEIGHTS",1]
[null,null,null,null,null,null,48496,"MAYFLOWER VILLAGE",3]
[null,null,null,null,null,null,48524,"MAY HILL",3]
[null,null,null,null,null,null,48538,"MAYNARD",3]
[null,null,null,null,null,null,48552,"MAYSVILLE",3]
[null,null,null,null,null,null,48558,"MAYSVILLE",3]
[null,null,null,null,null,null,48562,"MAYSVILLE",3]
[null,null,null,null,null,null,48566,"MAYSVILLE",3]
[null,null,null,null,null,null,48580,"MEAD TOWNSHIP",3]
[null,null,null,null,null,null,48594,"MEADE",3]
[null,null,null,null,null,null,48608,"MEADOWBROOK",3]
[null,null,null,null,null,null,48643,"MEADOWVALE",3]
[null,null,null,null,null,null,48660,"MECCA",3]
[null,null,null,null,null,null,48678,"MECCA TOWNSHIP",3]
[null,null,null,null,null,null,48692,"MECHANIC TOWNSHIP",3]
[null,null,null,null,null,null,48706,"MECHANICSBURG",2]
[null,null,null,null,null,null,48720,"MECHANICSBURG",3]
[null,null,null,null,null,null,48730,"MECHANICSBURG",3]
[null,null,null,null,null,null,48748,"MECHANICSBURG",3]
[null,null,null,null,null,null,48762,"MECHANICSTOWN",3]
[null,null,null,null,null,null,48776,"MECHANICSVILLE",3]
[null,null,null,null,null,null,48790,"MEDINA",1]
[null,null,null,null,null,null,48804,"MEDINA TOWNSHIP",3]
[null,null,null,null,null,null,48832,"MEDWAY",3]
[null,null,null,null,null,null,48848,"MEDINA CITY TOWNSHIP",3]
[null,null,null,null,null,null,48860,"MEEKER",3]
[null,null,null,null,null,null,48888,"MEIGS TOWNSHIP",3]
[null,null,null,null,null,null,48895,"MEIGS",3]
[null,null,null,null,null,null,48902,"MEIGS",3]
[null,null,null,null,null,null,48916,"MEIGS TOWNSHIP",3]
[null,null,null,null,null,null,48930,"MEIGSVILLE TOWNSHIP",3]
[null,null,null,null,null,null,48944,"MELBERN",3]
[null,null,null,null,null,null,48972,"MELMORE",2]
[null,null,null,null,null,null,49000,"MELROSE",2]
[null,null,null,null,null,null,49014,"MELVIN",3]
[null,null,null,null,null,null,49028,"MEMPHIS",3]
[null,null,null,null,null,null,49042,"MENDON",2]
[null,null,null,null,null,null,49056,"MENTOR",1]
[null,null,null,null,null,null,49084,"MENTOR HEADLANDS",3]
[null,null,null,null,null,null,49098,"MENTOR-ON-THE-LAKE",1]
[null,null,null,null,null,null,49120,"MENTZER",3]
[null,null,null,null,null,null,49126,"MERCER",3]
[null,null,null,null,null,null,49140,"MERCERVILLE",3]
[null,null,null,null,null,null,49168,"MERMILL",3]
[null,null,null,null,null,null,49182,"MERRIAM",3]
[null,null,null,null,null,null,49185,"MERRITT",3]
[null,null,null,null,null,null,49189,"MERWIN",3]
[null,null,null,null,null,null,49196,"MESOPOTAMIA",3]
[null,null,null,null,null,null,49210,"MESOPOTAMIA TOWNSHIP",3]
[null,null,null,null,null,null,49238,"METAMORA",2]
[null,null,null,null,null,null,49245,"METHAM",3]
[null,null,null,null,null,null,49252,"METZGER",3]
[null,null,null,null,null,null,49266,"MEXICO",3]
[null,null,null,null,null,null,49294,"MEYERS LAKE",2]
[null,null,null,null,null,null,49322,"MIAMI TOWNSHIP",3]
[null,null,null,null,null,null,49336,"MIAMI TOWNSHIP",3]
[null,null,null,null,null,null,49364,"MIAMI TOWNSHIP",3]
[null,null,null,null,null,null,49378,"MIAMI TOWNSHIP",3]
[null,null,null,null,null,null,49392,"MIAMI TOWNSHIP",3]
[null,null,null,null,null,null,49418,"MIAMI GROVE",3]
[null,null,null,null,null,null,49420,"MIAMI HEIGHTS",2]
[null,null,null,null,null,null,49434,"MIAMISBURG",1]
[null,null,null,null,null,null,49462,"MIAMITOWN",2]
[null,null,null,null,null,null,49490,"MIAMI VILLA",3]
[null,null,null,null,null,null,49504,"MIAMIVILLE",2]
[null,null,null,null,null,null,49532,"MIDDLE BASS",3]
[null,null,null,null,null,null,49560,"MIDDLEBORO",3]
[null,null,null,null,null,null,49574,"MIDDLEBOURNE",3]
[null,null,null,null,null,null,49588,"MIDDLEBRANCH",3]
[null,null,null,null,null,null,49612,"MIDDLEBURG",3]
[null,null,null,null,null,null,49616,"MIDDLEBURG",3]
[null,null,null,null,null,null,49630,"MIDDLEBURG",3]
[null,null,null,null,null,null,49644,"MIDDLEBURG HEIGHTS",1]
[null,null,null,null,null,null,49658,"MIDDLEBURY TOWNSHIP",3]
[null,null,null,null,null,null,49672,"MIDDLEBURY",3]
[null,null,null,null,null,null,49700,"MIDDLEFIELD",2]
[null,null,null,null,null,null,49714,"MIDDLEFIELD TOWNSHIP",3]
[null,null,null,null,null,null,49728,"MIDDLE POINT",2]
[null,null,null,null,null,null,49756,"MIDDLEPORT",2]
[null,null,null,null,null,null,49770,"MIDDLETON",3]
[null,null,null,null,null,null,49784,"MIDDLETON TOWNSHIP",3]
[null,null,null,null,null,null,49812,"MIDDLETON TOWNSHIP",3]
[null,null,null,null,null,null,49826,"MIDDLETON CORNER",3]
[null,null,null,null,null,null,49840,"MIDDLETOWN",1]
[null,null,null,null,null,null,49854,"MIDDLETOWN",3]
[null,null,null,null,null,null,49868,"MIDDLETOWN",3]
[null,null,null,null,null,null,49896,"MIDLAND",2]
[null,null,null,null,null,null,49966,"MIDVALE",2]
[null,null,null,null,null,null,49980,"MIDWAY",3]
[null,null,null,null,null,null,49985,"MIDWAY",3]
[null,null,null,null,null,null,49994,"MIDWAY",3]
[null,null,null,null,null,null,50008,"MIDWAY",2]
[null,null,null,null,null,null,50012,"MIDWAY",3]
[null,null,null,null,null,null,50018,"MIDWAY",3]
[null,null,null,null,null,null,50036,"MIFFLIN",2]
[null,null,null,null,null,null,50050,"MIFFLIN TOWNSHIP",3]
[null,null,null,null,null,null,50064,"MIFFLIN TOWNSHIP",3]
[null,null,null,null,null,null,50078,"MIFFLIN TOWNSHIP",3]
[null,null,null,null,null,null,50092,"MIFFLIN TOWNSHIP",3]
[null,null,null,null,null,null,50106,"MIFFLIN TOWNSHIP",3]
[null,null,null,null,null,null,50120,"MIFFLINVILLE",3]
[null,null,null,null,null,null,50134,"MILAN",2]
[null,null,null,null,null,null,50148,"MILAN TOWNSHIP",3]
[null,null,null,null,null,null,50155,"MILEY CROSSROADS",3]
[null,null,null,null,null,null,50162,"MILFORD TOWNSHIP",3]
[null,null,null,null,null,null,50176,"MILFORD",1]
[null,null,null,null,null,null,50190,"MILFORD TOWNSHIP",3]
[null,null,null,null,null,null,50204,"MILFORD TOWNSHIP",3]
[null,null,null,null,null,null,50218,"MILFORD CENTER",2]
[null,null,null,null,null,null,50232,"MILL TOWNSHIP",3]
[null,null,null,null,null,null,50246,"MILLBROOK",3]
[null,null,null,null,null,null,50260,"MILLBURY",2]
[null,null,null,null,null,null,50274,"MILL CREEK TOWNSHIP",3]
[null,null,null,null,null,null,50288,"MILLCREEK TOWNSHIP",3]
[null,null,null,null,null,null,50302,"MILL CREEK TOWNSHIP",3]
[null,null,null,null,null,null,50316,"MILLEDGEVILLE",2]
[null,null,null,null,null,null,50330,"MILLER TOWNSHIP",3]
[null,null,null,null,null,null,50344,"MILLER",3]
[null,null,null,null,null,null,50358,"MILLER CITY",2]
[null,null,null,null,null,null,50365,"MILLER GROVE",3]
[null,null,null,null,null,null,50372,"MILLERSBURG",2]
[null,null,null,null,null,null,50390,"MILLERS CORNERS",3]
[null,null,null,null,null,null,50395,"MILLERS CORNERS",3]
[null,null,null,null,null,null,50400,"MILLERSPORT",2]
[null,null,null,null,null,null,50414,"MILLERSTOWN",3]
[null,null,null,null,null,null,50428,"MILLERSVILLE",3]
[null,null,null,null,null,null,50442,"MILLERTOWN",3]
[null,null,null,null,null,null,50456,"MILLFIELD",2]
[null,null,null,null,null,null,50465,"MILL GROVE",3]
[null,null,null,null,null,null,50470,"MILLIGAN",3]
[null,null,null,null,null,null,50484,"MILLPORT",3]
[null,null,null,null,null,null,50498,"MILLPORT",3]
[null,null,null,null,null,null,50512,"MILL ROCK",3]
[null,null,null,null,null,null,50520,"MILLS",3]
[null,null,null,null,null,null,50526,"MILLSBORO",3]
[null,null,null,null,null,null,50540,"MILLVILLE",2]
[null,null,null,null,null,null,50554,"MILLVILLE",3]
[null,null,null,null,null,null,50568,"MILLWOOD TOWNSHIP",3]
[null,null,null,null,null,null,50582,"MILLWOOD",3]
[null,null,null,null,null,null,50610,"MILTON TOWNSHIP",3]
[null,null,null,null,null,null,50624,"MILTON TOWNSHIP",3]
[null,null,null,null,null,null,50638,"MILTON TOWNSHIP",3]
[null,null,null,null,null,null,50666,"MILTON TOWNSHIP",3]
[null,null,null,null,null,null,50680,"MILTON TOWNSHIP",3]
[null,null,null,null,null,null,50708,"MILTON CENTER",2]
[null,null,null,null,null,null,50722,"MILTONSBURG",2]
[null,null,null,null,null,null,50736,"MILTONVILLE",3]
[null,null,null,null,null,null,50745,"MINA",3]
[null,null,null,null,null,null,50750,"MINERAL",3]
[null,null,null,null,null,null,50764,"MINERAL CITY",2]
[null,null,null,null,null,null,50778,"MINERAL RIDGE",2]
[null,null,null,null,null,null,50800,"MINERAL SPRINGS",3]
[null,null,null,null,null,null,50806,"MINERSVILLE",3]
[null,null,null,null,null,null,50820,"MINERTON",3]
[null,null,null,null,null,null,50834,"MINERVA",2]
[null,null,null,null,null,null,50848,"MINERVA JUNCTION",3]
[null,null,null,null,null,null,50862,"MINERVA PARK",2]
[null,null,null,null,null,null,50876,"MINFORD",2]
[null,null,null,null,null,null,50890,"MINGO",3]
[null,null,null,null,null,null,50904,"MINGO JUNCTION",2]
[null,null,null,null,null,null,50910,"MINNEHAN BEND",3]
[null,null,null,null,null,null,50918,"MINSTER",2]
[null,null,null,null,null,null,50940,"MISCO",3]
[null,null,null,null,null,null,50946,"MISHLER",3]
[null,null,null,null,null,null,50960,"MISSISSINAWA TOWNSHIP",3]
[null,null,null,null,null,null,50965,"MITCHAW",3]
[null,null,null,null,null,null,50974,"MITIWANGA",3]
[null,null,null,null,null,null,50978,"MIZERS",3]
[null,null,null,null,null,null,50984,"MOATS",3]
[null,null,null,null,null,null,51002,"MODEST",3]
[null,null,null,null,null,null,51016,"MODOC",3]
[null,null,null,null,null,null,51030,"MOFFITT HEIGHTS",3]
[null,null,null,null,null,null,51058,"MOGADORE",2]
[null,null,null,null,null,null,51080,"MOHAWK VILLAGE",3]
[null,null,null,null,null,null,51086,"MOHICAN TOWNSHIP",3]
[null,null,null,null,null,null,51100,"MOHICANVILLE",3]
[null,null,null,null,null,null,51114,"MOLINE",3]
[null,null,null,null,null,null,51128,"MOMENEETOWN",3]
[null,null,null,null,null,null,51142,"MONCLOVA",3]
[null,null,null,null,null,null,51156,"MONCLOVA TOWNSHIP",3]
[null,null,null,null,null,null,51198,"MONDAY CREEK TOWNSHIP",3]
[null,null,null,null,null,null,51205,"MONDAY CREEK JUNCTION",3]
[null,null,null,null,null,null,51212,"MONFORT HEIGHTS",1]
[null,null,null,null,null,null,51215,"MONFORT HEIGHTS EAST (HISTORICAL)",3]
[null,null,null,null,null,null,51217,"MONFORT HEIGHTS SOUTH (HISTORICAL)",3]
[null,null,null,null,null,null,51254,"MONONCUE",3]
[null,null,null,null,null,null,51268,"MONROE TOWNSHIP",3]
[null,null,null,null,null,null,51282,"MONROE TOWNSHIP",3]
[null,null,null,null,null,null,51296,"MONROE TOWNSHIP",3]
[null,null,null,null,null,null,51310,"MONROE",1]
[null,null,null,null,null,null,51324,"MONROE TOWNSHIP",3]
[null,null,null,null,null,null,51338,"MONROE TOWNSHIP",3]
[null,null,null,null,null,null,51352,"MONROE TOWNSHIP",3]
[null,null,null,null,null,null,51366,"MONROE TOWNSHIP",3]
[null,null,null,null,null,null,51375,"MONROE",3]
[null,null,null,null,null,null,51380,"MONROE TOWNSHIP",3]
[null,null,null,null,null,null,51394,"MONROE TOWNSHIP",3]
[null,null,null,null,null,null,51408,"MONROE TOWNSHIP",3]
[null,null,null,null,null,null,51422,"MONROE TOWNSHIP",3]
[null,null,null,null,null,null,51430,"MONROE",3]
[null,null,null,null,null,null,51436,"MONROE TOWNSHIP",3]
[null,null,null,null,null,null,51450,"MONROE TOWNSHIP",3]
[null,null,null,null,null,null,51464,"MONROE TOWNSHIP",3]
[null,null,null,null,null,null,51478,"MONROE TOWNSHIP",3]
[null,null,null,null,null,null,51492,"MONROE TOWNSHIP",3]
[null,null,null,null,null,null,51506,"MONROE TOWNSHIP",3]
[null,null,null,null,null,null,51520,"MONROE TOWNSHIP",3]
[null,null,null,null,null,null,51534,"MONROE TOWNSHIP",3]
[null,null,null,null,null,null,51548,"MONROE TOWNSHIP",3]
[null,null,null,null,null,null,51562,"MONROE TOWNSHIP",3]
[null,null,null,null,null,null,51576,"MONROE TOWNSHIP",3]
[null,null,null,null,null,null,51590,"MONROE CENTER",3]
[null,null,null,null,null,null,51595,"MONROEFIELD",3]
[null,null,null,null,null,null,51604,"MONROE MILLS",3]
[null,null,null,null,null,null,51618,"MONROEVILLE",2]
[null,null,null,null,null,null,51632,"MONROEVILLE",3]
[null,null,null,null,null,null,51646,"MONTEREY",3]
[null,null,null,null,null,null,51655,"MONTEREY",3]
[null,null,null,null,null,null,51660,"MONTEREY TOWNSHIP",3]
[null,null,null,null,null,null,51674,"MONTEZUMA",2]
[null,null,null,null,null,null,51688,"MONTGOMERY TOWNSHIP",3]
[null,null,null,null,null,null,51716,"MONTGOMERY",1]
[null,null,null,null,null,null,51730,"MONTGOMERY TOWNSHIP",3]
[null,null,null,null,null,null,51744,"MONTGOMERY TOWNSHIP",3]
[null,null,null,null,null,null,51750,"MONTGOMERY HEIGHTS",3]
[null,null,null,null,null,null,51758,"MONTICELLO",3]
[null,null,null,null,null,null,51772,"MONTPELIER",2]
[null,null,null,null,null,null,51786,"MONTRA",3]
[null,null,null,null,null,null,51800,"MONTROSE",3]
[null,null,null,null,null,null,51816,"MONTROSE-GHENT",1]
[null,null,null,null,null,null,51828,"MONTVILLE",3]
[null,null,null,null,null,null,51842,"MONTVILLE TOWNSHIP",3]
[null,null,null,null,null,null,51856,"MONTVILLE TOWNSHIP",3]
[null,null,null,null,null,null,51912,"MOOREFIELD TOWNSHIP",3]
[null,null,null,null,null,null,51926,"MOOREFIELD",3]
[null,null,null,null,null,null,51940,"MOOREFIELD TOWNSHIP",3]
[null,null,null,null,null,null,51945,"MOORE JUNCTION",3]
[null,null,null,null,null,null,51954,"MOORES FORK",3]
[null,null,null,null,null,null,51968,"MOORES JUNCTION",3]
[null,null,null,null,null,null,51982,"MOORESVILLE",3]
[null,null,null,null,null,null,52010,"MORAINE",1]
[null,null,null,null,null,null,52031,"MORAN",3]
[null,null,null,null,null,null,52038,"MORELAND",3]
[null,null,null,null,null,null,52045,"MORELAND CORNERS",3]
[null,null,null,null,null,null,52052,"MORELAND HILLS",2]
[null,null,null,null,null,null,52066,"MORGAN TOWNSHIP",3]
[null,null,null,null,null,null,52080,"MORGAN TOWNSHIP",3]
[null,null,null,null,null,null,52094,"MORGAN TOWNSHIP",3]
[null,null,null,null,null,null,52108,"MORGAN TOWNSHIP",3]
[null,null,null,null,null,null,52122,"MORGAN TOWNSHIP",3]
[null,null,null,null,null,null,52150,"MORGAN TOWNSHIP",3]
[null,null,null,null,null,null,52164,"MORGAN CENTER",3]
[null,null,null,null,null,null,52170,"MORGAN CENTER",3]
[null,null,null,null,null,null,52178,"MORGANDALE",2]
[null,null,null,null,null,null,52192,"MORGAN PLACE",3]
[null,null,null,null,null,null,52200,"MORGAN RUN",3]
[null,null,null,null,null,null,52206,"MORGANVILLE",3]
[null,null,null,null,null,null,52220,"MORGANTOWN",3]
[null,null,null,null,null,null,52234,"MORGANTOWN",3]
[null,null,null,null,null,null,52248,"MORGES",3]
[null,null,null,null,null,null,52262,"MORNING SUN",3]
[null,null,null,null,null,null,52270,"MORNINGVIEW",3]
[null,null,null,null,null,null,52276,"MORRAL",2]
[null,null,null,null,null,null,52290,"MORRIS TOWNSHIP",3]
[null,null,null,null,null,null,52332,"MORRISTOWN",3]
[null,null,null,null,null,null,52346,"MORRISTOWN",2]
[null,null,null,null,null,null,52360,"MORRISVILLE",3]
[null,null,null,null,null,null,52374,"MORROW",2]
[null,null,null,null,null,null,52416,"MOSCOW",2]
[null,null,null,null,null,null,52444,"MOSS RUN",3]
[null,null,null,null,null,null,52458,"MOULTON",3]
[null,null,null,null,null,null,52472,"MOULTON TOWNSHIP",3]
[null,null,null,null,null,null,52486,"MOULTRIE",3]
[null,null,null,null,null,null,52514,"MOUNDSVILLE",3]
[null,null,null,null,null,null,52542,"MOUNT ADAMS",3]
[null,null,null,null,null,null,52556,"MOUNT AIR",3]
[null,null,null,null,null,null,52570,"MOUNT AIRY",3]
[null,null,null,null,null,null,52575,"MOUNT AIRY CENTER",3]
[null,null,null,null,null,null,52584,"MOUNT AUBURN",3]
[null,null,null,null,null,null,52598,"MOUNT BLANCHARD",2]
[null,null,null,null,null,null,52605,"MOUNT BLANCO",3]
[null,null,null,null,null,null,52612,"MOUNT CARMEL",2]
[null,null,null,null,null,null,52640,"MOUNT CARMEL",3]
[null,null,null,null,null,null,52654,"MOUNT CARMEL HEIGHTS",3]
[null,null,null,null,null,null,52660,"MOUNT CARRICK",3]
[null,null,null,null,null,null,52668,"MOUNT CORY",2]
[null,null,null,null,null,null,52682,"MOUNT EATON",2]
[null,null,null,null,null,null,52696,"MOUNT EPHRAIM",3]
[null,null,null,null,null,null,52724,"MOUNT FOREST TRAILS",3]
[null,null,null,null,null,null,52738,"MOUNT GILEAD",2]
[null,null,null,null,null,null,52752,"MOUNT HEALTHY",1]
[null,null,null,null,null,null,52780,"MOUNT HEALTHY HEIGHTS",2]
[null,null,null,null,null,null,52794,"MOUNT HOLLY",3]
[null,null,null,null,null,null,52808,"MOUNT HOLLY",3]
[null,null,null,null,null,null,52822,"MOUNT HOPE",3]
[null,null,null,null,null,null,52836,"MOUNT JEFFERSON",3]
[null,null,null,null,null,null,52850,"MOUNT JOY",3]
[null,null,null,null,null,null,52864,"MOUNT LIBERTY",3]
[null,null,null,null,null,null,52878,"MOUNT LOOKOUT",3]
[null,null,null,null,null,null,52892,"MOUNT OLIVE",3]
[null,null,null,null,null,null,52906,"MOUNT ORAB",2]
[null,null,null,null,null,null,52934,"MOUNT PERRY",3]
[null,null,null,null,null,null,52948,"MOUNT PISGAH",3]
[null,null,null,null,null,null,52962,"MOUNT PLEASANT",3]
[null,null,null,null,null,null,52976,"MOUNT PLEASANT",2]
[null,null,null,null,null,null,52990,"MOUNT PLEASANT TOWNSHIP",3]
[null,null,null,null,null,null,53004,"MOUNT PLEASANT",3]
[null,null,null,null,null,null,53018,"MOUNT PLEASANT",3]
[null,null,null,null,null,null,53032,"MOUNT REPOSE",2]
[null,null,null,null,null,null,53035,"MOUNT SAINT JOHN",3]
[null,null,null,null,null,null,53042,"MOUNT SINAI",3]
[null,null,null,null,null,null,53046,"MOUNT STERLING",2]
[null,null,null,null,null,null,53075,"MOUNT SUMMIT",3]
[null,null,null,null,null,null,53088,"MOUNT UNION",3]
[null,null,null,null,null,null,53102,"MOUNT VERNON",1]
[null,null,null,null,null,null,53144,"MOUNT VICTORY",2]
[null,null,null,null,null,null,53150,"MOUNTVIEW",3]
[null,null,null,null,null,null,53158,"MOUNTVILLE",3]
[null,null,null,null,null,null,53172,"MOUNT WASHINGTON",3]
[null,null,null,null,null,null,53180,"MOUNT ZION",3]
[null,null,null,null,null,null,53186,"MOWRYSTOWN",2]
[null,null,null,null,null,null,53200,"MOXAHALA",3]
[null,null,null,null,null,null,53228,"MUDSOCK",3]
[null,null,null,null,null,null,53256,"MUHLENBERG TOWNSHIP",3]
[null,null,null,null,null,null,53270,"MULBERRY",2]
[null,null,null,null,null,null,53275,"MULBERRY GROVE",3]
[null,null,null,null,null,null,53284,"PURDY CORNERS",3]
[null,null,null,null,null,null,53298,"MUNCIE HOLLOW",3]
[null,null,null,null,null,null,53304,"MUNGEN",3]
[null,null,null,null,null,null,53308,"MUNKS CORNERS",3]
[null,null,null,null,null,null,53312,"MUNROE FALLS",1]
[null,null,null,null,null,null,53340,"MUNSON TOWNSHIP",3]
[null,null,null,null,null,null,53345,"MUNSON HILL",3]
[null,null,null,null,null,null,53350,"MUNTANNA",3]
[null,null,null,null,null,null,53368,"MURDOCK",3]
[null,null,null,null,null,null,53382,"MURLIN HEIGHTS",3]
[null,null,null,null,null,null,53410,"MURRAY CITY",2]
[null,null,null,null,null,null,53424,"MUSEVILLE",3]
[null,null,null,null,null,null,53438,"MUSKINGUM TOWNSHIP",3]
[null,null,null,null,null,null,53452,"MUSKINGUM TOWNSHIP",3]
[null,null,null,null,null,null,53466,"MUSSELMAN",3]
[null,null,null,null,null,null,53475,"MUTTONVILLE",3]
[null,null,null,null,null,null,53480,"MUTUAL",2]
[null,null,null,null,null,null,53485,"MYERS",3]
[null,null,null,null,null,null,53508,"MYERSVILLE",3]
[null,null,null,null,null,null,53536,"NANKIN",3]
[null,null,null,null,null,null,53545,"NAPIER",3]
[null,null,null,null,null,null,53550,"NAPOLEON",1]
[null,null,null,null,null,null,53564,"NAPOLEON TOWNSHIP",3]
[null,null,null,null,null,null,53582,"NARVA",3]
[null,null,null,null,null,null,53588,"NASBY",3]
[null,null,null,null,null,null,53606,"NASHPORT",3]
[null,null,null,null,null,null,53620,"NASHVILLE",3]
[null,null,null,null,null,null,53634,"NASHVILLE",2]
[null,null,null,null,null,null,53648,"NASHVILLE",3]
[null,null,null,null,null,null,53690,"NAVARRE",2]
[null,null,null,null,null,null,53695,"NAYLOR",3]
[null,null,null,null,null,null,53704,"NEALS CORNER",3]
[null,null,null,null,null,null,53718,"NEAPOLIS",2]
[null,null,null,null,null,null,53725,"NEASE SETTLEMENT",3]
[null,null,null,null,null,null,53732,"NEAVE TOWNSHIP",3]
[null,null,null,null,null,null,53740,"NEEDFULL",3]
[null,null,null,null,null,null,53746,"NEEDMORE (HISTORICAL)",3]
[null,null,null,null,null,null,53760,"NEEL",3]
[null,null,null,null,null,null,53774,"NEELYSVILLE",3]
[null,null,null,null,null,null,53788,"NEFFS",2]
[null,null,null,null,null,null,53802,"NEGLEY",2]
[null,null,null,null,null,null,53816,"NELLIE",2]
[null,null,null,null,null,null,53844,"NELSON",3]
[null,null,null,null,null,null,53858,"NELSON TOWNSHIP",3]
[null,null,null,null,null,null,53886,"NELSONVILLE",1]
[null,null,null,null,null,null,53900,"NEPTUNE",3]
[null,null,null,null,null,null,53914,"NETTLE LAKE",3]
[null,null,null,null,null,null,53942,"NEVADA",2]
[null,null,null,null,null,null,53956,"NEVILLE",2]
[null,null,null,null,null,null,53970,"NEW ALBANY",1]
[null,null,null,null,null,null,53984,"NEW ALBANY",3]
[null,null,null,null,null,null,54012,"NEW ALEXANDRIA",2]
[null,null,null,null,null,null,54026,"NEW ANTIOCH",3]
[null,null,null,null,null,null,54040,"NEWARK",1]
[null,null,null,null,null,null,54054,"NEWARK TOWNSHIP",3]
[null,null,null,null,null,null,54068,"NEW ATHENS",2]
[null,null,null,null,null,null,54082,"NEW BALTIMORE",2]
[null,null,null,null,null,null,54096,"NEW BALTIMORE",3]
[null,null,null,null,null,null,54110,"NEW BAVARIA",2]
[null,null,null,null,null,null,54124,"NEW BEDFORD",3]
[null,null,null,null,null,null,54130,"NEWBERN",3]
[null,null,null,null,null,null,54138,"NEWBERRY TOWNSHIP",3]
[null,null,null,null,null,null,54152,"NEW BLOOMINGTON",2]
[null,null,null,null,null,null,54166,"NEW BOSTON",2]
[null,null,null,null,null,null,54194,"NEW BREMEN",2]
[null,null,null,null,null,null,54208,"NEW BUFFALO",3]
[null,null,null,null,null,null,54250,"NEWBURGH HEIGHTS",2]
[null,null,null,null,null,null,54258,"NEW BURLINGTON",3]
[null,null,null,null,null,null,54264,"NEW BURLINGTON",1]
[null,null,null,null,null,null,54292,"NEWBURY TOWNSHIP",3]
[null,null,null,null,null,null,54320,"NEW CALIFORNIA",2]
[null,null,null,null,null,null,54334,"NEW CARLISLE",1]
[null,null,null,null,null,null,54348,"NEW CASTLE",3]
[null,null,null,null,null,null,54362,"NEWCASTLE",3]
[null,null,null,null,null,null,54376,"NEWCASTLE TOWNSHIP",3]
[null,null,null,null,null,null,54390,"NEW CASTLE",3]
[null,null,null,null,null,null,54404,"NEW CHICAGO",3]
[null,null,null,null,null,null,54418,"NEW CLEVELAND",3]
[null,null,null,null,null,null,54432,"NEWCOMERSTOWN",2]
[null,null,null,null,null,null,54446,"NEW CONCORD",2]
[null,null,null,null,null,null,54460,"NEW CUMBERLAND",3]
[null,null,null,null,null,null,54474,"NEW DOVER",3]
[null,null,null,null,null,null,54488,"NEWELL",3]
[null,null,null,null,null,null,54502,"NEWELL RUN",3]
[null,null,null,null,null,null,54516,"NEW ENGLAND",3]
[null,null,null,null,null,null,54525,"NEW ENGLAND",3]
[null,null,null,null,null,null,54535,"NEWFAIN",3]
[null,null,null,null,null,null,54544,"NEW FLOODWOOD",3]
[null,null,null,null,null,null,54558,"NEW FRANKLIN",3]
[null,null,null,null,null,null,54562,"NEW FRANKLIN",1]
[null,null,null,null,null,null,54572,"NEW GARDEN",3]
[null,null,null,null,null,null,54586,"NEW GERMANY",3]
[null,null,null,null,null,null,54600,"NEW GUILFORD",3]
[null,null,null,null,null,null,54614,"NEW HAGERSTOWN",3]
[null,null,null,null,null,null,54628,"NEW HAMPSHIRE",2]
[null,null,null,null,null,null,54642,"NEW HARMONY",3]
[null,null,null,null,null,null,54656,"NEW HARRISBURG",3]
[null,null,null,null,null,null,54670,"NEW HARRISON",3]
[null,null,null,null,null,null,54684,"NEW HAVEN",2]
[null,null,null,null,null,null,54698,"NEW HAVEN",2]
[null,null,null,null,null,null,54712,"NEW HAVEN TOWNSHIP",3]
[null,null,null,null,null,null,54726,"NEW HOLLAND",2]
[null,null,null,null,null,null,54740,"NEW HOPE",3]
[null,null,null,null,null,null,54754,"NEW HOPE",3]
[null,null,null,null,null,null,54782,"NEW JASPER",3]
[null,null,null,null,null,null,54810,"NEW JASPER TOWNSHIP",3]
[null,null,null,null,null,null,54820,"NEW JERUSALEM",3]
[null,null,null,null,null,null,54824,"NEWKIRK",3]
[null,null,null,null,null,null,54838,"NEW KNOXVILLE",2]
[null,null,null,null,null,null,54852,"NEW LEBANON",2]
[null,null,null,null,null,null,54866,"NEW LEXINGTON",2]
[null,null,null,null,null,null,54880,"NEW LEXINGTON",3]
[null,null,null,null,null,null,54908,"NEW LONDON",2]
[null,null,null,null,null,null,54922,"NEW LONDON TOWNSHIP",3]
[null,null,null,null,null,null,54936,"NEW LYME STATION",3]
[null,null,null,null,null,null,54950,"NEW LYME",3]
[null,null,null,null,null,null,54964,"NEW LYME TOWNSHIP",3]
[null,null,null,null,null,null,54978,"NEW MADISON",2]
[null,null,null,null,null,null,54992,"NEWMANS",3]
[null,null,null,null,null,null,55020,"NEWMAN",3]
[null,null,null,null,null,null,55025,"NEW MANSFIELD",3]
[null,null,null,null,null,null,55034,"NEW MARKET",3]
[null,null,null,null,null,null,55048,"NEW MARKET TOWNSHIP",3]
[null,null,null,null,null,null,55062,"NEW MARSHFIELD",2]
[null,null,null,null,null,null,55076,"NEW MARTINSBURG",3]
[null,null,null,null,null,null,55090,"NEW MATAMORAS",2]
[null,null,null,null,null,null,55104,"NEW MIAMI",2]
[null,null,null,null,null,null,55110,"NEW MIDDLETON",3]
[null,null,null,null,null,null,55118,"NEW MIDDLETOWN",2]
[null,null,null,null,null,null,55174,"NEW MOSCOW",3]
[null,null,null,null,null,null,55180,"NEW PALESTINE",3]
[null,null,null,null,null,null,55188,"NEW PARIS",2]
[null,null,null,null,null,null,55202,"NEW PETERSBURG",3]
[null,null,null,null,null,null,55216,"NEW PHILADELPHIA",1]
[null,null,null,null,null,null,55235,"NEW PITTSBURG",3]
[null,null,null,null,null,null,55244,"NEW PITTSBURG",2]
[null,null,null,null,null,null,55258,"NEW PITTSBURGH",3]
[null,null,null,null,null,null,55272,"NEW PLYMOUTH",3]
[null,null,null,null,null,null,55300,"NEWPORT",3]
[null,null,null,null,null,null,55314,"NEWPORT",2]
[null,null,null,null,null,null,55328,"NEWPORT",3]
[null,null,null,null,null,null,55342,"NEWPORT",2]
[null,null,null,null,null,null,55356,"NEWPORT TOWNSHIP",3]
[null,null,null,null,null,null,55365,"NEW PRINCETON",3]
[null,null,null,null,null,null,55370,"NEW READING",3]
[null,null,null,null,null,null,55377,"NEW RICHLAND",3]
[null,null,null,null,null,null,55384,"NEW RICHMOND",2]
[null,null,null,null,null,null,55398,"NEW RIEGEL",2]
[null,null,null,null,null,null,55412,"NEW ROCHESTER",3]
[null,null,null,null,null,null,55426,"NEW ROME",3]
[null,null,null,null,null,null,55440,"NEW RUMLEY",3]
[null,null,null,null,null,null,55446,"NEW RUSSIA TOWNSHIP",3]
[null,null,null,null,null,null,55468,"NEW SALEM",3]
[null,null,null,null,null,null,55482,"NEW SALISBURY",3]
[null,null,null,null,null,null,55510,"NEW SOMERSET",3]
[null,null,null,null,null,null,55524,"NEW SPRINGFIELD",3]
[null,null,null,null,null,null,55538,"NEW STARK",3]
[null,null,null,null,null,null,55552,"NEW STRAITSVILLE",2]
[null,null,null,null,null,null,55566,"NEW STRASBURG",3]
[null,null,null,null,null,null,55580,"NEWTON TOWNSHIP",3]
[null,null,null,null,null,null,55594,"NEWTON TOWNSHIP",3]
[null,null,null,null,null,null,55608,"NEWTON TOWNSHIP",3]
[null,null,null,null,null,null,55622,"NEWTON TOWNSHIP",3]
[null,null,null,null,null,null,55636,"NEWTON TOWNSHIP",3]
[null,null,null,null,null,null,55650,"NEWTON FALLS",2]
[null,null,null,null,null,null,55664,"NEWTONSVILLE",2]
[null,null,null,null,null,null,55678,"NEWTOWN",2]
[null,null,null,null,null,null,55706,"NEW TOWN",3]
[null,null,null,null,null,null,55748,"NEW VIENNA",2]
[null,null,null,null,null,null,55762,"NEWVILLE",3]
[null,null,null,null,null,null,55776,"NEW WASHINGTON",2]
[null,null,null,null,null,null,55790,"NEW WATERFORD",2]
[null,null,null,null,null,null,55804,"NEW WAY",3]
[null,null,null,null,null,null,55818,"NEW WESTON",2]
[null,null,null,null,null,null,55832,"NEW WESTVILLE",3]
[null,null,null,null,null,null,55846,"NEW WINCHESTER",3]
[null,null,null,null,null,null,55874,"NEY",2]
[null,null,null,null,null,null,55888,"NICHOLSVILLE",3]
[null,null,null,null,null,null,55902,"NILE TOWNSHIP",3]
[null,null,null,null,null,null,55916,"NILES",1]
[null,null,null,null,null,null,55925,"NILES BEACH",3]
[null,null,null,null,null,null,55930,"NILES JUNCTION",3]
[null,null,null,null,null,null,55944,"NIMISHILLEN TOWNSHIP",3]
[null,null,null,null,null,null,55965,"NINEVEH",3]
[null,null,null,null,null,null,55972,"NIPGEN",3]
[null,null,null,null,null,null,55986,"NOBLE TOWNSHIP",3]
[null,null,null,null,null,null,56000,"NOBLE",3]
[null,null,null,null,null,null,56014,"NOBLE TOWNSHIP",3]
[null,null,null,null,null,null,56028,"NOBLE TOWNSHIP",3]
[null,null,null,null,null,null,56075,"NORRISTOWN",3]
[null,null,null,null,null,null,56084,"NORTH TOWNSHIP",3]
[null,null,null,null,null,null,56098,"NORTH AKRON",3]
[null,null,null,null,null,null,56126,"NORTHAMPTON TOWNSHIP (HISTORICAL)",3]
[null,null,null,null,null,null,56140,"NORTH AUBURN",3]
[null,null,null,null,null,null,56154,"NORTH BALTIMORE",2]
[null,null,null,null,null,null,56182,"NORTH BEND",2]
[null,null,null,null,null,null,56196,"NORTH BENTON",3]
[null,null,null,null,null,null,56210,"NORTH BENTON STATION",3]
[null,null,null,null,null,null,56217,"NORTH BERNE",3]
[null,null,null,null,null,null,56224,"NORTH BLOOMFIELD TOWNSHIP",3]
[null,null,null,null,null,null,56238,"NORTH BLOOMFIELD",3]
[null,null,null,null,null,null,56252,"NORTH BREWSTER",3]
[null,null,null,null,null,null,56266,"NORTH BRISTOL",3]
[null,null,null,null,null,null,56280,"NORTHBROOK",1]
[null,null,null,null,null,null,56294,"NORTH CANTON",1]
[null,null,null,null,null,null,56322,"NORTH COLLEGE HILL",1]
[null,null,null,null,null,null,56350,"NORTH CONDIT",3]
[null,null,null,null,null,null,56364,"NORTH CREEK",3]
[null,null,null,null,null,null,56392,"NORTH EATON",3]
[null,null,null,null,null,null,56420,"NORTH FAIRFIELD",2]
[null,null,null,null,null,null,56448,"NORTHFIELD",2]
[null,null,null,null,null,null,56490,"NORTHFIELD CENTER TOWNSHIP",3]
[null,null,null,null,null,null,56504,"NORTHFIELD CENTER",3]
[null,null,null,null,null,null,56546,"NORTH FORK VILLAGE",3]
[null,null,null,null,null,null,56553,"NORTHGATE",1]
[null,null,null,null,null,null,56560,"NORTH GEORGETOWN",3]
[null,null,null,null,null,null,56574,"NORTH GREENFIELD",3]
[null,null,null,null,null,null,56588,"NORTH HAMPTON",2]
[null,null,null,null,null,null,56630,"NORTH HILLS ESTATES",3]
[null,null,null,null,null,null,56658,"NORTH INDUSTRY",3]
[null,null,null,null,null,null,56672,"NORTH JACKSON",3]
[null,null,null,null,null,null,56686,"NORTH KENOVA",3]
[null,null,null,null,null,null,56695,"NORTH KINGMAN",3]
[null,null,null,null,null,null,56700,"NORTH KINGSVILLE",2]
[null,null,null,null,null,null,56756,"NORTH LAWRENCE",2]
[null,null,null,null,null,null,56770,"NORTH LEWISBURG",2]
[null,null,null,null,null,null,56784,"NORTH LIBERTY",3]
[null,null,null,null,null,null,56798,"NORTH LIMA",3]
[null,null,null,null,null,null,56812,"NORTH MADISON",1]
[null,null,null,null,null,null,56826,"NORTH MONROEVILLE",3]
[null,null,null,null,null,null,56850,"NORTH MORELAND",3]
[null,null,null,null,null,null,56868,"NORTH MOUNT VERNON",3]
[null,null,null,null,null,null,56882,"NORTH OLMSTED",1]
[null,null,null,null,null,null,56910,"NORTH PERRY",2]
[null,null,null,null,null,null,56924,"NORTH RANDALL",2]
[null,null,null,null,null,null,56931,"NORTH RICHMOND",3]
[null,null,null,null,null,null,56938,"NORTHRIDGE",1]
[null,null,null,null,null,null,56952,"NORTHRIDGE",3]
[null,null,null,null,null,null,56966,"NORTH RIDGEVILLE",1]
[null,null,null,null,null,null,56994,"NORTH ROBINSON",2]
[null,null,null,null,null,null,57008,"NORTH ROYALTON",1]
[null,null,null,null,null,null,57015,"NORTH SAGAMORE HEIGHTS",3]
[null,null,null,null,null,null,57022,"NORTH SALEM",3]
[null,null,null,null,null,null,57050,"NORTH SIDE",3]
[null,null,null,null,null,null,57064,"NORTH STAR",2]
[null,null,null,null,null,null,57092,"NORTH UNIONTOWN",3]
[null,null,null,null,null,null,57106,"NORTHUP",3]
[null,null,null,null,null,null,57113,"NORTHVIEW",3]
[null,null,null,null,null,null,57120,"NORTHVILLE",3]
[null,null,null,null,null,null,57162,"NORTHWEST TOWNSHIP",3]
[null,null,null,null,null,null,57176,"NORTHWOOD",3]
[null,null,null,null,null,null,57190,"NORTHWOOD",1]
[null,null,null,null,null,null,57204,"NORTH WOODBURY",3]
[null,null,null,null,null,null,57218,"NORTH ZANESVILLE",2]
[null,null,null,null,null,null,57246,"NORTON",3]
[null,null,null,null,null,null,57260,"NORTON",1]
[null,null,null,null,null,null,57302,"NORWALK",1]
[null,null,null,null,null,null,57316,"NORWALK TOWNSHIP",3]
[null,null,null,null,null,null,57344,"NORWICH TOWNSHIP",3]
[null,null,null,null,null,null,57358,"NORWICH TOWNSHIP",3]
[null,null,null,null,null,null,57372,"NORWICH",2]
[null,null,null,null,null,null,57386,"NORWOOD",1]
[null,null,null,null,null,null,57414,"NORWOOD",3]
[null,null,null,null,null,null,57428,"NORWOOD HEIGHTS",3]
[null,null,null,null,null,null,57442,"NOTTINGHAM",3]
[null,null,null,null,null,null,57456,"NOTTINGHAM TOWNSHIP",3]
[null,null,null,null,null,null,57470,"NOVA",3]
[null,null,null,null,null,null,57484,"NOVELTY",3]
[null,null,null,null,null,null,57486,"NUNDA",3]
[null,null,null,null,null,null,57491,"NUTWOOD",3]
[null,null,null,null,null,null,57495,"OAK",3]
[null,null,null,null,null,null,57498,"OAKDALE",3]
[null,null,null,null,null,null,57505,"OAKDALE",3]
[null,null,null,null,null,null,57512,"OAKDALE",3]
[null,null,null,null,null,null,57540,"OAKFIELD",3]
[null,null,null,null,null,null,57554,"OAKFIELD",3]
[null,null,null,null,null,null,57560,"OAKGROVE",3]
[null,null,null,null,null,null,57568,"OAK GROVE",3]
[null,null,null,null,null,null,57582,"OAK HARBOR",2]
[null,null,null,null,null,null,57596,"OAK HILL",2]
[null,null,null,null,null,null,57610,"OAK KNOLL",3]
[null,null,null,null,null,null,57624,"OAKLAND",3]
[null,null,null,null,null,null,57638,"OAKLAND",3]
[null,null,null,null,null,null,57652,"OAKLAND",3]
[null,null,null,null,null,null,57660,"OAKLAND",3]
[null,null,null,null,null,null,57680,"OAKLEY",3]
[null,null,null,null,null,null,57685,"OAKLEY SQUARE",3]
[null,null,null,null,null,null,57694,"OAK PARK",3]
[null,null,null,null,null,null,57700,"OAK RIDGE",3]
[null,null,null,null,null,null,57708,"OAK RUN TOWNSHIP",3]
[null,null,null,null,null,null,57722,"OAKSHADE",3]
[null,null,null,null,null,null,57736,"OAKTHORPE",3]
[null,null,null,null,null,null,57745,"OAKVIEW",3]
[null,null,null,null,null,null,57750,"OAKWOOD",2]
[null,null,null,null,null,null,57764,"OAKWOOD",1]
[null,null,null,null,null,null,57792,"OAKWOOD",2]
[null,null,null,null,null,null,57834,"OBERLIN",1]
[null,null,null,null,null,null,57848,"OBERLIN BEACH",3]
[null,null,null,null,null,null,57862,"OBETZ",2]
[null,null,null,null,null,null,57876,"OCEOLA",2]
[null,null,null,null,null,null,57890,"OCO",3]
[null,null,null,null,null,null,57910,"O'CONNOR POINT",3]
[null,null,null,null,null,null,57918,"OCTA",2]
[null,null,null,null,null,null,57925,"ODELL",3]
[null,null,null,null,null,null,57932,"OGDEN",3]
[null,null,null,null,null,null,57946,"OGONTZ",3]
[null,null,null,null,null,null,57960,"OHIO TOWNSHIP",3]
[null,null,null,null,null,null,57974,"OHIO TOWNSHIP",3]
[null,null,null,null,null,null,57988,"OHIO TOWNSHIP",3]
[null,null,null,null,null,null,58002,"OHIO CITY",2]
[null,null,null,null,null,null,58016,"OHIO FURNACE",3]
[null,null,null,null,null,null,58086,"OHLTOWN",3]
[null,null,null,null,null,null,58128,"OKEANA",3]
[null,null,null,null,null,null,58135,"OKLAHOMA (HISTORICAL)",3]
[null,null,null,null,null,null,58142,"OKOLONA",3]
[null,null,null,null,null,null,58149,"OLDE WEST CHESTER",2]
[null,null,null,null,null,null,58156,"OLD FORT",2]
[null,null,null,null,null,null,58165,"OLD GORE",3]
[null,null,null,null,null,null,58198,"OLDTOWN",3]
[null,null,null,null,null,null,58220,"OLDTOWN FLATS",3]
[null,null,null,null,null,null,58226,"OLD WASHINGTON",2]
[null,null,null,null,null,null,58254,"OLENA",3]
[null,null,null,null,null,null,58282,"OLIVE TOWNSHIP",3]
[null,null,null,null,null,null,58310,"OLIVE TOWNSHIP",3]
[null,null,null,null,null,null,58324,"OLIVE BRANCH",3]
[null,null,null,null,null,null,58330,"OLIVE FURNACE",3]
[null,null,null,null,null,null,58338,"OLIVE GREEN",3]
[null,null,null,null,null,null,58352,"OLIVE GREEN",3]
[null,null,null,null,null,null,58366,"OLIVER TOWNSHIP",3]
[null,null,null,null,null,null,58380,"OLIVESBURG",3]
[null,null,null,null,null,null,58394,"OLIVETT",3]
[null,null,null,null,null,null,58408,"OLMSTED TOWNSHIP",3]
[null,null,null,null,null,null,58422,"OLMSTED FALLS",1]
[null,null,null,null,null,null,58445,"OLSZESKI TOWN",3]
[null,null,null,null,null,null,58464,"OMAR",3]
[null,null,null,null,null,null,58478,"OMEGA",3]
[null,null,null,null,null,null,58492,"ONEIDA",3]
[null,null,null,null,null,null,58506,"ONEIDA",3]
[null,null,null,null,null,null,58520,"ONTARIO",1]
[null,null,null,null,null,null,58534,"OPPERMAN",3]
[null,null,null,null,null,null,58548,"ORAN",3]
[null,null,null,null,null,null,58562,"ORANGE TOWNSHIP",3]
[null,null,null,null,null,null,58576,"ORANGE TOWNSHIP",3]
[null,null,null,null,null,null,58590,"ORANGE",3]
[null,null,null,null,null,null,58604,"ORANGE",2]
[null,null,null,null,null,null,58610,"ORANGE",3]
[null,null,null,null,null,null,58618,"ORANGE TOWNSHIP",3]
[null,null,null,null,null,null,58632,"ORANGE TOWNSHIP",3]
[null,null,null,null,null,null,58646,"ORANGE TOWNSHIP",3]
[null,null,null,null,null,null,58660,"ORANGE TOWNSHIP",3]
[null,null,null,null,null,null,58665,"ORANGEBURG (HISTORICAL)",3]
[null,null,null,null,null,null,58674,"ORANGEVILLE",2]
[null,null,null,null,null,null,58688,"ORBISTON",3]
[null,null,null,null,null,null,58695,"ORCHARD BEACH",3]
[null,null,null,null,null,null,58702,"ORCHARD ISLAND",3]
[null,null,null,null,null,null,58730,"OREGON",1]
[null,null,null,null,null,null,58758,"OREGONIA",3]
[null,null,null,null,null,null,58772,"ORETON",3]
[null,null,null,null,null,null,58786,"OREVILLE",3]
[null,null,null,null,null,null,58800,"ORIENT",2]
[null,null,null,null,null,null,58814,"ORLAND",3]
[null,null,null,null,null,null,58820,"ORPHEUS",3]
[null,null,null,null,null,null,58828,"ORRVILLE",1]
[null,null,null,null,null,null,58842,"PEORIA",3]
[null,null,null,null,null,null,58856,"ORWELL",2]
[null,null,null,null,null,null,58870,"ORWELL TOWNSHIP",3]
[null,null,null,null,null,null,58880,"OSBORN CORNERS",3]
[null,null,null,null,null,null,58891,"OSCEOLA",3]
[null,null,null,null,null,null,58912,"OSGOOD",2]
[null,null,null,null,null,null,58926,"OSNABURG TOWNSHIP",3]
[null,null,null,null,null,null,58940,"OSTRANDER",2]
[null,null,null,null,null,null,58954,"OTSEGO",3]
[null,null,null,null,null,null,58960,"OTSEGO",3]
[null,null,null,null,null,null,58982,"OTTAWA",2]
[null,null,null,null,null,null,58996,"OTTAWA TOWNSHIP",3]
[null,null,null,null,null,null,59010,"OTTAWA HILLS",2]
[null,null,null,null,null,null,59026,"OTTER",3]
[null,null,null,null,null,null,59028,"OTTERBEIN",3]
[null,null,null,null,null,null,59030,"OTTERBEIN",3]
[null,null,null,null,null,null,59038,"OTTOKEE",3]
[null,null,null,null,null,null,59052,"OTTOVILLE",2]
[null,null,null,null,null,null,59066,"OTWAY",2]
[null,null,null,null,null,null,59080,"OUTVILLE",3]
[null,null,null,null,null,null,59122,"OVERLOOK HILLS",3]
[null,null,null,null,null,null,59150,"OVERPECK",3]
[null,null,null,null,null,null,59178,"OVERTON",3]
[null,null,null,null,null,null,59192,"OWENS",3]
[null,null,null,null,null,null,59220,"OWENSVILLE",2]
[null,null,null,null,null,null,59225,"OWENSVILLE",3]
[null,null,null,null,null,null,59234,"OXFORD",1]
[null,null,null,null,null,null,59241,"OXFORD TOWNSHIP",3]
[null,null,null,null,null,null,59248,"OXFORD TOWNSHIP",3]
[null,null,null,null,null,null,59262,"OXFORD TOWNSHIP",3]
[null,null,null,null,null,null,59276,"OXFORD TOWNSHIP",3]
[null,null,null,null,null,null,59290,"OXFORD TOWNSHIP",3]
[null,null,null,null,null,null,59304,"OXFORD TOWNSHIP",3]
[null,null,null,null,null,null,59318,"OZARK",3]
[null,null,null,null,null,null,59332,"PADANARAM",3]
[null,null,null,null,null,null,59340,"PADDISON HILLS",3]
[null,null,null,null,null,null,59346,"PADUA",3]
[null,null,null,null,null,null,59360,"PAGE MANOR",3]
[null,null,null,null,null,null,59365,"PAGET",3]
[null,null,null,null,null,null,59388,"PAGETOWN",3]
[null,null,null,null,null,null,59395,"PAGEVILLE",3]
[null,null,null,null,null,null,59416,"PAINESVILLE",1]
[null,null,null,null,null,null,59430,"PAINESVILLE TOWNSHIP",3]
[null,null,null,null,null,null,59458,"PAINESVILLE ON-THE-LAKE",3]
[null,null,null,null,null,null,59486,"PAINT TOWNSHIP",3]
[null,null,null,null,null,null,59500,"PAINT TOWNSHIP",3]
[null,null,null,null,null,null,59514,"PAINT TOWNSHIP",3]
[null,null,null,null,null,null,59528,"PAINT TOWNSHIP",3]
[null,null,null,null,null,null,59542,"PAINT TOWNSHIP",3]
[null,null,null,null,null,null,59556,"PAINT TOWNSHIP",3]
[null,null,null,null,null,null,59570,"PAINTER CREEK",3]
[null,null,null,null,null,null,59584,"PAINTERSVILLE",3]
[null,null,null,null,null,null,59587,"PAINT VALLEY",3]
[null,null,null,null,null,null,59591,"PALERMO",3]
[null,null,null,null,null,null,59598,"PALESTINE",2]
[null,null,null,null,null,null,59612,"PALMER TOWNSHIP",3]
[null,null,null,null,null,null,59626,"PALMER TOWNSHIP",3]
[null,null,null,null,null,null,59640,"PALMYRA",3]
[null,null,null,null,null,null,59654,"PALMYRA",3]
[null,null,null,null,null,null,59668,"PALMYRA TOWNSHIP",3]
[null,null,null,null,null,null,59696,"PALOS",3]
[null,null,null,null,null,null,59724,"PANCOASTBURG",2]
[null,null,null,null,null,null,59738,"PANDORA",2]
[null,null,null,null,null,null,59742,"PANHANDLE",3]
[null,null,null,null,null,null,59748,"PANHANDLE CORNERS",3]
[null,null,null,null,null,null,59752,"PANSY",3]
[null,null,null,null,null,null,59766,"PARADISE",3]
[null,null,null,null,null,null,59780,"PARADISE HILL",3]
[null,null,null,null,null,null,59822,"PARIS TOWNSHIP",3]
[null,null,null,null,null,null,59836,"PARIS",3]
[null,null,null,null,null,null,59850,"PARIS TOWNSHIP",3]
[null,null,null,null,null,null,59864,"PARIS TOWNSHIP",3]
[null,null,null,null,null,null,59906,"PARKERTOWN",3]
[null,null,null,null,null,null,59920,"PARK LAYNE",2]
[null,null,null,null,null,null,59934,"PARKMAN",3]
[null,null,null,null,null,null,59948,"PARKMAN TOWNSHIP",3]
[null,null,null,null,null,null,59962,"PARK PLACE",3]
[null,null,null,null,null,null,59976,"PARK RIDGE ACRES",3]
[null,null,null,null,null,null,60005,"PARKS MILLS",3]
[null,null,null,null,null,null,60018,"PARKVIEW",3]
[null,null,null,null,null,null,60046,"PARLETT",3]
[null,null,null,null,null,null,61000,"PARMA",1]
[null,null,null,null,null,null,61028,"PARMA HEIGHTS",1]
[null,null,null,null,null,null,61056,"PARRAL",2]
[null,null,null,null,null,null,61070,"PARROTT",3]
[null,null,null,null,null,null,61084,"PASADENA",3]
[null,null,null,null,null,null,61098,"PASCO",3]
[null,null,null,null,null,null,61112,"PATASKALA",1]
[null,null,null,null,null,null,61140,"PATMOS",3]
[null,null,null,null,null,null,61154,"PATRIOT",3]
[null,null,null,null,null,null,61160,"PATTEN MILLS",3]
[null,null,null,null,null,null,61168,"PATTERSON TOWNSHIP",3]
[null,null,null,null,null,null,61182,"PATTERSON",2]
[null,null,null,null,null,null,61196,"PATTERSONVILLE",3]
[null,null,null,null,null,null,61238,"PATTONSVILLE",3]
[null,null,null,null,null,null,61245,"PATTYTOWN",3]
[null,null,null,null,null,null,61252,"PAULDING",2]
[null,null,null,null,null,null,61266,"PAULDING TOWNSHIP",3]
[null,null,null,null,null,null,61280,"PAVONIA",3]
[null,null,null,null,null,null,61294,"PAWNEE",3]
[null,null,null,null,null,null,61308,"PAXTON TOWNSHIP",3]
[null,null,null,null,null,null,61322,"PAYNE",2]
[null,null,null,null,null,null,61335,"PAYNES CORNER",3]
[null,null,null,null,null,null,61378,"PEASE TOWNSHIP",3]
[null,null,null,null,null,null,61392,"PEBBLE TOWNSHIP",3]
[null,null,null,null,null,null,61398,"PECK",3]
[null,null,null,null,null,null,61402,"PECKS CORNERS",3]
[null,null,null,null,null,null,61406,"PEDRO",3]
[null,null,null,null,null,null,61420,"PEEBLES",2]
[null,null,null,null,null,null,61434,"PEE PEE TOWNSHIP",3]
[null,null,null,null,null,null,61448,"PEKIN",3]
[null,null,null,null,null,null,61462,"PEKIN",3]
[null,null,null,null,null,null,61476,"PEKIN",3]
[null,null,null,null,null,null,61490,"PEMBERTON",3]
[null,null,null,null,null,null,61504,"PEMBERVILLE",2]
[null,null,null,null,null,null,61518,"PENFIELD",3]
[null,null,null,null,null,null,61532,"PENFIELD TOWNSHIP",3]
[null,null,null,null,null,null,61545,"PENFIELD JUNCTION",3]
[null,null,null,null,null,null,61560,"PENIEL",3]
[null,null,null,null,null,null,61574,"PENINSULA",2]
[null,null,null,null,null,null,61588,"PENN TOWNSHIP",3]
[null,null,null,null,null,null,61602,"PENN TOWNSHIP",3]
[null,null,null,null,null,null,61616,"PENNSVILLE",3]
[null,null,null,null,null,null,61644,"PEOLI",3]
[null,null,null,null,null,null,61672,"PEORIA",3]
[null,null,null,null,null,null,61686,"PEPPER PIKE",1]
[null,null,null,null,null,null,61700,"PERINTOWN",3]
[null,null,null,null,null,null,61714,"PERKINS TOWNSHIP",3]
[null,null,null,null,null,null,61728,"PERKINS CORNERS",3]
[null,null,null,null,null,null,61742,"PERRY TOWNSHIP",3]
[null,null,null,null,null,null,61756,"PERRY TOWNSHIP",3]
[null,null,null,null,null,null,61770,"PERRY TOWNSHIP",3]
[null,null,null,null,null,null,61784,"PERRY TOWNSHIP",3]
[null,null,null,null,null,null,61798,"PERRY TOWNSHIP",3]
[null,null,null,null,null,null,61812,"PERRY TOWNSHIP",3]
[null,null,null,null,null,null,61826,"PERRY TOWNSHIP",3]
[null,null,null,null,null,null,61840,"PERRY TOWNSHIP",3]
[null,null,null,null,null,null,61854,"PERRY TOWNSHIP",3]
[null,null,null,null,null,null,61868,"PERRY TOWNSHIP",3]
[null,null,null,null,null,null,61882,"PERRY",2]
[null,null,null,null,null,null,61896,"PERRY TOWNSHIP",3]
[null,null,null,null,null,null,61910,"PERRY TOWNSHIP",3]
[null,null,null,null,null,null,61924,"PERRY TOWNSHIP",3]
[null,null,null,null,null,null,61938,"PERRY TOWNSHIP",3]
[null,null,null,null,null,null,61945,"PERRY TOWNSHIP",3]
[null,null,null,null,null,null,61952,"PERRY TOWNSHIP",3]
[null,null,null,null,null,null,61966,"PERRY TOWNSHIP",3]
[null,null,null,null,null,null,61980,"PERRY TOWNSHIP",3]
[null,null,null,null,null,null,61994,"PERRY TOWNSHIP",3]
[null,null,null,null,null,null,62008,"PERRY TOWNSHIP",3]
[null,null,null,null,null,null,62022,"PERRY TOWNSHIP",3]
[null,null,null,null,null,null,62036,"PERRY TOWNSHIP",3]
[null,null,null,null,null,null,62050,"PERRY TOWNSHIP",3]
[null,null,null,null,null,null,62064,"PERRY TOWNSHIP",3]
[null,null,null,null,null,null,62078,"PERRY TOWNSHIP",3]
[null,null,null,null,null,null,62092,"PERRY TOWNSHIP",3]
[null,null,null,null,null,null,62106,"PERRY TOWNSHIP",3]
[null,null,null,null,null,null,62120,"PERRY ADDITION",3]
[null,null,null,null,null,null,62125,"PERRY CENTER",3]
[null,null,null,null,null,null,62134,"PERRY HEIGHTS",1]
[null,null,null,null,null,null,62148,"PERRYSBURG",1]
[null,null,null,null,null,null,62162,"PERRYSBURG TOWNSHIP",3]
[null,null,null,null,null,null,62190,"PERRYSVILLE",2]
[null,null,null,null,null,null,62204,"PERRYSVILLE",3]
[null,null,null,null,null,null,62218,"PERRYTON",3]
[null,null,null,null,null,null,62232,"PERU",3]
[null,null,null,null,null,null,62246,"PERU TOWNSHIP",3]
[null,null,null,null,null,null,62260,"PERU TOWNSHIP",3]
[null,null,null,null,null,null,62288,"PETERSBURG",3]
[null,null,null,null,null,null,62302,"PETERSBURG",3]
[null,null,null,null,null,null,62310,"PETERSBURGH",3]
[null,null,null,null,null,null,62316,"PETREA",3]
[null,null,null,null,null,null,62330,"PETROLEUM",3]
[null,null,null,null,null,null,62344,"PETTISVILLE",2]
[null,null,null,null,null,null,62372,"PHALANX",3]
[null,null,null,null,null,null,62400,"PHARISBURG",3]
[null,null,null,null,null,null,62404,"PHEASANT RUN",2]
[null,null,null,null,null,null,62407,"PHERSON",3]
[null,null,null,null,null,null,62414,"PHILLIPSBURG",2]
[null,null,null,null,null,null,62442,"PHILO",2]
[null,null,null,null,null,null,62456,"PHILOTHEA",3]
[null,null,null,null,null,null,62470,"PHONETON",3]
[null,null,null,null,null,null,62484,"PICKAWAY TOWNSHIP",3]
[null,null,null,null,null,null,62498,"PICKERINGTON",1]
[null,null,null,null,null,null,62512,"PICKRELLTOWN",3]
[null,null,null,null,null,null,62526,"PIEDMONT",3]
[null,null,null,null,null,null,62540,"PIERCE TOWNSHIP",3]
[null,null,null,null,null,null,62554,"PIERPONT",3]
[null,null,null,null,null,null,62568,"PIERPONT TOWNSHIP",3]
[null,null,null,null,null,null,62578,"PIGEON CREEK",2]
[null,null,null,null,null,null,62582,"PIGEON RUN",3]
[null,null,null,null,null,null,62588,"PIGEYE",3]
[null,null,null,null,null,null,62592,"PIGTOWN",3]
[null,null,null,null,null,null,62596,"PIKE TOWNSHIP",3]
[null,null,null,null,null,null,62610,"PIKE TOWNSHIP",3]
[null,null,null,null,null,null,62624,"PIKE TOWNSHIP",3]
[null,null,null,null,null,null,62638,"PIKE TOWNSHIP",3]
[null,null,null,null,null,null,62652,"PIKE TOWNSHIP",3]
[null,null,null,null,null,null,62666,"PIKE TOWNSHIP",3]
[null,null,null,null,null,null,62680,"PIKE TOWNSHIP",3]
[null,null,null,null,null,null,62694,"PIKE TOWNSHIP",3]
[null,null,null,null,null,null,62708,"PIKETON",2]
[null,null,null,null,null,null,62722,"PIKEVILLE",3]
[null,null,null,null,null,null,62728,"PINE GAP",3]
[null,null,null,null,null,null,62732,"PINE GROVE",3]
[null,null,null,null,null,null,62736,"PINE GROVE",3]
[null,null,null,null,null,null,62750,"PINEGROVE",3]
[null,null,null,null,null,null,62764,"PINEHURST",3]
[null,null,null,null,null,null,62778,"PINE VALLEY",3]
[null,null,null,null,null,null,62792,"PINEY FORK",3]
[null,null,null,null,null,null,62798,"PINHOOK",3]
[null,null,null,null,null,null,62802,"PINK",3]
[null,null,null,null,null,null,62806,"PINKERMAN",3]
[null,null,null,null,null,null,62834,"PIONEER",2]
[null,null,null,null,null,null,62845,"PIPESVILLE",3]
[null,null,null,null,null,null,62848,"PIQUA",1]
[null,null,null,null,null,null,62862,"PISGAH",3]
[null,null,null,null,null,null,62876,"PITCHIN",3]
[null,null,null,null,null,null,62890,"PITSBURG",2]
[null,null,null,null,null,null,62904,"PITT TOWNSHIP",3]
[null,null,null,null,null,null,62932,"PITTSBURGH JUNCTION",3]
[null,null,null,null,null,null,62946,"PITTSFIELD",3]
[null,null,null,null,null,null,62960,"PITTSFIELD TOWNSHIP",3]
[null,null,null,null,null,null,62965,"PLACID MEADOWS",3]
[null,null,null,null,null,null,62974,"PLAIN TOWNSHIP",3]
[null,null,null,null,null,null,62988,"PLAIN TOWNSHIP",3]
[null,null,null,null,null,null,62995,"PLAIN TOWNSHIP",3]
[null,null,null,null,null,null,63002,"PLAIN TOWNSHIP",3]
[null,null,null,null,null,null,63030,"PLAIN CITY",2]
[null,null,null,null,null,null,63044,"PLAINFIELD",2]
[null,null,null,null,null,null,63058,"PLAINVIEW",3]
[null,null,null,null,null,null,63072,"PLAINVILLE",2]
[null,null,null,null,null,null,63086,"PLANKTON",3]
[null,null,null,null,null,null,63100,"PLANKTOWN",3]
[null,null,null,null,null,null,63105,"PLANO",3]
[null,null,null,null,null,null,63128,"PLANTS",3]
[null,null,null,null,null,null,63142,"PLANTSVILLE",3]
[null,null,null,null,null,null,63149,"PLATFORM",3]
[null,null,null,null,null,null,63156,"PLATTSBURG",3]
[null,null,null,null,null,null,63170,"PLATTSVILLE",3]
[null,null,null,null,null,null,63212,"PLEASANT TOWNSHIP",3]
[null,null,null,null,null,null,63226,"PLEASANT TOWNSHIP",3]
[null,null,null,null,null,null,63240,"PLEASANT TOWNSHIP",3]
[null,null,null,null,null,null,63254,"PLEASANT TOWNSHIP",3]
[null,null,null,null,null,null,63268,"PLEASANT TOWNSHIP",3]
[null,null,null,null,null,null,63282,"PLEASANT TOWNSHIP",3]
[null,null,null,null,null,null,63296,"PLEASANT TOWNSHIP",3]
[null,null,null,null,null,null,63310,"PLEASANT TOWNSHIP",3]
[null,null,null,null,null,null,63324,"PLEASANT TOWNSHIP",3]
[null,null,null,null,null,null,63338,"PLEASANT TOWNSHIP",3]
[null,null,null,null,null,null,63352,"PLEASANT TOWNSHIP",3]
[null,null,null,null,null,null,63366,"PLEASANT TOWNSHIP",3]
[null,null,null,null,null,null,63380,"PLEASANT TOWNSHIP",3]
[null,null,null,null,null,null,63394,"PLEASANT TOWNSHIP",3]
[null,null,null,null,null,null,63408,"PLEASANT TOWNSHIP",3]
[null,null,null,null,null,null,63422,"PLEASANT BEND",3]
[null,null,null,null,null,null,63436,"PLEASANT CITY",2]
[null,null,null,null,null,null,63450,"PLEASANT CORNERS",3]
[null,null,null,null,null,null,63464,"PLEASANT GROVE",3]
[null,null,null,null,null,null,63478,"PLEASANT GROVE",2]
[null,null,null,null,null,null,63485,"PLEASANT HEIGHTS",3]
[null,null,null,null,null,null,63515,"PLEASANT HILL",3]
[null,null,null,null,null,null,63520,"PLEASANT HILL",3]
[null,null,null,null,null,null,63534,"PLEASANT HILL",2]
[null,null,null,null,null,null,63548,"PLEASANT HILLS",2]
[null,null,null,null,null,null,63562,"PLEASANT HOME",3]
[null,null,null,null,null,null,63570,"PLEASANTON",3]
[null,null,null,null,null,null,63576,"PLEASANT PLAIN",2]
[null,null,null,null,null,null,63590,"PLEASANT RIDGE",3]
[null,null,null,null,null,null,63604,"PLEASANT RUN",2]
[null,null,null,null,null,null,63618,"PLEASANT RUN FARM",2]
[null,null,null,null,null,null,63632,"PLEASANT VALLEY",3]
[null,null,null,null,null,null,63660,"PLEASANT VALLEY",3]
[null,null,null,null,null,null,63688,"PLEASANT VIEW",3]
[null,null,null,null,null,null,63710,"PLEASANT VIEW",3]
[null,null,null,null,null,null,63716,"PLEASANTVILLE",2]
[null,null,null,null,null,null,63758,"PLUMWOOD",2]
[null,null,null,null,null,null,63772,"PLYMOUTH TOWNSHIP",3]
[null,null,null,null,null,null,63800,"PLYMOUTH",2]
[null,null,null,null,null,null,63814,"PLYMOUTH TOWNSHIP",3]
[null,null,null,null,null,null,63828,"PLYMOUTH CENTER",3]
[null,null,null,null,null,null,63842,"POAST TOWN",3]
[null,null,null,null,null,null,63850,"POAST TOWN HEIGHTS",3]
[null,null,null,null,null,null,63856,"POE",3]
[null,null,null,null,null,null,63898,"POINT ISABEL",3]
[null,null,null,null,null,null,63926,"POINT PLACE",3]
[null,null,null,null,null,null,63940,"POINT PLEASANT",3]
[null,null,null,null,null,null,63945,"POINT ROCK",3]
[null,null,null,null,null,null,63950,"POINTVIEW",3]
[null,null,null,null,null,null,63954,"POLAND",2]
[null,null,null,null,null,null,63968,"POLAND TOWNSHIP",3]
[null,null,null,null,null,null,63982,"POLAND CENTER",3]
[null,null,null,null,null,null,63996,"POLK",2]
[null,null,null,null,null,null,64010,"POLK TOWNSHIP",3]
[null,null,null,null,null,null,64017,"POLKADOTTE",3]
[null,null,null,null,null,null,64020,"POLO",3]
[null,null,null,null,null,null,64024,"POMEROY",2]
[null,null,null,null,null,null,64038,"POND RUN",3]
[null,null,null,null,null,null,64045,"PONTIAC",3]
[null,null,null,null,null,null,64052,"POPLAR GROVE",3]
[null,null,null,null,null,null,64060,"POPLAR RIDGE",3]
[null,null,null,null,null,null,64066,"PORTAGE TOWNSHIP",3]
[null,null,null,null,null,null,64080,"PORTAGE TOWNSHIP",3]
[null,null,null,null,null,null,64108,"PORTAGE",2]
[null,null,null,null,null,null,64122,"PORTAGE TOWNSHIP",3]
[null,null,null,null,null,null,64136,"PORTAGE LAKES",1]
[null,null,null,null,null,null,64150,"PORT CLINTON",1]
[null,null,null,null,null,null,64178,"PORTER TOWNSHIP",3]
[null,null,null,null,null,null,64192,"PORTER",3]
[null,null,null,null,null,null,64206,"PORTER TOWNSHIP",3]
[null,null,null,null,null,null,64220,"PORTERFIELD",3]
[null,null,null,null,null,null,64234,"PORTERSVILLE",3]
[null,null,null,null,null,null,64248,"PORT HOMER",3]
[null,null,null,null,null,null,64262,"PORT JEFFERSON",2]
[null,null,null,null,null,null,64290,"PORTLAND",3]
[null,null,null,null,null,null,64304,"PORTSMOUTH",1]
[null,null,null,null,null,null,64332,"PORT UNION",3]
[null,null,null,null,null,null,64346,"PORT WASHINGTON",2]
[null,null,null,null,null,null,64360,"PORT WILLIAM",2]
[null,null,null,null,null,null,64380,"POSTBOY",3]
[null,null,null,null,null,null,64416,"POST TOWN",3]
[null,null,null,null,null,null,64430,"POTSDAM",2]
[null,null,null,null,null,null,64444,"POTTERSBURG",3]
[null,null,null,null,null,null,64472,"POTTERY ADDITION",2]
[null,null,null,null,null,null,64478,"POULTON",3]
[null,null,null,null,null,null,64482,"POWELL",3]
[null,null,null,null,null,null,64486,"POWELL",1]
[null,null,null,null,null,null,64500,"POWELLSVILLE",3]
[null,null,null,null,null,null,64514,"POWERS",3]
[null,null,null,null,null,null,64542,"POWHATAN POINT",2]
[null,null,null,null,null,null,64556,"POWHATTAN",3]
[null,null,null,null,null,null,64570,"PRAIRIE TOWNSHIP",3]
[null,null,null,null,null,null,64584,"PRAIRIE TOWNSHIP",3]
[null,null,null,null,null,null,64598,"PRATTS",3]
[null,null,null,null,null,null,64612,"PRATTS FORK",3]
[null,null,null,null,null,null,64626,"PRATTSVILLE",3]
[null,null,null,null,null,null,64640,"PRAVO",3]
[null,null,null,null,null,null,64654,"PRENTISS",3]
[null,null,null,null,null,null,64668,"PRESTON ADDITION",3]
[null,null,null,null,null,null,64682,"PRICE HILL",3]
[null,null,null,null,null,null,64696,"PRICETOWN",3]
[null,null,null,null,null,null,64710,"PRICETOWN",3]
[null,null,null,null,null,null,64724,"PRIDE",3]
[null,null,null,null,null,null,64731,"PRIMROSE",3]
[null,null,null,null,null,null,64738,"PRINCETON",3]
[null,null,null,null,null,null,64745,"PRITCHARD",3]
[null,null,null,null,null,null,64766,"PROCTORVILLE",2]
[null,null,null,null,null,null,64780,"PROSPECT",2]
[null,null,null,null,null,null,64794,"PROSPECT TOWNSHIP",3]
[null,null,null,null,null,null,64836,"PROVIDENCE TOWNSHIP",3]
[null,null,null,null,null,null,64850,"PROVIDENT",3]
[null,null,null,null,null,null,64906,"PULASKI",2]
[null,null,null,null,null,null,64920,"PULASKI TOWNSHIP",3]
[null,null,null,null,null,null,64934,"PULASKIVILLE",3]
[null,null,null,null,null,null,64962,"PULTNEY TOWNSHIP",3]
[null,null,null,null,null,null,64985,"PURITAN",3]
[null,null,null,null,null,null,65004,"PURITY",3]
[null,null,null,null,null,null,65018,"PUSHETA TOWNSHIP",3]
[null,null,null,null,null,null,65032,"PUT-IN-BAY",2]
[null,null,null,null,null,null,65046,"PUT-IN-BAY TOWNSHIP",3]
[null,null,null,null,null,null,65088,"PYRMONT",3]
[null,null,null,null,null,null,65102,"PYRO",3]
[null,null,null,null,null,null,65116,"QUAKER CITY",2]
[null,null,null,null,null,null,65144,"QUALEY",3]
[null,null,null,null,null,null,65172,"QUEEN ACRES",3]
[null,null,null,null,null,null,65180,"QUEENSBORO",3]
[null,null,null,null,null,null,65200,"QUINCY",2]
[null,null,null,null,null,null,65228,"RACCOON TOWNSHIP",3]
[null,null,null,null,null,null,65242,"RACCOON ISLAND",3]
[null,null,null,null,null,null,65256,"RACINE",2]
[null,null,null,null,null,null,65270,"RADCLIFF",3]
[null,null,null,null,null,null,65298,"RADNOR",2]
[null,null,null,null,null,null,65312,"RADNOR TOWNSHIP",3]
[null,null,null,null,null,null,65326,"RAGERSVILLE",3]
[null,null,null,null,null,null,65340,"RAIDERS RUN",3]
[null,null,null,null,null,null,65345,"RAINBOW",3]
[null,null,null,null,null,null,65350,"RAIN ROCK",3]
[null,null,null,null,null,null,65354,"RAINSBORO",3]
[null,null,null,null,null,null,65382,"RAMSEY",3]
[null,null,null,null,null,null,65410,"RANDALL TERRACE",3]
[null,null,null,null,null,null,65415,"RANDLE",3]
[null,null,null,null,null,null,65424,"RANDOLPH TOWNSHIP (HISTORICAL)",3]
[null,null,null,null,null,null,65438,"RANDOLPH",3]
[null,null,null,null,null,null,65452,"RANDOLPH TOWNSHIP",3]
[null,null,null,null,null,null,65466,"RANGE",3]
[null,null,null,null,null,null,65480,"RANGE TOWNSHIP",3]
[null,null,null,null,null,null,65494,"RANSOM",3]
[null,null,null,null,null,null,65500,"RAPPSBURG",3]
[null,null,null,null,null,null,65508,"RARDEN",2]
[null,null,null,null,null,null,65522,"RARDEN TOWNSHIP",3]
[null,null,null,null,null,null,65530,"RATCHFORD",3]
[null,null,null,null,null,null,65536,"RATCLIFFBURG",3]
[null,null,null,null,null,null,65550,"RATHBONE",3]
[null,null,null,null,null,null,65564,"RATHBONE",3]
[null,null,null,null,null,null,65592,"RAVENNA",1]
[null,null,null,null,null,null,65606,"RAVENNA TOWNSHIP",3]
[null,null,null,null,null,null,65634,"RAWSON",2]
[null,null,null,null,null,null,65648,"RAY",3]
[null,null,null,null,null,null,65662,"RAYLAND",2]
[null,null,null,null,null,null,65676,"RAYMOND",2]
[null,null,null,null,null,null,65704,"RAYS CORNERS",3]
[null,null,null,null,null,null,65708,"RAYS CORNERS",3]
[null,null,null,null,null,null,65718,"READING",3]
[null,null,null,null,null,null,65732,"READING",1]
[null,null,null,null,null,null,65760,"READING TOWNSHIP",3]
[null,null,null,null,null,null,65781,"RECOVERY TOWNSHIP",3]
[null,null,null,null,null,null,65788,"RED BANK",3]
[null,null,null,null,null,null,65802,"REDBIRD",3]
[null,null,null,null,null,null,65810,"REDBUSH",3]
[null,null,null,null,null,null,65830,"RED DIAMOND",3]
[null,null,null,null,null,null,65844,"REDFIELD",3]
[null,null,null,null,null,null,65872,"REDHAW",3]
[null,null,null,null,null,null,65886,"RED LION",3]
[null,null,null,null,null,null,65900,"REDOAK",3]
[null,null,null,null,null,null,65914,"RED RIVER",3]
[null,null,null,null,null,null,65928,"REDTOWN",3]
[null,null,null,null,null,null,65942,"REED TOWNSHIP",3]
[null,null,null,null,null,null,65950,"REEDS",3]
[null,null,null,null,null,null,65956,"REEDSBURG",3]
[null,null,null,null,null,null,65970,"REEDS MILL",3]
[null,null,null,null,null,null,65984,"REEDSVILLE",3]
[null,null,null,null,null,null,65998,"REEDTOWN",3]
[null,null,null,null,null,null,66012,"REEDURBAN",3]
[null,null,null,null,null,null,66054,"REESVILLE",3]
[null,null,null,null,null,null,66057,"REFORM",3]
[null,null,null,null,null,null,66060,"REGINA HEIGHTS",3]
[null,null,null,null,null,null,66064,"REHM",3]
[null,null,null,null,null,null,66068,"REHOBOTH",3]
[null,null,null,null,null,null,66082,"REILY",3]
[null,null,null,null,null,null,66096,"REILY TOWNSHIP",3]
[null,null,null,null,null,null,66110,"REINERSVILLE",3]
[null,null,null,null,null,null,66138,"RELIEF",3]
[null,null,null,null,null,null,66152,"REMINDERVILLE",2]
[null,null,null,null,null,null,66180,"REMINGTON",2]
[null,null,null,null,null,null,66194,"REMSEN CORNERS",3]
[null,null,null,null,null,null,66208,"RENDCOMB JUNCTION",3]
[null,null,null,null,null,null,66222,"RENDVILLE",2]
[null,null,null,null,null,null,66230,"RENICK",3]
[null,null,null,null,null,null,66236,"RENICK JUNCTION",3]
[null,null,null,null,null,null,66250,"RENO",2]
[null,null,null,null,null,null,66264,"RENO BEACH",3]
[null,null,null,null,null,null,66292,"RENROCK",3]
[null,null,null,null,null,null,66320,"REPUBLIC",2]
[null,null,null,null,null,null,66334,"RESACA",3]
[null,null,null,null,null,null,66348,"RESIDENCE PARK",3]
[null,null,null,null,null,null,66362,"REVENGE",3]
[null,null,null,null,null,null,66376,"REXFORD",3]
[null,null,null,null,null,null,66385,"REYNOLDS",3]
[null,null,null,null,null,null,66390,"REYNOLDSBURG",1]
[null,null,null,null,null,null,66396,"REYNOLDSBURG CITY TOWNSHIP",3]
[null,null,null,null,null,null,66404,"REYNOLDS CORNERS",3]
[null,null,null,null,null,null,66432,"RIALTO",3]
[null,null,null,null,null,null,66446,"RICE",3]
[null,null,null,null,null,null,66460,"RICE TOWNSHIP",3]
[null,null,null,null,null,null,66474,"RICELAND",3]
[null,null,null,null,null,null,66480,"RICES MILLS",3]
[null,null,null,null,null,null,66495,"RICHEY",3]
[null,null,null,null,null,null,66502,"RICHFIELD TOWNSHIP",3]
[null,null,null,null,null,null,66516,"RICHFIELD TOWNSHIP",3]
[null,null,null,null,null,null,66530,"RICHFIELD",2]
[null,null,null,null,null,null,66544,"RICHFIELD TOWNSHIP",3]
[null,null,null,null,null,null,66558,"RICHFIELD CENTER",3]
[null,null,null,null,null,null,66572,"RICHFIELD HEIGHTS",3]
[null,null,null,null,null,null,66586,"RICH HILL",3]
[null,null,null,null,null,null,66600,"RICH HILL TOWNSHIP",3]
[null,null,null,null,null,null,66614,"RICHLAND TOWNSHIP",3]
[null,null,null,null,null,null,66628,"RICHLAND TOWNSHIP",3]
[null,null,null,null,null,null,66642,"RICHLAND TOWNSHIP",3]
[null,null,null,null,null,null,66656,"RICHLAND TOWNSHIP",3]
[null,null,null,null,null,null,66670,"RICHLAND TOWNSHIP",3]
[null,null,null,null,null,null,66684,"RICHLAND TOWNSHIP",3]
[null,null,null,null,null,null,66698,"RICHLAND TOWNSHIP",3]
[null,null,null,null,null,null,66712,"RICHLAND TOWNSHIP",3]
[null,null,null,null,null,null,66740,"RICHLAND TOWNSHIP",3]
[null,null,null,null,null,null,66754,"RICHLAND TOWNSHIP",3]
[null,null,null,null,null,null,66760,"RICHLAND",3]
[null,null,null,null,null,null,66768,"RICHLAND TOWNSHIP",3]
[null,null,null,null,null,null,66782,"RICHLAND TOWNSHIP",3]
[null,null,null,null,null,null,66796,"RICHMOND TOWNSHIP",3]
[null,null,null,null,null,null,66810,"RICHMOND TOWNSHIP",3]
[null,null,null,null,null,null,66824,"RICHMOND",2]
[null,null,null,null,null,null,66866,"RICHMOND CENTER",3]
[null,null,null,null,null,null,66880,"RICHMOND DALE",2]
[null,null,null,null,null,null,66894,"RICHMOND HEIGHTS",1]
[null,null,null,null,null,null,66922,"RICHVILLE",2]
[null,null,null,null,null,null,66936,"RICHWOOD",2]
[null,null,null,null,null,null,66945,"RICKARD ACRES",3]
[null,null,null,null,null,null,66978,"RIDGE TOWNSHIP",3]
[null,null,null,null,null,null,66992,"RIDGE TOWNSHIP",3]
[null,null,null,null,null,null,67006,"RIDGEFIELD TOWNSHIP",3]
[null,null,null,null,null,null,67020,"RIDGELAND",3]
[null,null,null,null,null,null,67034,"RIDGETON",3]
[null,null,null,null,null,null,67062,"RIDGEVILLE TOWNSHIP",3]
[null,null,null,null,null,null,67090,"RIDGEVILLE",3]
[null,null,null,null,null,null,67104,"RIDGEVILLE CORNERS",2]
[null,null,null,null,null,null,67118,"RIDGEWAY",2]
[null,null,null,null,null,null,67146,"RIDGEWOOD HEIGHTS",3]
[null,null,null,null,null,null,67155,"RIGGS",3]
[null,null,null,null,null,null,67165,"RIGRISH ADDITION",3]
[null,null,null,null,null,null,67174,"RILEY TOWNSHIP",3]
[null,null,null,null,null,null,67188,"RILEY TOWNSHIP",3]
[null,null,null,null,null,null,67202,"RIMER",3]
[null,null,null,null,null,null,67216,"RINARD MILLS",3]
[null,null,null,null,null,null,67230,"RINGGOLD",3]
[null,null,null,null,null,null,67258,"RIO GRANDE",2]
[null,null,null,null,null,null,67272,"RIPLEY",2]
[null,null,null,null,null,null,67286,"RIPLEY TOWNSHIP",3]
[null,null,null,null,null,null,67300,"RIPLEY TOWNSHIP",3]
[null,null,null,null,null,null,67314,"RISINGSUN",2]
[null,null,null,null,null,null,67342,"RITTENOURS",3]
[null,null,null,null,null,null,67356,"RITTMAN",1]
[null,null,null,null,null,null,67370,"RIVER CORNERS",3]
[null,null,null,null,null,null,67384,"RIVERDALE",3]
[null,null,null,null,null,null,67398,"RIVERDALE",3]
[null,null,null,null,null,null,67412,"RIVEREDGE TOWNSHIP (HISTORICAL)",3]
[null,null,null,null,null,null,67426,"RIVER EDGE",3]
[null,null,null,null,null,null,67440,"RIVERLEA",2]
[null,null,null,null,null,null,67454,"RIVERSIDE",3]
[null,null,null,null,null,null,67468,"RIVERSIDE",1]
[null,null,null,null,null,null,67496,"RIVERSIDE PARK",3]
[null,null,null,null,null,null,67510,"RIVER STYX",3]
[null,null,null,null,null,null,67524,"RIVERVIEW",3]
[null,null,null,null,null,null,67530,"RIVERVIEW",3]
[null,null,null,null,null,null,67538,"RIVERVIEW",3]
[null,null,null,null,null,null,67545,"RIVERVIEW HEIGHTS",3]
[null,null,null,null,null,null,67560,"RIVIERA PARK",3]
[null,null,null,null,null,null,67566,"RIX MILLS",3]
[null,null,null,null,null,null,67580,"ROACHESTER",3]
[null,null,null,null,null,null,67587,"ROACHTON",3]
[null,null,null,null,null,null,67594,"ROADS",3]
[null,null,null,null,null,null,67600,"ROAMING SHORES",2]
[null,null,null,null,null,null,67608,"ROANOAKE",3]
[null,null,null,null,null,null,67650,"ROBERTS",3]
[null,null,null,null,null,null,67655,"ROBERTSBURG",3]
[null,null,null,null,null,null,67664,"ROBERTSVILLE",2]
[null,null,null,null,null,null,67678,"ROBINS",3]
[null,null,null,null,null,null,67720,"ROBTOWN",3]
[null,null,null,null,null,null,67734,"ROBYVILLE",3]
[null,null,null,null,null,null,67755,"ROCHESTER",3]
[null,null,null,null,null,null,67762,"ROCHESTER",2]
[null,null,null,null,null,null,67776,"ROCHESTER TOWNSHIP",3]
[null,null,null,null,null,null,67794,"ROCK",3]
[null,null,null,null,null,null,67797,"ROCKAWAY",3]
[null,null,null,null,null,null,67804,"ROCKBRIDGE",2]
[null,null,null,null,null,null,67818,"ROCK CAMP",3]
[null,null,null,null,null,null,67832,"ROCK CAMP",3]
[null,null,null,null,null,null,67846,"ROCK CREEK",2]
[null,null,null,null,null,null,67855,"ROCK CUT",3]
[null,null,null,null,null,null,67860,"ROCKDALE",3]
[null,null,null,null,null,null,67874,"ROCKFORD",2]
[null,null,null,null,null,null,67878,"ROCKFORD",3]
[null,null,null,null,null,null,67882,"ROCK HAVEN PARK",3]
[null,null,null,null,null,null,67888,"ROCK HILL",3]
[null,null,null,null,null,null,67902,"ROCKLAND",3]
[null,null,null,null,null,null,67910,"ROCK MILL",3]
[null,null,null,null,null,null,67916,"ROCK MILLS",3]
[null,null,null,null,null,null,67930,"ROCKPORT",3]
[null,null,null,null,null,null,67945,"ROCK SPRINGS",3]
[null,null,null,null,null,null,67958,"ROCKVILLE",3]
[null,null,null,null,null,null,67965,"ROCKVILLE",3]
[null,null,null,null,null,null,67972,"ROCK WAY",3]
[null,null,null,null,null,null,67986,"ROCKWOOD",3]
[null,null,null,null,null,null,68004,"ROCKY FORK POINT",2]
[null,null,null,null,null,null,68014,"ROCKY HILL",3]
[null,null,null,null,null,null,68042,"ROCKY RIDGE",2]
[null,null,null,null,null,null,68056,"ROCKY RIVER",1]
[null,null,null,null,null,null,68070,"RODNEY",3]
[null,null,null,null,null,null,68084,"ROGERS",2]
[null,null,null,null,null,null,68098,"ROKEBY LOCK",3]
[null,null,null,null,null,null,68112,"ROLANDUS",3]
[null,null,null,null,null,null,68126,"ROLLERSVILLE",3]
[null,null,null,null,null,null,68150,"ROLLING KNOLLS ESTATE",3]
[null,null,null,null,null,null,68196,"ROME",2]
[null,null,null,null,null,null,68210,"ROME",3]
[null,null,null,null,null,null,68224,"ROME TOWNSHIP",3]
[null,null,null,null,null,null,68238,"ROME TOWNSHIP",3]
[null,null,null,null,null,null,68245,"ROME",3]
[null,null,null,null,null,null,68266,"ROME",3]
[null,null,null,null,null,null,68280,"ROME TOWNSHIP",3]
[null,null,null,null,null,null,68294,"ROME",3]
[null,null,null,null,null,null,68310,"SCIPIO",3]
[null,null,null,null,null,null,68322,"ROMOHR ACRES",3]
[null,null,null,null,null,null,68378,"ROOTSTOWN",3]
[null,null,null,null,null,null,68392,"ROOTSTOWN TOWNSHIP",3]
[null,null,null,null,null,null,68406,"ROSCOE",3]
[null,null,null,null,null,null,68420,"ROSE TOWNSHIP",3]
[null,null,null,null,null,null,68427,"ROSEDALE",3]
[null,null,null,null,null,null,68434,"ROSEDALE",3]
[null,null,null,null,null,null,68448,"ROSE FARM",3]
[null,null,null,null,null,null,68476,"ROSE HILL",3]
[null,null,null,null,null,null,68490,"ROSELAND",3]
[null,null,null,null,null,null,68495,"ROSE LAWN",3]
[null,null,null,null,null,null,68504,"ROSELAWN",3]
[null,null,null,null,null,null,68518,"ROSELMS",3]
[null,null,null,null,null,null,68532,"ROSEMONT",3]
[null,null,null,null,null,null,68540,"ROSEMOOR",3]
[null,null,null,null,null,null,68546,"ROSEMOUNT",2]
[null,null,null,null,null,null,68560,"ROSEVILLE",2]
[null,null,null,null,null,null,68574,"ROSEWOOD",2]
[null,null,null,null,null,null,68602,"ROSS",2]
[null,null,null,null,null,null,68616,"ROSS TOWNSHIP",3]
[null,null,null,null,null,null,68630,"ROSS TOWNSHIP",3]
[null,null,null,null,null,null,68644,"ROSS TOWNSHIP",3]
[null,null,null,null,null,null,68672,"ROSSBURG",2]
[null,null,null,null,null,null,68680,"ROSSEAU",3]
[null,null,null,null,null,null,68686,"ROSSFORD",1]
[null,null,null,null,null,null,68714,"ROSSMOYNE",2]
[null,null,null,null,null,null,68742,"ROSWELL",2]
[null,null,null,null,null,null,68756,"ROUND BOTTOM",3]
[null,null,null,null,null,null,68770,"ROUNDHEAD",3]
[null,null,null,null,null,null,68784,"ROUNDHEAD TOWNSHIP",3]
[null,null,null,null,null,null,68798,"ROUSCULP",3]
[null,null,null,null,null,null,68802,"ROWENTON",3]
[null,null,null,null,null,null,68808,"ROWLESVILLE",3]
[null,null,null,null,null,null,68812,"ROWSBURG",3]
[null,null,null,null,null,null,68826,"ROXABELL",3]
[null,null,null,null,null,null,68840,"ROXANNA",3]
[null,null,null,null,null,null,68854,"ROXBURY",3]
[null,null,null,null,null,null,68882,"ROYALTON",3]
[null,null,null,null,null,null,68896,"ROYALTON TOWNSHIP",3]
[null,null,null,null,null,null,68910,"ROYERSVILLE",3]
[null,null,null,null,null,null,68924,"RUBYVILLE",3]
[null,null,null,null,null,null,68938,"RUDOLPH",2]
[null,null,null,null,null,null,68952,"RUGGLES",3]
[null,null,null,null,null,null,68966,"RUGGLES TOWNSHIP",3]
[null,null,null,null,null,null,68980,"RUGGLES BEACH",3]
[null,null,null,null,null,null,68994,"RUMLEY TOWNSHIP",3]
[null,null,null,null,null,null,69008,"RUMLEY",3]
[null,null,null,null,null,null,69040,"RUPELS",3]
[null,null,null,null,null,null,69045,"RUPERT",3]
[null,null,null,null,null,null,69050,"RURAL",3]
[null,null,null,null,null,null,69064,"RURALDALE",3]
[null,null,null,null,null,null,69078,"RUSH TOWNSHIP",3]
[null,null,null,null,null,null,69092,"RUSH TOWNSHIP",3]
[null,null,null,null,null,null,69106,"RUSH TOWNSHIP",3]
[null,null,null,null,null,null,69120,"RUSH CREEK TOWNSHIP",3]
[null,null,null,null,null,null,69134,"RUSHCREEK TOWNSHIP",3]
[null,null,null,null,null,null,69148,"RUSHMORE",3]
[null,null,null,null,null,null,69162,"RUSH RUN",3]
[null,null,null,null,null,null,69176,"RUSHSYLVANIA",2]
[null,null,null,null,null,null,69190,"RUSHTOWN",3]
[null,null,null,null,null,null,69204,"RUSHVILLE",2]
[null,null,null,null,null,null,69220,"RUSHVILLE",3]
[null,null,null,null,null,null,69232,"RUSSELL TOWNSHIP",3]
[null,null,null,null,null,null,69246,"RUSSELL",3]
[null,null,null,null,null,null,69255,"RUSSELL",3]
[null,null,null,null,null,null,69260,"RUSSELL CENTER",3]
[null,null,null,null,null,null,69288,"RUSSELLS",3]
[null,null,null,null,null,null,69302,"RUSSELLS POINT",2]
[null,null,null,null,null,null,69316,"RUSSELLVILLE",2]
[null,null,null,null,null,null,69344,"RUSSIA",2]
[null,null,null,null,null,null,69358,"RUTLAND",2]
[null,null,null,null,null,null,69372,"RUTLAND TOWNSHIP",3]
[null,null,null,null,null,null,69380,"RYAN",3]
[null,null,null,null,null,null,69386,"RYE BEACH",3]
[null,null,null,null,null,null,69400,"SABINA",2]
[null,null,null,null,null,null,69414,"SAGAMORE HILLS",3]
[null,null,null,null,null,null,69428,"SAGAMORE HILLS TOWNSHIP",3]
[null,null,null,null,null,null,69456,"SAINT ALBANS TOWNSHIP",3]
[null,null,null,null,null,null,69470,"SAINT BERNARD",2]
[null,null,null,null,null,null,69490,"SAINT CHARLES",3]
[null,null,null,null,null,null,69498,"SAINT CLAIR TOWNSHIP",3]
[null,null,null,null,null,null,69512,"SAINT CLAIR TOWNSHIP",3]
[null,null,null,null,null,null,69526,"SAINT CLAIRSVILLE",1]
[null,null,null,null,null,null,69540,"SAINT HENRY",2]
[null,null,null,null,null,null,69554,"SAINT JAMES",3]
[null,null,null,null,null,null,69568,"SAINT JOE",3]
[null,null,null,null,null,null,69596,"SAINT JOHNS",2]
[null,null,null,null,null,null,69600,"SAINT JOHNS",3]
[null,null,null,null,null,null,69610,"SAINT JOSEPH",3]
[null,null,null,null,null,null,69624,"SAINT JOSEPH",3]
[null,null,null,null,null,null,69638,"SAINT JOSEPH TOWNSHIP",3]
[null,null,null,null,null,null,69652,"SAINT LOUISVILLE",2]
[null,null,null,null,null,null,69666,"SAINT MARTIN",2]
[null,null,null,null,null,null,69680,"SAINT MARYS",1]
[null,null,null,null,null,null,69694,"SAINT MARYS TOWNSHIP",3]
[null,null,null,null,null,null,69708,"SAINT PARIS",2]
[null,null,null,null,null,null,69722,"SAINT PAUL",3]
[null,null,null,null,null,null,69736,"SAINT PETER",3]
[null,null,null,null,null,null,69750,"SAINT ROSA",3]
[null,null,null,null,null,null,69778,"SAINT STEPHENS",3]
[null,null,null,null,null,null,69806,"SALEM TOWNSHIP",3]
[null,null,null,null,null,null,69820,"SALEM TOWNSHIP",3]
[null,null,null,null,null,null,69834,"SALEM",1]
[null,null,null,null,null,null,69848,"SALEM TOWNSHIP",3]
[null,null,null,null,null,null,69862,"SALEM TOWNSHIP",3]
[null,null,null,null,null,null,69876,"SALEM TOWNSHIP",3]
[null,null,null,null,null,null,69904,"SALEM TOWNSHIP",3]
[null,null,null,null,null,null,69918,"SALEM TOWNSHIP",3]
[null,null,null,null,null,null,69932,"SALEM TOWNSHIP",3]
[null,null,null,null,null,null,69946,"SALEM TOWNSHIP",3]
[null,null,null,null,null,null,69955,"SALEM",3]
[null,null,null,null,null,null,69960,"SALEM TOWNSHIP",3]
[null,null,null,null,null,null,69974,"SALEM TOWNSHIP",3]
[null,null,null,null,null,null,69988,"SALEM TOWNSHIP",3]
[null,null,null,null,null,null,70002,"SALEM TOWNSHIP",3]
[null,null,null,null,null,null,70016,"SALEM TOWNSHIP",3]
[null,null,null,null,null,null,70030,"SALEM CENTER",3]
[null,null,null,null,null,null,70044,"SALEM HEIGHTS",3]
[null,null,null,null,null,null,70050,"SALEM HEIGHTS",2]
[null,null,null,null,null,null,70072,"SALESVILLE",2]
[null,null,null,null,null,null,70086,"SALINE TOWNSHIP",3]
[null,null,null,null,null,null,70100,"SALINEVILLE",2]
[null,null,null,null,null,null,70114,"SALISBURY TOWNSHIP",3]
[null,null,null,null,null,null,70120,"SALOW CORNERS",3]
[null,null,null,null,null,null,70128,"SALTAIR",3]
[null,null,null,null,null,null,70142,"SALT CREEK TOWNSHIP",3]
[null,null,null,null,null,null,70156,"SALT CREEK TOWNSHIP",3]
[null,null,null,null,null,null,70170,"SALT CREEK TOWNSHIP",3]
[null,null,null,null,null,null,70184,"SALTCREEK TOWNSHIP",3]
[null,null,null,null,null,null,70198,"SALT CREEK TOWNSHIP",3]
[null,null,null,null,null,null,70205,"SALTILLO",3]
[null,null,null,null,null,null,70212,"SALTILLO",3]
[null,null,null,null,null,null,70226,"SALT LICK TOWNSHIP",3]
[null,null,null,null,null,null,70240,"SALT ROCK TOWNSHIP",3]
[null,null,null,null,null,null,70254,"SALT RUN",3]
[null,null,null,null,null,null,70268,"SAMANTHA",3]
[null,null,null,null,null,null,70275,"SAMPLEVILLE",3]
[null,null,null,null,null,null,70282,"SAND BEACH",3]
[null,null,null,null,null,null,70288,"SANDBURR CORNERS",3]
[null,null,null,null,null,null,70292,"SAND FORK",3]
[null,null,null,null,null,null,70296,"SAND HILL",3]
[null,null,null,null,null,null,70310,"SAND HILL",3]
[null,null,null,null,null,null,70324,"SANDHILL",3]
[null,null,null,null,null,null,70352,"SAND RUN",3]
[null,null,null,null,null,null,70360,"SAND RUN JUNCTION",3]
[null,null,null,null,null,null,70366,"SANDUSKY TOWNSHIP",3]
[null,null,null,null,null,null,70380,"SANDUSKY",1]
[null,null,null,null,null,null,70394,"SANDUSKY TOWNSHIP",3]
[null,null,null,null,null,null,70408,"SANDUSKY TOWNSHIP",3]
[null,null,null,null,null,null,70422,"SANDUSKY SOUTH",3]
[null,null,null,null,null,null,70436,"SANDY TOWNSHIP",3]
[null,null,null,null,null,null,70443,"SANDY TOWNSHIP",3]
[null,null,null,null,null,null,70446,"SANDY CORNERS",3]
[null,null,null,null,null,null,70448,"SANDY HILL",3]
[null,null,null,null,null,null,70450,"SANDY SPRINGS",3]
[null,null,null,null,null,null,70464,"SANDYVILLE",2]
[null,null,null,null,null,null,70478,"SAN MARGHERITA",3]
[null,null,null,null,null,null,70492,"SANTA FE",3]
[null,null,null,null,null,null,70506,"SAN TOY",3]
[null,null,null,null,null,null,70520,"SARAHSVILLE",2]
[null,null,null,null,null,null,70534,"SARDINIA",2]
[null,null,null,null,null,null,70548,"SARDIS",2]
[null,null,null,null,null,null,70562,"SARGENTS",3]
[null,null,null,null,null,null,70568,"SAUNDERSVILLE",3]
[null,null,null,null,null,null,70572,"SAVAGEVILLE",3]
[null,null,null,null,null,null,70576,"SAVANNAH",2]
[null,null,null,null,null,null,70604,"SAVONA",3]
[null,null,null,null,null,null,70618,"SAWYERWOOD",2]
[null,null,null,null,null,null,70632,"SAYBROOK",3]
[null,null,null,null,null,null,70646,"SAYBROOK TOWNSHIP",3]
[null,null,null,null,null,null,70655,"SAYBROOK-ON-THE-LAKE",3]
[null,null,null,null,null,null,70660,"SAYLER PARK",3]
[null,null,null,null,null,null,70674,"SAYRE",3]
[null,null,null,null,null,null,70700,"SCHLEGELS GROVE",3]
[null,null,null,null,null,null,70730,"SCHLEY",3]
[null,null,null,null,null,null,70744,"SCHOENBRUNN",3]
[null,null,null,null,null,null,70758,"SCHOOLEY",3]
[null,null,null,null,null,null,70772,"SCHRADER",3]
[null,null,null,null,null,null,70786,"SCHUMM",3]
[null,null,null,null,null,null,70793,"SCIENCE HILL",3]
[null,null,null,null,null,null,70800,"SCIENCEVILLE",3]
[null,null,null,null,null,null,70814,"SCIO",2]
[null,null,null,null,null,null,70828,"SCIOTO",3]
[null,null,null,null,null,null,70842,"SCIOTO TOWNSHIP",3]
[null,null,null,null,null,null,70856,"SCIOTO TOWNSHIP",3]
[null,null,null,null,null,null,70870,"SCIOTO TOWNSHIP",3]
[null,null,null,null,null,null,70884,"SCIOTO TOWNSHIP",3]
[null,null,null,null,null,null,70898,"SCIOTO TOWNSHIP",3]
[null,null,null,null,null,null,70912,"SCIOTODALE",2]
[null,null,null,null,null,null,70926,"SCIOTO FURNACE",3]
[null,null,null,null,null,null,70954,"SCIOTO VILLAGE",3]
[null,null,null,null,null,null,70968,"SCIOTOVILLE",3]
[null,null,null,null,null,null,70996,"SCIPIO TOWNSHIP",3]
[null,null,null,null,null,null,71010,"SCIPIO",3]
[null,null,null,null,null,null,71024,"SCIPIO TOWNSHIP",3]
[null,null,null,null,null,null,71038,"SCOTCH RIDGE",3]
[null,null,null,null,null,null,71045,"SCOTLAND",3]
[null,null,null,null,null,null,71052,"SCOTT TOWNSHIP",3]
[null,null,null,null,null,null,71066,"SCOTT TOWNSHIP",3]
[null,null,null,null,null,null,71073,"SCOTT TOWNSHIP",3]
[null,null,null,null,null,null,71080,"SCOTT",2]
[null,null,null,null,null,null,71087,"SCOTT TOWNSHIP",3]
[null,null,null,null,null,null,71090,"SCOTT CORNERS",3]
[null,null,null,null,null,null,71094,"SCOTTOWN",3]
[null,null,null,null,null,null,71108,"SCOTTS CROSSING",3]
[null,null,null,null,null,null,71150,"SCROGGSFIELD",3]
[null,null,null,null,null,null,71164,"SCRUB RIDGE",3]
[null,null,null,null,null,null,71168,"SCUDDER",3]
[null,null,null,null,null,null,71171,"SEAL TOWNSHIP",3]
[null,null,null,null,null,null,71178,"SEAL",3]
[null,null,null,null,null,null,71206,"SEAMAN",2]
[null,null,null,null,null,null,71210,"SEAMERSVILLE",3]
[null,null,null,null,null,null,71215,"SEBASTIAN",3]
[null,null,null,null,null,null,71220,"SEBRING",2]
[null,null,null,null,null,null,71276,"SEDAMSVILLE",3]
[null,null,null,null,null,null,71297,"SEDAN",3]
[null,null,null,null,null,null,71307,"SEGO",3]
[null,null,null,null,null,null,71346,"SELMA",3]
[null,null,null,null,null,null,71347,"SEMPLES",3]
[null,null,null,null,null,null,71349,"SENECA TOWNSHIP",3]
[null,null,null,null,null,null,71352,"SENECA TOWNSHIP",3]
[null,null,null,null,null,null,71355,"SENECA TOWNSHIP",3]
[null,null,null,null,null,null,71360,"SENECAVILLE",2]
[null,null,null,null,null,null,71374,"SENIOR",3]
[null,null,null,null,null,null,71388,"SENTINEL",3]
[null,null,null,null,null,null,71416,"SEVEN HILLS",1]
[null,null,null,null,null,null,71444,"SEVEN MILE",2]
[null,null,null,null,null,null,71486,"SEVILLE",2]
[null,null,null,null,null,null,71488,"SEVILLE VILLAGE TOWNSHIP",3]
[null,null,null,null,null,null,71500,"SEWARD",3]
[null,null,null,null,null,null,71514,"SEWELLSVILLE",3]
[null,null,null,null,null,null,71520,"SHACKLETON",3]
[null,null,null,null,null,null,71528,"SHADE",3]
[null,null,null,null,null,null,71542,"SHADEMOORE",3]
[null,null,null,null,null,null,71565,"SHADE RIVER",3]
[null,null,null,null,null,null,71570,"SHADEVILLE",3]
[null,null,null,null,null,null,71575,"SHADY BEND",3]
[null,null,null,null,null,null,71584,"SHADY GLEN",3]
[null,null,null,null,null,null,71626,"SHADY GROVE",3]
[null,null,null,null,null,null,71640,"SHADYSIDE",2]
[null,null,null,null,null,null,71682,"SHAKER HEIGHTS",1]
[null,null,null,null,null,null,71724,"SHALERSVILLE",3]
[null,null,null,null,null,null,71731,"SHALERSVILLE TOWNSHIP",3]
[null,null,null,null,null,null,71738,"SHANDON STATION",3]
[null,null,null,null,null,null,71752,"SHANDON",3]
[null,null,null,null,null,null,71760,"SHANE",3]
[null,null,null,null,null,null,71766,"SHANESVILLE",3]
[null,null,null,null,null,null,71780,"SHANNON",3]
[null,null,null,null,null,null,71784,"SHANNON",3]
[null,null,null,null,null,null,71787,"SHARON TOWNSHIP",3]
[null,null,null,null,null,null,71794,"SHARON",3]
[null,null,null,null,null,null,71801,"SHARON TOWNSHIP",3]
[null,null,null,null,null,null,71822,"SHARON",3]
[null,null,null,null,null,null,71826,"SHARON TOWNSHIP",3]
[null,null,null,null,null,null,71830,"SHARON TOWNSHIP",3]
[null,null,null,null,null,null,71836,"SHARON CENTER",3]
[null,null,null,null,null,null,71892,"SHARONVILLE",1]
[null,null,null,null,null,null,71915,"SHARPEYE",3]
[null,null,null,null,null,null,71920,"SHARPSBURG",3]
[null,null,null,null,null,null,71923,"SHARPSBURG",3]
[null,null,null,null,null,null,71930,"SHARPS CROSSING",3]
[null,null,null,null,null,null,71948,"SHAUCK",3]
[null,null,null,null,null,null,71955,"SHAWNEE TOWNSHIP",3]
[null,null,null,null,null,null,71958,"SHAWNEE",2]
[null,null,null,null,null,null,71962,"SHAWNEE",2]
[null,null,null,null,null,null,71976,"SHAWNEE HILLS",2]
[null,null,null,null,null,null,71983,"SHAWNEE HILLS",2]
[null,null,null,null,null,null,72018,"SHAWTOWN",3]
[null,null,null,null,null,null,72025,"SHAWTOWN",3]
[null,null,null,null,null,null,72046,"SHAY",3]
[null,null,null,null,null,null,72053,"SHEFFIELD TOWNSHIP",3]
[null,null,null,null,null,null,72060,"SHEFFIELD",2]
[null,null,null,null,null,null,72067,"SHEFFIELD TOWNSHIP",3]
[null,null,null,null,null,null,72070,"SHEFFIELD CENTER",3]
[null,null,null,null,null,null,72088,"SHEFFIELD LAKE",1]
[null,null,null,null,null,null,72102,"SHELBY",1]
[null,null,null,null,null,null,72130,"SHELL BEACH",3]
[null,null,null,null,null,null,72144,"SHENANDOAH",3]
[null,null,null,null,null,null,72165,"SHEPHERDSTOWN",3]
[null,null,null,null,null,null,72186,"SHERIDAN",3]
[null,null,null,null,null,null,72193,"SHERMAN TOWNSHIP",3]
[null,null,null,null,null,null,72220,"SHERMAN CORNERS",3]
[null,null,null,null,null,null,72228,"SHERRITTS",3]
[null,null,null,null,null,null,72242,"SHERRODSVILLE",2]
[null,null,null,null,null,null,72258,"SHERWOOD",2]
[null,null,null,null,null,null,72256,"SHERWOOD",2]
[null,null,null,null,null,null,72260,"SHERWOOD VILLAGE",3]
[null,null,null,null,null,null,72265,"SHILLINGS MILL",3]
[null,null,null,null,null,null,72270,"SHILOH",3]
[null,null,null,null,null,null,72275,"SHILOH",3]
[null,null,null,null,null,null,72284,"SHILOH",3]
[null,null,null,null,null,null,72298,"SHILOH",2]
[null,null,null,null,null,null,72305,"SHILTOWN",3]
[null,null,null,null,null,null,72312,"SHINROCK",3]
[null,null,null,null,null,null,72315,"SHIPP",3]
[null,null,null,null,null,null,72318,"SHIVELY",3]
[null,null,null,null,null,null,72322,"SHIVELY CORNERS",3]
[null,null,null,null,null,null,72345,"SHORELAND",3]
[null,null,null,null,null,null,72361,"SHORT CREEK TOWNSHIP",3]
[null,null,null,null,null,null,72382,"SHORT LINE JUNCTION",3]
[null,null,null,null,null,null,72396,"SHREVE",2]
[null,null,null,null,null,null,72400,"SHUNK",3]
[null,null,null,null,null,null,72405,"SHYVILLE",3]
[null,null,null,null,null,null,72424,"SIDNEY",1]
[null,null,null,null,null,null,72438,"SIGNAL",3]
[null,null,null,null,null,null,72452,"SILICA",3]
[null,null,null,null,null,null,72466,"SILO",3]
[null,null,null,null,null,null,72473,"SILVERCREEK TOWNSHIP",3]
[null,null,null,null,null,null,72480,"SILVER CREEK (HISTORICAL)",3]
[null,null,null,null,null,null,72494,"SILVER LAKE",2]
[null,null,null,null,null,null,72515,"SILVER RUN",3]
[null,null,null,null,null,null,72522,"SILVERTON",2]
[null,null,null,null,null,null,72536,"SIMONS",3]
[null,null,null,null,null,null,72578,"SINKING SPRING",2]
[null,null,null,null,null,null,72580,"SIPPO",3]
[null,null,null,null,null,null,72582,"SIPPO HEIGHTS",3]
[null,null,null,null,null,null,72588,"SITKA",3]
[null,null,null,null,null,null,72594,"SIVERLY",3]
[null,null,null,null,null,null,72598,"SIX CORNERS",3]
[null,null,null,null,null,null,72602,"SIX MILE",3]
[null,null,null,null,null,null,72608,"SIX POINT",3]
[null,null,null,null,null,null,72612,"SIX POINTS",3]
[null,null,null,null,null,null,72620,"SIXTEEN MILE STAND",2]
[null,null,null,null,null,null,72630,"SKEELS CROSSROADS",3]
[null,null,null,null,null,null,72635,"SKIT",3]
[null,null,null,null,null,null,72648,"SKYLINE ACRES",2]
[null,null,null,null,null,null,72662,"SLABTOWN",3]
[null,null,null,null,null,null,72676,"SLATE MILLS",3]
[null,null,null,null,null,null,72680,"SLATER",3]
[null,null,null,null,null,null,72685,"SLATERS",3]
[null,null,null,null,null,null,72690,"SLICKAWAY",3]
[null,null,null,null,null,null,72718,"SLIGO",3]
[null,null,null,null,null,null,72725,"SLOCUM HEIGHTS",3]
[null,null,null,null,null,null,72732,"SLOCUM",3]
[null,null,null,null,null,null,72734,"SLOUGH",3]
[null,null,null,null,null,null,72736,"SMITH TOWNSHIP",3]
[null,null,null,null,null,null,72740,"SMITH TOWNSHIP",3]
[null,null,null,null,null,null,72746,"SMITH CORNERS",3]
[null,null,null,null,null,null,72760,"SMITHFIELD",2]
[null,null,null,null,null,null,72767,"SMITHFIELD TOWNSHIP",3]
[null,null,null,null,null,null,72780,"SMITH MILL",3]
[null,null,null,null,null,null,72788,"SMITHVILLE",2]
[null,null,null,null,null,null,72816,"SMITHVILLE",3]
[null,null,null,null,null,null,72820,"SMOKETOWN",3]
[null,null,null,null,null,null,72825,"SMOKY CORNERS",3]
[null,null,null,null,null,null,72830,"SMYRNA",3]
[null,null,null,null,null,null,72844,"SNIVELY",3]
[null,null,null,null,null,null,72858,"SNODES",3]
[null,null,null,null,null,null,72862,"SNOWVILLE",3]
[null,null,null,null,null,null,72868,"SNYDERS MILL",3]
[null,null,null,null,null,null,72872,"SNYDERVILLE",3]
[null,null,null,null,null,null,72886,"SOAPTOWN",3]
[null,null,null,null,null,null,72900,"SOCIALVILLE",3]
[null,null,null,null,null,null,72905,"SODOM",3]
[null,null,null,null,null,null,72928,"SOLON",1]
[null,null,null,null,null,null,72956,"SOMERDALE",3]
[null,null,null,null,null,null,72960,"SOMERFORD TOWNSHIP",3]
[null,null,null,null,null,null,72964,"SOMERS TOWNSHIP",3]
[null,null,null,null,null,null,72970,"SOMERSET TOWNSHIP",3]
[null,null,null,null,null,null,72977,"SOMERSET",2]
[null,null,null,null,null,null,72984,"SOMERTON",3]
[null,null,null,null,null,null,72998,"SOMERVILLE",2]
[null,null,null,null,null,null,73012,"SONORA",3]
[null,null,null,null,null,null,73026,"SOUTH AKRON",3]
[null,null,null,null,null,null,73040,"SOUTH AMHERST",2]
[null,null,null,null,null,null,73056,"SOUTH BAY",3]
[null,null,null,null,null,null,73058,"SOUTH BEACH",3]
[null,null,null,null,null,null,73061,"SOUTH BLOOMFIELD TOWNSHIP",3]
[null,null,null,null,null,null,73068,"SOUTH BLOOMFIELD",2]
[null,null,null,null,null,null,73082,"SOUTH BLOOMINGVILLE",3]
[null,null,null,null,null,null,73110,"SOUTH BROOKLYN",3]
[null,null,null,null,null,null,73118,"SOUTH CANAL",2]
[null,null,null,null,null,null,73124,"SOUTH CHARLESTON",2]
[null,null,null,null,null,null,73138,"SOUTH CLIPPINGER",3]
[null,null,null,null,null,null,73166,"SOUTH CONDIT",3]
[null,null,null,null,null,null,73200,"SOUTH DELTA",3]
[null,null,null,null,null,null,73264,"SOUTH EUCLID",1]
[null,null,null,null,null,null,73278,"SOUTH EXCELLO",3]
[null,null,null,null,null,null,73348,"SOUTH HAMILTON",3]
[null,null,null,null,null,null,73362,"SOUTH HIGHLANDS",3]
[null,null,null,null,null,null,73376,"SOUTH HILL PARK",3]
[null,null,null,null,null,null,73390,"SOUTHINGTON",3]
[null,null,null,null,null,null,73397,"SOUTHINGTON TOWNSHIP",3]
[null,null,null,null,null,null,73446,"SOUTH LEBANON",2]
[null,null,null,null,null,null,73460,"SOUTH LOGAN",3]
[null,null,null,null,null,null,73488,"SOUTH LORAIN",3]
[null,null,null,null,null,null,73502,"SOUTH MADISON",3]
[null,null,null,null,null,null,73510,"SOUTH MIDDLETOWN",3]
[null,null,null,null,null,null,73516,"SOUTH MILFORD",3]
[null,null,null,null,null,null,73530,"SOUTH MOUNT VERNON",3]
[null,null,null,null,null,null,73558,"SOUTH NEWBURY",3]
[null,null,null,null,null,null,73586,"SOUTH OLIVE",3]
[null,null,null,null,null,null,73628,"SOUTH PARK",3]
[null,null,null,null,null,null,73642,"SOUTH PERRY",3]
[null,null,null,null,null,null,73656,"SOUTH PLYMOUTH",3]
[null,null,null,null,null,null,73670,"SOUTH POINT",2]
[null,null,null,null,null,null,73684,"SOUTH RUSSELL",2]
[null,null,null,null,null,null,73698,"SOUTH SALEM",2]
[null,null,null,null,null,null,73712,"SOUTH SHORE PARK",3]
[null,null,null,null,null,null,73740,"SOUTH SIDE",3]
[null,null,null,null,null,null,73754,"SOUTH SIDE",3]
[null,null,null,null,null,null,73768,"SOUTH SOLON",2]
[null,null,null,null,null,null,73796,"SOUTH VIENNA",2]
[null,null,null,null,null,null,73810,"SOUTH WARSAW",3]
[null,null,null,null,null,null,73824,"SOUTH WEBSTER",2]
[null,null,null,null,null,null,73866,"SOUTH WOODBURY",3]
[null,null,null,null,null,null,73880,"SOUTHWORTH",3]
[null,null,null,null,null,null,73894,"SOUTH ZANESVILLE",2]
[null,null,null,null,null,null,73930,"SPANKER",3]
[null,null,null,null,null,null,73936,"SPARGURSVILLE",3]
[null,null,null,null,null,null,73950,"SPARTA",2]
[null,null,null,null,null,null,73970,"SPECHT",3]
[null,null,null,null,null,null,73978,"SPEIDEL",3]
[null,null,null,null,null,null,73980,"SPELLACY",3]
[null,null,null,null,null,null,73982,"SPENCER TOWNSHIP",3]
[null,null,null,null,null,null,73986,"SPENCER TOWNSHIP",3]
[null,null,null,null,null,null,73990,"SPENCER TOWNSHIP",3]
[null,null,null,null,null,null,73992,"SPENCER",2]
[null,null,null,null,null,null,73999,"SPENCER TOWNSHIP",3]
[null,null,null,null,null,null,74006,"SPENCER",3]
[null,null,null,null,null,null,74034,"SPENCERVILLE",2]
[null,null,null,null,null,null,74040,"SPILLER",3]
[null,null,null,null,null,null,74062,"SPORE",3]
[null,null,null,null,null,null,74063,"SPRAGUE",3]
[null,null,null,null,null,null,74065,"SPRATT",3]
[null,null,null,null,null,null,74067,"SPRENG",3]
[null,null,null,null,null,null,74069,"SPRIGG TOWNSHIP",3]
[null,null,null,null,null,null,74076,"SPRINGBORO",1]
[null,null,null,null,null,null,74090,"SPRINGBROOK",3]
[null,null,null,null,null,null,74097,"SPRINGCREEK TOWNSHIP",3]
[null,null,null,null,null,null,74104,"SPRINGDALE",1]
[null,null,null,null,null,null,74118,"SPRINGFIELD",1]
[null,null,null,null,null,null,74119,"SPRINGFIELD TOWNSHIP",3]
[null,null,null,null,null,null,74120,"SPRINGFIELD TOWNSHIP",3]
[null,null,null,null,null,null,74121,"SPRINGFIELD TOWNSHIP",3]
[null,null,null,null,null,null,74122,"SPRINGFIELD TOWNSHIP",3]
[null,null,null,null,null,null,74123,"SPRINGFIELD TOWNSHIP",3]
[null,null,null,null,null,null,74124,"SPRINGFIELD TOWNSHIP",3]
[null,null,null,null,null,null,74125,"SPRINGFIELD TOWNSHIP",3]
[null,null,null,null,null,null,74128,"SPRINGFIELD TOWNSHIP",3]
[null,null,null,null,null,null,74129,"SPRINGFIELD TOWNSHIP",3]
[null,null,null,null,null,null,74130,"SPRINGFIELD TOWNSHIP",3]
[null,null,null,null,null,null,74131,"SPRINGFIELD TOWNSHIP",3]
[null,null,null,null,null,null,74135,"SPRING GROVE",3]
[null,null,null,null,null,null,74146,"SPRING MEADOWS",3]
[null,null,null,null,null,null,74160,"SPRING MILL",3]
[null,null,null,null,null,null,74174,"SPRING MOUNTAIN",3]
[null,null,null,null,null,null,74202,"SPRINGVALE",3]
[null,null,null,null,null,null,74210,"SPRING VALLEY",3]
[null,null,null,null,null,null,74216,"SPRING VALLEY",2]
[null,null,null,null,null,null,74223,"SPRING VALLEY TOWNSHIP",3]
[null,null,null,null,null,null,74244,"SPRING VALLEY",3]
[null,null,null,null,null,null,74258,"SPRINGVILLE",3]
[null,null,null,null,null,null,74272,"SPRINGVILLE",3]
[null,null,null,null,null,null,74290,"SPRUCEVALE",3]
[null,null,null,null,null,null,74293,"SQUIRES",3]
[null,null,null,null,null,null,74296,"SQUIRREL TOWN",3]
[null,null,null,null,null,null,74300,"STAFFORD",2]
[null,null,null,null,null,null,74314,"STANBERY PARK",3]
[null,null,null,null,null,null,74328,"STANDARDSBURG",3]
[null,null,null,null,null,null,74342,"STANDLEY",3]
[null,null,null,null,null,null,74346,"STANHOPE",3]
[null,null,null,null,null,null,74350,"STANLEY",3]
[null,null,null,null,null,null,74356,"STANLEYVILLE",3]
[null,null,null,null,null,null,74384,"STANWOOD",3]
[null,null,null,null,null,null,74388,"STARBUCKTOWN",3]
[null,null,null,null,null,null,74392,"STARK CORNERS",3]
[null,null,null,null,null,null,74398,"STARR",3]
[null,null,null,null,null,null,74405,"STARR TOWNSHIP",3]
[null,null,null,null,null,null,74408,"STARRS CORNERS",3]
[null,null,null,null,null,null,74426,"STATE ROAD",3]
[null,null,null,null,null,null,74447,"STATION 15",3]
[null,null,null,null,null,null,74454,"STAUNTON",3]
[null,null,null,null,null,null,74468,"STAUNTON",3]
[null,null,null,null,null,null,74475,"STAUNTON TOWNSHIP",3]
[null,null,null,null,null,null,74479,"STEAMBURG",3]
[null,null,null,null,null,null,74482,"STEAM CORNERS",3]
[null,null,null,null,null,null,74490,"STEAMTOWN",3]
[null,null,null,null,null,null,74500,"STEEL POINT",3]
[null,null,null,null,null,null,74505,"STEEL RUN",3]
[null,null,null,null,null,null,74510,"STEELTON",3]
[null,null,null,null,null,null,74524,"STEINERSVILLE",3]
[null,null,null,null,null,null,74538,"STELLA",3]
[null,null,null,null,null,null,74552,"STELVIDEO",3]
[null,null,null,null,null,null,74555,"STEMPLE",3]
[null,null,null,null,null,null,74559,"STERLING TOWNSHIP",3]
[null,null,null,null,null,null,74566,"STERLING",2]
[null,null,null,null,null,null,74594,"STEUBEN",3]
[null,null,null,null,null,null,74608,"STEUBENVILLE",1]
[null,null,null,null,null,null,74615,"STEUBENVILLE TOWNSHIP",3]
[null,null,null,null,null,null,74622,"STEWART",2]
[null,null,null,null,null,null,74650,"STEWARTSVILLE",3]
[null,null,null,null,null,null,74678,"STILLWATER",3]
[null,null,null,null,null,null,74692,"STILLWATER JUNCTION",3]
[null,null,null,null,null,null,74706,"STILLWELL",3]
[null,null,null,null,null,null,74724,"STOCK TOWNSHIP",3]
[null,null,null,null,null,null,74728,"STOCK TOWNSHIP",3]
[null,null,null,null,null,null,74734,"STOCKDALE",2]
[null,null,null,null,null,null,74740,"STOCKHAM",3]
[null,null,null,null,null,null,74748,"STOCKPORT",2]
[null,null,null,null,null,null,74762,"STOCKTON",3]
[null,null,null,null,null,null,74780,"STOKES TOWNSHIP",3]
[null,null,null,null,null,null,74784,"STOKES TOWNSHIP",3]
[null,null,null,null,null,null,74790,"STONE",3]
[null,null,null,null,null,null,74804,"STONE CREEK",2]
[null,null,null,null,null,null,74818,"STONELICK",3]
[null,null,null,null,null,null,74825,"STONELICK TOWNSHIP",3]
[null,null,null,null,null,null,74828,"STONEVILLE",3]
[null,null,null,null,null,null,74830,"STONEY HILL",3]
[null,null,null,null,null,null,74832,"STONY PRAIRIE",2]
[null,null,null,null,null,null,74840,"STONY RIDGE",3]
[null,null,null,null,null,null,74846,"STONY RIDGE",2]
[null,null,null,null,null,null,74865,"STORMS",3]
[null,null,null,null,null,null,74874,"STORRS",3]
[null,null,null,null,null,null,74888,"STOUDERTOWN",3]
[null,null,null,null,null,null,74902,"STOUT",2]
[null,null,null,null,null,null,74916,"STOUTSVILLE",2]
[null,null,null,null,null,null,74930,"STOVERTOWN",3]
[null,null,null,null,null,null,74944,"STOW",1]
[null,null,null,null,null,null,74950,"STRAITSVILLE",3]
[null,null,null,null,null,null,74958,"STRASBURG",2]
[null,null,null,null,null,null,74972,"STRATFORD",3]
[null,null,null,null,null,null,74986,"STRATFORD MANOR",3]
[null,null,null,null,null,null,75000,"STRATTON",2]
[null,null,null,null,null,null,75014,"STREETSBORO",1]
[null,null,null,null,null,null,75028,"STRINGER",3]
[null,null,null,null,null,null,75042,"STRINGTOWN",3]
[null,null,null,null,null,null,75056,"STRINGTOWN",3]
[null,null,null,null,null,null,75070,"STRINGTOWN",3]
[null,null,null,null,null,null,75072,"STRINGTOWN",3]
[null,null,null,null,null,null,75075,"STRINGTOWN",3]
[null,null,null,null,null,null,75077,"STRINGTOWN",3]
[null,null,null,null,null,null,75080,"STRINGTOWN",3]
[null,null,null,null,null,null,75084,"STRINGTOWN",3]
[null,null,null,null,null,null,75090,"STRINGTOWN",3]
[null,null,null,null,null,null,75098,"STRONGSVILLE",1]
[null,null,null,null,null,null,75120,"STROUPS",3]
[null,null,null,null,null,null,75126,"STRUTHERS",1]
[null,null,null,null,null,null,75140,"STRYKER",2]
[null,null,null,null,null,null,75160,"SUCCESS",3]
[null,null,null,null,null,null,75182,"SUFFIELD",3]
[null,null,null,null,null,null,75189,"SUFFIELD TOWNSHIP",3]
[null,null,null,null,null,null,75196,"SUGAR BUSH KNOLLS",2]
[null,null,null,null,null,null,75199,"SUGAR CREEK TOWNSHIP",3]
[null,null,null,null,null,null,75200,"SUGAR CREEK",3]
[null,null,null,null,null,null,75201,"SUGARCREEK TOWNSHIP",3]
[null,null,null,null,null,null,75206,"SUGAR CREEK TOWNSHIP",3]
[null,null,null,null,null,null,75208,"SUGAR CREEK TOWNSHIP",3]
[null,null,null,null,null,null,75210,"SUGARCREEK",2]
[null,null,null,null,null,null,75217,"SUGAR CREEK TOWNSHIP",3]
[null,null,null,null,null,null,75231,"SUGAR CREEK TOWNSHIP",3]
[null,null,null,null,null,null,75252,"SUGAR GROVE",2]
[null,null,null,null,null,null,75266,"SUGAR GROVE",3]
[null,null,null,null,null,null,75275,"SUGAR GROVE",3]
[null,null,null,null,null,null,75280,"SUGAR GROVE",3]
[null,null,null,null,null,null,75308,"SUGAR RIDGE",3]
[null,null,null,null,null,null,75322,"SUGAR TREE RIDGE",3]
[null,null,null,null,null,null,75336,"SUGAR VALLEY",3]
[null,null,null,null,null,null,75345,"SUITER",3]
[null,null,null,null,null,null,75350,"SULLIVAN",3]
[null,null,null,null,null,null,75357,"SULLIVAN TOWNSHIP",3]
[null,null,null,null,null,null,75364,"SULPHUR GROVE",3]
[null,null,null,null,null,null,75378,"SULPHUR LICK",3]
[null,null,null,null,null,null,75392,"SULPHUR SPRINGS",2]
[null,null,null,null,null,null,75400,"SULPHUR SPRINGS",3]
[null,null,null,null,null,null,75406,"SUMMERFIELD",2]
[null,null,null,null,null,null,75420,"SUMMERFORD",3]
[null,null,null,null,null,null,75434,"SUMMERSIDE",1]
[null,null,null,null,null,null,75448,"SUMMERSIDE ESTATES",3]
[null,null,null,null,null,null,75462,"SUMMERSVILLE",3]
[null,null,null,null,null,null,75480,"SUMMIT",3]
[null,null,null,null,null,null,75497,"SUMMIT TOWNSHIP",3]
[null,null,null,null,null,null,75532,"SUMMIT",3]
[null,null,null,null,null,null,75540,"SUMMITHILL",3]
[null,null,null,null,null,null,75560,"SUMMIT STATION",3]
[null,null,null,null,null,null,75574,"SUMMITVILLE",2]
[null,null,null,null,null,null,75588,"SUMNER",3]
[null,null,null,null,null,null,75595,"SUNAIRE",3]
[null,null,null,null,null,null,75602,"SUNBURY",2]
[null,null,null,null,null,null,75616,"SUNBURY",3]
[null,null,null,null,null,null,75620,"SUNBURY VILLAGE TOWNSHIP",3]
[null,null,null,null,null,null,75625,"SUNDALE",3]
[null,null,null,null,null,null,75630,"SUNDALE",3]
[null,null,null,null,null,null,75637,"SUNFISH TOWNSHIP",3]
[null,null,null,null,null,null,75658,"SUNNYLAND",3]
[null,null,null,null,null,null,75678,"SUNNYSIDE",3]
[null,null,null,null,null,null,75682,"SUNRISE",3]
[null,null,null,null,null,null,75686,"SUNSBURY TOWNSHIP",3]
[null,null,null,null,null,null,75695,"SUNSET BEACH",3]
[null,null,null,null,null,null,75705,"SUNSET HARBOR",3]
[null,null,null,null,null,null,75714,"SUNSET HEIGHTS",3]
[null,null,null,null,null,null,75756,"SUNSHINE",3]
[null,null,null,null,null,null,75819,"SUPERIOR TOWNSHIP",3]
[null,null,null,null,null,null,75847,"SUTTON TOWNSHIP",3]
[null,null,null,null,null,null,75854,"SWAN TOWNSHIP",3]
[null,null,null,null,null,null,75861,"SWAN CREEK TOWNSHIP",3]
[null,null,null,null,null,null,75864,"SWAN CREEK",3]
[null,null,null,null,null,null,75866,"SWANDER",3]
[null,null,null,null,null,null,75868,"SWANDERS",3]
[null,null,null,null,null,null,75882,"SWANKTOWN",3]
[null,null,null,null,null,null,75888,"SWANS",3]
[null,null,null,null,null,null,75892,"SWANSON",3]
[null,null,null,null,null,null,75896,"SWANTON",2]
[null,null,null,null,null,null,75903,"SWANTON TOWNSHIP",3]
[null,null,null,null,null,null,75904,"SWARTZ MILL",3]
[null,null,null,null,null,null,75908,"SWAZEY",3]
[null,null,null,null,null,null,75924,"SWIFT",3]
[null,null,null,null,null,null,75941,"SWITZER",3]
[null,null,null,null,null,null,75945,"SWITZERLAND TOWNSHIP",3]
[null,null,null,null,null,null,75952,"SYBENE",3]
[null,null,null,null,null,null,75966,"SYCAMORE",3]
[null,null,null,null,null,null,75973,"SYCAMORE TOWNSHIP",3]
[null,null,null,null,null,null,75980,"SYCAMORE",2]
[null,null,null,null,null,null,75987,"SYCAMORE TOWNSHIP",3]
[null,null,null,null,null,null,75994,"SYCAMORE VALLEY",3]
[null,null,null,null,null,null,76022,"SYLVANIA",1]
[null,null,null,null,null,null,76025,"SYLVANIA TOWNSHIP",3]
[null,null,null,null,null,null,76028,"SYMMES TOWNSHIP",3]
[null,null,null,null,null,null,76031,"SYMMES TOWNSHIP",3]
[null,null,null,null,null,null,76036,"SYMMES CORNER",3]
[null,null,null,null,null,null,76050,"SYRACUSE",2]
[null,null,null,null,null,null,76055,"TABOR",3]
[null,null,null,null,null,null,76064,"TABORVILLE",3]
[null,null,null,null,null,null,76078,"TACOMA",3]
[null,null,null,null,null,null,76100,"TALAWANDA SPRINGS",3]
[null,null,null,null,null,null,76106,"TALLMADGE",1]
[null,null,null,null,null,null,76120,"TAMA",3]
[null,null,null,null,null,null,76125,"TAMPICO",3]
[null,null,null,null,null,null,76134,"TAPPAN",3]
[null,null,null,null,null,null,76148,"TARLTON",2]
[null,null,null,null,null,null,76155,"TATE TOWNSHIP",3]
[null,null,null,null,null,null,76176,"TAWAWA",3]
[null,null,null,null,null,null,76194,"TAYLOR TOWNSHIP",3]
[null,null,null,null,null,null,76196,"TAYLOR CORNERS",3]
[null,null,null,null,null,null,76197,"TAYLOR CREEK",2]
[null,null,null,null,null,null,76198,"TAYLOR CREEK TOWNSHIP",3]
[null,null,null,null,null,null,76218,"TAYLORSBURG",3]
[null,null,null,null,null,null,76232,"TAYLORS CREEK",3]
[null,null,null,null,null,null,76246,"TAYLOR STATION",3]
[null,null,null,null,null,null,76260,"TAYLORSVILLE",3]
[null,null,null,null,null,null,76288,"TAYLORTOWN",3]
[null,null,null,null,null,null,76302,"TAYLORTOWN",3]
[null,null,null,null,null,null,76310,"TEAKWOOD ACRES",3]
[null,null,null,null,null,null,76358,"TEDROW",2]
[null,null,null,null,null,null,76372,"TEEGARDEN",3]
[null,null,null,null,null,null,76386,"TEMPERANCEVILLE",3]
[null,null,null,null,null,null,76395,"TENNYSON",3]
[null,null,null,null,null,null,76400,"TERMINAL JUNCTION",3]
[null,null,null,null,null,null,76428,"TERRACE PARK",2]
[null,null,null,null,null,null,76442,"TERRE HAUTE",3]
[null,null,null,null,null,null,76463,"TEXAS TOWNSHIP",3]
[null,null,null,null,null,null,76470,"TEXAS",3]
[null,null,null,null,null,null,76484,"THACKERY",3]
[null,null,null,null,null,null,76498,"THACHER",3]
[null,null,null,null,null,null,76540,"THE BEND",3]
[null,null,null,null,null,null,76550,"THE EASTERN",3]
[null,null,null,null,null,null,76558,"THE HIGHLANDS",3]
[null,null,null,null,null,null,76562,"THELMA",3]
[null,null,null,null,null,null,76564,"THE PINES",3]
[null,null,null,null,null,null,76568,"THE PLAINS",2]
[null,null,null,null,null,null,76575,"THE POINT",3]
[null,null,null,null,null,null,76582,"THE INDIAN HILL",1]
[null,null,null,null,null,null,76596,"THIVENER",3]
[null,null,null,null,null,null,76610,"THOMASTOWN",3]
[null,null,null,null,null,null,76617,"THOMPSON TOWNSHIP",3]
[null,null,null,null,null,null,76624,"THOMPSON",3]
[null,null,null,null,null,null,76628,"THOMPSON TOWNSHIP",3]
[null,null,null,null,null,null,76632,"THOMPSON TOWNSHIP",3]
[null,null,null,null,null,null,76659,"THORN TOWNSHIP",3]
[null,null,null,null,null,null,76666,"THORNPORT",2]
[null,null,null,null,null,null,76680,"THORNVILLE",2]
[null,null,null,null,null,null,76722,"THORPS",3]
[null,null,null,null,null,null,76728,"THREE FORKS",3]
[null,null,null,null,null,null,76732,"THREE LOCKS",3]
[null,null,null,null,null,null,76736,"THRIFTON",3]
[null,null,null,null,null,null,76750,"THURMAN",2]
[null,null,null,null,null,null,76764,"THURSTON",2]
[null,null,null,null,null,null,76765,"TIBBETTS CORNERS",3]
[null,null,null,null,null,null,76767,"TICK RIDGE",3]
[null,null,null,null,null,null,76768,"TIFFIN TOWNSHIP",3]
[null,null,null,null,null,null,76772,"TIFFIN TOWNSHIP",3]
[null,null,null,null,null,null,76778,"TIFFIN",1]
[null,null,null,null,null,null,76800,"TILTON CROSSROADS",3]
[null,null,null,null,null,null,76806,"TILTONSVILLE",2]
[null,null,null,null,null,null,76834,"TIMBERLAKE",2]
[null,null,null,null,null,null,76848,"TINNEY",3]
[null,null,null,null,null,null,76876,"TIPP CITY",1]
[null,null,null,null,null,null,76890,"TIPPECANOE",2]
[null,null,null,null,null,null,76918,"TIPTON",3]
[null,null,null,null,null,null,76932,"TIRO",2]
[null,null,null,null,null,null,76953,"TIVERTON TOWNSHIP",3]
[null,null,null,null,null,null,76954,"TIVERTON CENTER",3]
[null,null,null,null,null,null,76956,"TOBASCO",3]
[null,null,null,null,null,null,76958,"TOBIAS",3]
[null,null,null,null,null,null,76960,"TOBOSO",3]
[null,null,null,null,null,null,76967,"TOD TOWNSHIP",3]
[null,null,null,null,null,null,76974,"TODDS",3]
[null,null,null,null,null,null,77000,"TOLEDO",1]
[null,null,null,null,null,null,77035,"TOLEDO JUNCTION",3]
[null,null,null,null,null,null,77050,"TOM CORWIN",3]
[null,null,null,null,null,null,77056,"TOMLISON ADDITION",3]
[null,null,null,null,null,null,77070,"TONTOGANY",2]
[null,null,null,null,null,null,77074,"TOOTS CORNERS",3]
[null,null,null,null,null,null,77078,"TOOTS CROSSROADS",3]
[null,null,null,null,null,null,77082,"TOP-OF-THE-RIDGE",3]
[null,null,null,null,null,null,77084,"TORCH",3]
[null,null,null,null,null,null,77112,"TORONTO",1]
[null,null,null,null,null,null,77158,"TOWNSEND TOWNSHIP",3]
[null,null,null,null,null,null,77162,"TOWNSEND TOWNSHIP",3]
[null,null,null,null,null,null,77182,"TOWNWOOD",3]
[null,null,null,null,null,null,77224,"TRADERSVILLE",3]
[null,null,null,null,null,null,77238,"TRAIL",3]
[null,null,null,null,null,null,77266,"TRANQUILITY",3]
[null,null,null,null,null,null,77294,"TREBEIN",3]
[null,null,null,null,null,null,77308,"TREMONT CITY",2]
[null,null,null,null,null,null,77322,"TRENTON",1]
[null,null,null,null,null,null,77336,"TRENTON TOWNSHIP",3]
[null,null,null,null,null,null,77364,"TRIADELPHIA",3]
[null,null,null,null,null,null,77392,"TRILBY",3]
[null,null,null,null,null,null,77406,"TRIMBLE",2]
[null,null,null,null,null,null,77420,"TRIMBLE TOWNSHIP",3]
[null,null,null,null,null,null,77434,"TRINWAY",2]
[null,null,null,null,null,null,77455,"TRIUMPH",3]
[null,null,null,null,null,null,77490,"TROMBLEY",3]
[null,null,null,null,null,null,77495,"TROPIC",3]
[null,null,null,null,null,null,77504,"TROTWOOD",1]
[null,null,null,null,null,null,77518,"TROWBRIDGE",3]
[null,null,null,null,null,null,77532,"TROY TOWNSHIP",3]
[null,null,null,null,null,null,77546,"TROY TOWNSHIP",3]
[null,null,null,null,null,null,77560,"TROY TOWNSHIP",3]
[null,null,null,null,null,null,77574,"TROY TOWNSHIP",3]
[null,null,null,null,null,null,77588,"TROY",1]
[null,null,null,null,null,null,77602,"TROY TOWNSHIP",3]
[null,null,null,null,null,null,77616,"TROY TOWNSHIP",3]
[null,null,null,null,null,null,77630,"TROY TOWNSHIP",3]
[null,null,null,null,null,null,77644,"TROYTON",3]
[null,null,null,null,null,null,77658,"TRUETOWN",3]
[null,null,null,null,null,null,77672,"TRUMBULL",3]
[null,null,null,null,null,null,77686,"TRUMBULL TOWNSHIP",3]
[null,null,null,null,null,null,77700,"TRURO",3]
[null,null,null,null,null,null,77714,"TRURO TOWNSHIP",3]
[null,null,null,null,null,null,77728,"TUCSON",3]
[null,null,null,null,null,null,77735,"TULIP",3]
[null,null,null,null,null,null,77742,"TULLY TOWNSHIP",3]
[null,null,null,null,null,null,77756,"TULLY TOWNSHIP",3]
[null,null,null,null,null,null,77784,"TUNNEL HILL",3]
[null,null,null,null,null,null,77812,"TUPPERS PLAINS",2]
[null,null,null,null,null,null,77840,"TURPIN HILLS",1]
[null,null,null,null,null,null,77854,"TURTLE CREEK TOWNSHIP",3]
[null,null,null,null,null,null,77868,"TURTLECREEK TOWNSHIP",3]
[null,null,null,null,null,null,77896,"TUSCARAWAS TOWNSHIP",3]
[null,null,null,null,null,null,77910,"TUSCARAWAS TOWNSHIP",3]
[null,null,null,null,null,null,77924,"TUSCARAWAS",2]
[null,null,null,null,null,null,77934,"TUSCULUM",3]
[null,null,null,null,null,null,77952,"TWENTY MILE STAND",3]
[null,null,null,null,null,null,77966,"TWIGHTWEE",3]
[null,null,null,null,null,null,77980,"TWIN TOWNSHIP",3]
[null,null,null,null,null,null,77994,"TWIN TOWNSHIP",3]
[null,null,null,null,null,null,78008,"TWIN TOWNSHIP",3]
[null,null,null,null,null,null,78036,"TWIN LAKES",3]
[null,null,null,null,null,null,78050,"TWINSBURG",1]
[null,null,null,null,null,null,78064,"TWINSBURG TOWNSHIP",3]
[null,null,null,null,null,null,78078,"TWINSBURG HEIGHTS",2]
[null,null,null,null,null,null,78106,"TWIN VALLEY",3]
[null,null,null,null,null,null,78120,"TYLERS CORNERS",3]
[null,null,null,null,null,null,78125,"TYLERSVILLE",3]
[null,null,null,null,null,null,78134,"TYMOCHTEE",3]
[null,null,null,null,null,null,78141,"TYMOCHTEE TOWNSHIP",3]
[null,null,null,null,null,null,78148,"TYNDALL",3]
[null,null,null,null,null,null,78155,"TYRONE",3]
[null,null,null,null,null,null,78162,"TYRRELL",3]
[null,null,null,null,null,null,78176,"UHRICHSVILLE",1]
[null,null,null,null,null,null,78204,"UNION TOWNSHIP",3]
[null,null,null,null,null,null,78218,"UNION TOWNSHIP",3]
[null,null,null,null,null,null,78232,"UNION TOWNSHIP",3]
[null,null,null,null,null,null,83146,"WESTCHESTER",3]
[null,null,null,null,null,null,78260,"UNION TOWNSHIP",3]
[null,null,null,null,null,null,78274,"UNION TOWNSHIP",3]
[null,null,null,null,null,null,78288,"UNION TOWNSHIP",3]
[null,null,null,null,null,null,78302,"UNION TOWNSHIP",3]
[null,null,null,null,null,null,78316,"UNION TOWNSHIP",3]
[null,null,null,null,null,null,78330,"UNION TOWNSHIP",3]
[null,null,null,null,null,null,78344,"UNION TOWNSHIP",3]
[null,null,null,null,null,null,78358,"UNION TOWNSHIP",3]
[null,null,null,null,null,null,78372,"UNION TOWNSHIP",3]
[null,null,null,null,null,null,78400,"UNION TOWNSHIP",3]
[null,null,null,null,null,null,78414,"UNION TOWNSHIP",3]
[null,null,null,null,null,null,78428,"UNION TOWNSHIP",3]
[null,null,null,null,null,null,78442,"UNION TOWNSHIP",3]
[null,null,null,null,null,null,78456,"UNION TOWNSHIP",3]
[null,null,null,null,null,null,78470,"UNION",1]
[null,null,null,null,null,null,78475,"UNION TOWNSHIP",3]
[null,null,null,null,null,null,78484,"UNION TOWNSHIP",3]
[null,null,null,null,null,null,78498,"UNION TOWNSHIP",3]
[null,null,null,null,null,null,78512,"UNION TOWNSHIP",3]
[null,null,null,null,null,null,78526,"UNION TOWNSHIP",3]
[null,null,null,null,null,null,78540,"UNION TOWNSHIP",3]
[null,null,null,null,null,null,78554,"UNION TOWNSHIP",3]
[null,null,null,null,null,null,78568,"UNION TOWNSHIP",3]
[null,null,null,null,null,null,78582,"UNION TOWNSHIP",3]
[null,null,null,null,null,null,78596,"UNION TOWNSHIP",3]
[null,null,null,null,null,null,78610,"UNION TOWNSHIP",3]
[null,null,null,null,null,null,78624,"UNION CITY",2]
[null,null,null,null,null,null,78625,"UNION CITY TOWNSHIP",3]
[null,null,null,null,null,null,78628,"UNION CORNERS",3]
[null,null,null,null,null,null,78638,"UNION FURNACE",3]
[null,null,null,null,null,null,78680,"UNIONPORT",3]
[null,null,null,null,null,null,78685,"UNION RIDGE",3]
[null,null,null,null,null,null,78708,"UNIONTOWN",3]
[null,null,null,null,null,null,78736,"UNIONTOWN",2]
[null,null,null,null,null,null,78750,"UNIONVALE",3]
[null,null,null,null,null,null,78778,"UNIONVILLE",3]
[null,null,null,null,null,null,78785,"UNIONVILLE",3]
[null,null,null,null,null,null,78792,"UNIONVILLE",3]
[null,null,null,null,null,null,78820,"UNIONVILLE",3]
[null,null,null,null,null,null,78834,"UNIONVILLE CENTER",2]
[null,null,null,null,null,null,78848,"UNIOPOLIS",2]
[null,null,null,null,null,null,78862,"UNITY",3]
[null,null,null,null,null,null,78876,"UNITY",3]
[null,null,null,null,null,null,78890,"UNITY TOWNSHIP",3]
[null,null,null,null,null,null,78932,"UNIVERSITY HEIGHTS",1]
[null,null,null,null,null,null,78960,"UPLAND HEIGHTS",3]
[null,null,null,null,null,null,78974,"UPPER TOWNSHIP",3]
[null,null,null,null,null,null,78988,"UPPER ARLINGTON",3]
[null,null,null,null,null,null,79002,"UPPER ARLINGTON",1]
[null,null,null,null,null,null,79030,"UPPER DAYTON VIEW",3]
[null,null,null,null,null,null,79035,"UPPER LOWELL",3]
[null,null,null,null,null,null,79044,"UPPER SANDUSKY",1]
[null,null,null,null,null,null,79050,"UPTON",3]
[null,null,null,null,null,null,79072,"URBANA",1]
[null,null,null,null,null,null,79086,"URBANA TOWNSHIP",3]
[null,null,null,null,null,null,79100,"URBANCREST",2]
[null,null,null,null,null,null,79105,"URBAN HILL",3]
[null,null,null,null,null,null,79114,"UTICA",2]
[null,null,null,null,null,null,79118,"UTICA",3]
[null,null,null,null,null,null,79122,"UTLEY",3]
[null,null,null,null,null,null,79128,"UTOPIA",3]
[null,null,null,null,null,null,79132,"VADIS",3]
[null,null,null,null,null,null,79135,"VAILS CORNERS",3]
[null,null,null,null,null,null,79138,"VALES MILLS",3]
[null,null,null,null,null,null,79142,"VALLEY",3]
[null,null,null,null,null,null,79156,"VALLEY TOWNSHIP",3]
[null,null,null,null,null,null,79170,"VALLEY TOWNSHIP",3]
[null,null,null,null,null,null,79184,"VALLEY CITY",3]
[null,null,null,null,null,null,79190,"VALLEY CITY STATION",3]
[null,null,null,null,null,null,79198,"VALLEY CROSSING",3]
[null,null,null,null,null,null,79218,"VALLEY FORD",3]
[null,null,null,null,null,null,79222,"VALLEY GLEN",3]
[null,null,null,null,null,null,79226,"VALLEY HI",2]
[null,null,null,null,null,null,79240,"VALLEY JUNCTION",3]
[null,null,null,null,null,null,79268,"VALLEY VIEW",2]
[null,null,null,null,null,null,79282,"VALLEYVIEW",2]
[null,null,null,null,null,null,79296,"VALLEY VIEW",3]
[null,null,null,null,null,null,79310,"VALLEY VIEW",3]
[null,null,null,null,null,null,79324,"VALLEY VIEW HEIGHTS",3]
[null,null,null,null,null,null,79352,"VALLEYWOOD",3]
[null,null,null,null,null,null,79354,"VALLONIA",3]
[null,null,null,null,null,null,79357,"VAN",3]
[null,null,null,null,null,null,79366,"VANATTA",3]
[null,null,null,null,null,null,79380,"VAN BUREN TOWNSHIP",3]
[null,null,null,null,null,null,79394,"VAN BUREN",2]
[null,null,null,null,null,null,79408,"VAN BUREN TOWNSHIP",3]
[null,null,null,null,null,null,79450,"VAN BUREN TOWNSHIP",3]
[null,null,null,null,null,null,79464,"VAN BUREN TOWNSHIP",3]
[null,null,null,null,null,null,79492,"VANDALIA",1]
[null,null,null,null,null,null,79525,"VANDERHOOF",3]
[null,null,null,null,null,null,79530,"VANDERVORTS CORNERS",3]
[null,null,null,null,null,null,79534,"VANLUE",2]
[null,null,null,null,null,null,79548,"VAN METER",3]
[null,null,null,null,null,null,79562,"VAN WERT",1]
[null,null,null,null,null,null,79576,"VAUCES",3]
[null,null,null,null,null,null,79590,"VAUGHNSVILLE",2]
[null,null,null,null,null,null,79618,"VEGA",3]
[null,null,null,null,null,null,79632,"VENEDOCIA",2]
[null,null,null,null,null,null,79660,"VENICE",3]
[null,null,null,null,null,null,79674,"VENICE TOWNSHIP",3]
[null,null,null,null,null,null,79688,"VENICE HEIGHTS",3]
[null,null,null,null,null,null,79702,"VERA CRUZ",3]
[null,null,null,null,null,null,79716,"VERMILION",1]
[null,null,null,null,null,null,79730,"VERMILION TOWNSHIP",3]
[null,null,null,null,null,null,79744,"VERMILION-ON-THE-LAKE",3]
[null,null,null,null,null,null,79758,"VERMILLION TOWNSHIP",3]
[null,null,null,null,null,null,79765,"VERMONA",3]
[null,null,null,null,null,null,79772,"VERNON TOWNSHIP",3]
[null,null,null,null,null,null,79786,"VERNON TOWNSHIP",3]
[null,null,null,null,null,null,79800,"VERNON",3]
[null,null,null,null,null,null,79828,"VERNON TOWNSHIP",3]
[null,null,null,null,null,null,79842,"VERNON",3]
[null,null,null,null,null,null,79856,"VERNON TOWNSHIP",3]
[null,null,null,null,null,null,79898,"VERONA",2]
[null,null,null,null,null,null,79912,"VERSAILLES",2]
[null,null,null,null,null,null,79935,"VESUVIUS FURNACE",3]
[null,null,null,null,null,null,79954,"VETO",3]
[null,null,null,null,null,null,79982,"VICKERY",2]
[null,null,null,null,null,null,79996,"VICKSVILLE",3]
[null,null,null,null,null,null,80015,"VICTORY CAMP",3]
[null,null,null,null,null,null,80038,"VIENNA",3]
[null,null,null,null,null,null,80052,"VIENNA TOWNSHIP",3]
[null,null,null,null,null,null,80066,"VIENNA CENTER",2]
[null,null,null,null,null,null,80080,"VIGO",3]
[null,null,null,null,null,null,80094,"VIKING VILLAGE",3]
[null,null,null,null,null,null,80108,"VILLA",3]
[null,null,null,null,null,null,80122,"VILLA NOVA",3]
[null,null,null,null,null,null,80136,"VINCENT",3]
[null,null,null,null,null,null,80150,"VINCENT",2]
[null,null,null,null,null,null,80178,"VINTON",2]
[null,null,null,null,null,null,80192,"VINTON TOWNSHIP",3]
[null,null,null,null,null,null,80206,"VIOLET TOWNSHIP",3]
[null,null,null,null,null,null,80220,"VIRGINIA TOWNSHIP",3]
[null,null,null,null,null,null,80225,"VOLUNTEER BAY",3]
[null,null,null,null,null,null,80234,"VULCAN",3]
[null,null,null,null,null,null,80248,"WABASH TOWNSHIP",3]
[null,null,null,null,null,null,80262,"WABASH",3]
[null,null,null,null,null,null,80270,"WACKER HEIGHTS",3]
[null,null,null,null,null,null,80276,"WACO",3]
[null,null,null,null,null,null,80290,"WADE",3]
[null,null,null,null,null,null,80304,"WADSWORTH",1]
[null,null,null,null,null,null,80318,"WADSWORTH TOWNSHIP",3]
[null,null,null,null,null,null,80360,"WAGRAM",3]
[null,null,null,null,null,null,80374,"WAHLSBURG",3]
[null,null,null,null,null,null,80380,"WAINWRIGHT",3]
[null,null,null,null,null,null,80388,"WAINWRIGHT",3]
[null,null,null,null,null,null,80402,"WAITE HILL",2]
[null,null,null,null,null,null,80430,"WAKATOMIKA",3]
[null,null,null,null,null,null,80435,"WAKEFIELD",3]
[null,null,null,null,null,null,80444,"WAKEFIELD",3]
[null,null,null,null,null,null,80458,"WAKEMAN",2]
[null,null,null,null,null,null,80472,"WAKEMAN TOWNSHIP",3]
[null,null,null,null,null,null,80486,"WALBRIDGE",2]
[null,null,null,null,null,null,80500,"WALDO",2]
[null,null,null,null,null,null,80514,"WALDO TOWNSHIP",3]
[null,null,null,null,null,null,80520,"WALES CORNERS",3]
[null,null,null,null,null,null,80528,"WALHONDING",3]
[null,null,null,null,null,null,80542,"WALHONDING",3]
[null,null,null,null,null,null,80556,"WALLACE HEIGHTS",3]
[null,null,null,null,null,null,80565,"WALLACE MILLS",3]
[null,null,null,null,null,null,80570,"WALNUT TOWNSHIP",3]
[null,null,null,null,null,null,80584,"WALNUT TOWNSHIP",3]
[null,null,null,null,null,null,80598,"WALNUT TOWNSHIP",3]
[null,null,null,null,null,null,80612,"WALNUT CREEK",2]
[null,null,null,null,null,null,80626,"WALNUT CREEK TOWNSHIP",3]
[null,null,null,null,null,null,80635,"WALNUT GROVE",3]
[null,null,null,null,null,null,80640,"WALNUT GROVE",3]
[null,null,null,null,null,null,80654,"WALNUT HILLS",3]
[null,null,null,null,null,null,80696,"WALNUT HILLS",3]
[null,null,null,null,null,null,80715,"WALSER",3]
[null,null,null,null,null,null,80720,"WALTON",3]
[null,null,null,null,null,null,80738,"WALTON HILLS",2]
[null,null,null,null,null,null,80752,"WAMSLEY",3]
[null,null,null,null,null,null,80766,"WAPAKONETA",1]
[null,null,null,null,null,null,80780,"WARD TOWNSHIP",3]
[null,null,null,null,null,null,80822,"WARDWOOD ACRES",3]
[null,null,null,null,null,null,80836,"WARNER",3]
[null,null,null,null,null,null,80850,"WARNOCK",3]
[null,null,null,null,null,null,80864,"WARREN TOWNSHIP",3]
[null,null,null,null,null,null,80878,"WARREN TOWNSHIP",3]
[null,null,null,null,null,null,80892,"WARREN",1]
[null,null,null,null,null,null,80906,"WARREN TOWNSHIP",3]
[null,null,null,null,null,null,80920,"WARREN TOWNSHIP",3]
[null,null,null,null,null,null,80934,"WARREN TOWNSHIP",3]
[null,null,null,null,null,null,80948,"WARRENSBURG",3]
[null,null,null,null,null,null,80983,"WARRENSVILLE",3]
[null,null,null,null,null,null,80990,"WARRENSVILLE HEIGHTS",1]
[null,null,null,null,null,null,81004,"WARRENTON",3]
[null,null,null,null,null,null,81010,"WARRENTOWN",3]
[null,null,null,null,null,null,81032,"WARSAW",2]
[null,null,null,null,null,null,81040,"WARSAW JUNCTION",3]
[null,null,null,null,null,null,81046,"WARWICK",3]
[null,null,null,null,null,null,81060,"WARWICK TOWNSHIP",3]
[null,null,null,null,null,null,81074,"WASHINGTON TOWNSHIP",3]
[null,null,null,null,null,null,81088,"WASHINGTON TOWNSHIP",3]
[null,null,null,null,null,null,81102,"WASHINGTON TOWNSHIP",3]
[null,null,null,null,null,null,81116,"WASHINGTON TOWNSHIP",3]
[null,null,null,null,null,null,81130,"WASHINGTON TOWNSHIP",3]
[null,null,null,null,null,null,81144,"WASHINGTON TOWNSHIP",3]
[null,null,null,null,null,null,81158,"WASHINGTON TOWNSHIP",3]
[null,null,null,null,null,null,81172,"WASHINGTON TOWNSHIP",3]
[null,null,null,null,null,null,81186,"WASHINGTON TOWNSHIP",3]
[null,null,null,null,null,null,81200,"WASHINGTON TOWNSHIP",3]
[null,null,null,null,null,null,81203,"WASHINGTON TOWNSHIP",3]
[null,null,null,null,null,null,81718,"WASHINGTON COURT HOUSE",1]
[null,null,null,null,null,null,81242,"WASHINGTON TOWNSHIP",3]
[null,null,null,null,null,null,81256,"WASHINGTON TOWNSHIP",3]
[null,null,null,null,null,null,81284,"WASHINGTON TOWNSHIP",3]
[null,null,null,null,null,null,81298,"WASHINGTON TOWNSHIP",3]
[null,null,null,null,null,null,81312,"WASHINGTON TOWNSHIP",3]
[null,null,null,null,null,null,81326,"WASHINGTON TOWNSHIP",3]
[null,null,null,null,null,null,81340,"WASHINGTON TOWNSHIP",3]
[null,null,null,null,null,null,81354,"WASHINGTON TOWNSHIP",3]
[null,null,null,null,null,null,81368,"WASHINGTON TOWNSHIP",3]
[null,null,null,null,null,null,81382,"WASHINGTON TOWNSHIP",3]
[null,null,null,null,null,null,81396,"WASHINGTON TOWNSHIP",3]
[null,null,null,null,null,null,81410,"WASHINGTON TOWNSHIP",3]
[null,null,null,null,null,null,81424,"WASHINGTON TOWNSHIP",3]
[null,null,null,null,null,null,81438,"WASHINGTON TOWNSHIP",3]
[null,null,null,null,null,null,81452,"WASHINGTON TOWNSHIP",3]
[null,null,null,null,null,null,81466,"WASHINGTON TOWNSHIP",3]
[null,null,null,null,null,null,81480,"WASHINGTON TOWNSHIP",3]
[null,null,null,null,null,null,81494,"WASHINGTON TOWNSHIP",3]
[null,null,null,null,null,null,81508,"WASHINGTON TOWNSHIP",3]
[null,null,null,null,null,null,81522,"WASHINGTON TOWNSHIP",3]
[null,null,null,null,null,null,81536,"WASHINGTON TOWNSHIP",3]
[null,null,null,null,null,null,81550,"WASHINGTON TOWNSHIP",3]
[null,null,null,null,null,null,81564,"WASHINGTON TOWNSHIP",3]
[null,null,null,null,null,null,81578,"WASHINGTON TOWNSHIP",3]
[null,null,null,null,null,null,81592,"WASHINGTON TOWNSHIP",3]
[null,null,null,null,null,null,81606,"WASHINGTON TOWNSHIP",3]
[null,null,null,null,null,null,81620,"WASHINGTON TOWNSHIP",3]
[null,null,null,null,null,null,81634,"WASHINGTON TOWNSHIP",3]
[null,null,null,null,null,null,81648,"WASHINGTON TOWNSHIP",3]
[null,null,null,null,null,null,81662,"WASHINGTON TOWNSHIP",3]
[null,null,null,null,null,null,81676,"WASHINGTON TOWNSHIP",3]
[null,null,null,null,null,null,81690,"WASHINGTON TOWNSHIP",3]
[null,null,null,null,null,null,81704,"WASHINGTON TOWNSHIP",3]
[null,null,null,null,null,null,81722,"WASHINGTON HALL",3]
[null,null,null,null,null,null,81728,"WASHINGTON MILLS",3]
[null,null,null,null,null,null,81732,"WASHINGTONVILLE",2]
[null,null,null,null,null,null,81738,"WATCH FARM ACRES",3]
[null,null,null,null,null,null,81742,"WATCH HILL",3]
[null,null,null,null,null,null,81746,"WATERFORD",3]
[null,null,null,null,null,null,81760,"WATERFORD",2]
[null,null,null,null,null,null,81774,"WATERFORD TOWNSHIP",3]
[null,null,null,null,null,null,81777,"WATERLOO TOWNSHIP",3]
[null,null,null,null,null,null,81780,"WATERLOO",3]
[null,null,null,null,null,null,81800,"WATERLOO",3]
[null,null,null,null,null,null,81802,"WATERLOO",3]
[null,null,null,null,null,null,81830,"WATERTOWN",3]
[null,null,null,null,null,null,81844,"WATERTOWN TOWNSHIP",3]
[null,null,null,null,null,null,81858,"WATERVILLE",1]
[null,null,null,null,null,null,81872,"WATERVILLE TOWNSHIP",3]
[null,null,null,null,null,null,81880,"WATHEYS",3]
[null,null,null,null,null,null,81886,"WATKINS",3]
[null,null,null,null,null,null,81900,"WATSON",3]
[null,null,null,null,null,null,81914,"WATTSVILLE",3]
[null,null,null,null,null,null,81928,"WAUSEON",1]
[null,null,null,null,null,null,81935,"WAVERLY",2]
[null,null,null,null,null,null,81942,"WAVERLY CITY",2]
[null,null,null,null,null,null,81956,"WAVERLY GABLES",3]
[null,null,null,null,null,null,81970,"WAY",3]
[null,null,null,null,null,null,81998,"WAYLAND",3]
[null,null,null,null,null,null,82012,"WAYNE TOWNSHIP",3]
[null,null,null,null,null,null,82026,"WAYNE",3]
[null,null,null,null,null,null,82040,"WAYNE TOWNSHIP",3]
[null,null,null,null,null,null,82054,"WAYNE TOWNSHIP",3]
[null,null,null,null,null,null,82068,"WAYNE TOWNSHIP",3]
[null,null,null,null,null,null,82082,"WAYNE TOWNSHIP",3]
[null,null,null,null,null,null,82096,"WAYNE TOWNSHIP",3]
[null,null,null,null,null,null,82110,"WAYNE TOWNSHIP",3]
[null,null,null,null,null,null,82124,"WAYNE TOWNSHIP",3]
[null,null,null,null,null,null,82138,"WAYNE TOWNSHIP",3]
[null,null,null,null,null,null,82152,"WAYNE TOWNSHIP",3]
[null,null,null,null,null,null,82166,"WAYNE TOWNSHIP",3]
[null,null,null,null,null,null,82180,"WAYNE TOWNSHIP",3]
[null,null,null,null,null,null,82194,"WAYNE TOWNSHIP",3]
[null,null,null,null,null,null,82206,"WAYNE TOWNSHIP",3]
[null,null,null,null,null,null,82208,"WAYNE TOWNSHIP",3]
[null,null,null,null,null,null,82222,"WAYNE TOWNSHIP",3]
[null,null,null,null,null,null,82236,"WAYNE TOWNSHIP",3]
[null,null,null,null,null,null,82250,"WAYNE TOWNSHIP",3]
[null,null,null,null,null,null,82264,"WAYNE TOWNSHIP",3]
[null,null,null,null,null,null,82292,"WAYNE TOWNSHIP",3]
[null,null,null,null,null,null,82306,"WAYNE TOWNSHIP",3]
[null,null,null,null,null,null,82320,"WAYNE TOWNSHIP",3]
[null,null,null,null,null,null,82334,"WAYNE",2]
[null,null,null,null,null,null,82348,"WAYNE LAKES",2]
[null,null,null,null,null,null,82362,"WAYNESBURG",3]
[null,null,null,null,null,null,82376,"WAYNESBURG",2]
[null,null,null,null,null,null,82390,"WAYNESFIELD",2]
[null,null,null,null,null,null,82418,"WAYNESVILLE",2]
[null,null,null,null,null,null,82446,"WEATHERSFIELD TOWNSHIP",3]
[null,null,null,null,null,null,82465,"WEAVERS CORNERS",3]
[null,null,null,null,null,null,82488,"WEBB",3]
[null,null,null,null,null,null,82502,"WEBB SUMMIT",3]
[null,null,null,null,null,null,82516,"WEBERTOWN",3]
[null,null,null,null,null,null,82530,"WEBSTER",3]
[null,null,null,null,null,null,82544,"WEBSTER TOWNSHIP",3]
[null,null,null,null,null,null,82572,"WEGEE",3]
[null,null,null,null,null,null,82610,"WELCOME",3]
[null,null,null,null,null,null,82628,"WELLER TOWNSHIP",3]
[null,null,null,null,null,null,82642,"WELLINGTON",2]
[null,null,null,null,null,null,82656,"WELLINGTON TOWNSHIP",3]
[null,null,null,null,null,null,82684,"WELLMAN",3]
[null,null,null,null,null,null,82698,"WELLS TOWNSHIP",3]
[null,null,null,null,null,null,82712,"WELLSTON",1]
[null,null,null,null,null,null,82740,"WELLSVILLE",2]
[null,null,null,null,null,null,82760,"WELSH",3]
[null,null,null,null,null,null,82768,"WELSHFIELD",3]
[null,null,null,null,null,null,82782,"WELSHTOWN",3]
[null,null,null,null,null,null,82790,"WENDELIN",3]
[null,null,null,null,null,null,82796,"WENGERLAWN",3]
[null,null,null,null,null,null,82830,"WESLEY",3]
[null,null,null,null,null,null,82838,"WESLEY TOWNSHIP",3]
[null,null,null,null,null,null,82852,"WEST TOWNSHIP",3]
[null,null,null,null,null,null,82866,"WEST AKRON",3]
[null,null,null,null,null,null,82880,"WEST ALEXANDRIA",2]
[null,null,null,null,null,null,82908,"WEST ANDOVER",3]
[null,null,null,null,null,null,82922,"WESTARADO",3]
[null,null,null,null,null,null,82950,"WEST AUSTINTOWN",3]
[null,null,null,null,null,null,82955,"WEST BASS LAKE",3]
[null,null,null,null,null,null,82964,"WEST BEDFORD",3]
[null,null,null,null,null,null,83006,"WEST BERLIN",3]
[null,null,null,null,null,null,83020,"WESTBORO",3]
[null,null,null,null,null,null,83034,"WEST BROOKFIELD",3]
[null,null,null,null,null,null,83040,"WEST CANAAN",3]
[null,null,null,null,null,null,83048,"WEST CARLISLE",3]
[null,null,null,null,null,null,83090,"WEST CARROLLTON",1]
[null,null,null,null,null,null,83111,"WEST CARROLLTON",3]
[null,null,null,null,null,null,83118,"WEST CHARLESTON",3]
[null,null,null,null,null,null,83150,"WEST CHESTER TOWNSHIP",3]
[null,null,null,null,null,null,83160,"WEST CHESTER",3]
[null,null,null,null,null,null,83188,"WEST CLARKSFIELD",3]
[null,null,null,null,null,null,83204,"WEST COVINGTON",3]
[null,null,null,null,null,null,83206,"WEST DELTA",3]
[null,null,null,null,null,null,83209,"WEST DOVER",3]
[null,null,null,null,null,null,83216,"WEST ELKTON",2]
[null,null,null,null,null,null,83314,"WESTERN RESERVE ESTATES",3]
[null,null,null,null,null,null,83328,"WESTERN STAR",3]
[null,null,null,null,null,null,83342,"WESTERVILLE",1]
[null,null,null,null,null,null,83349,"WESTERVILLE CITY TOWNSHIP",3]
[null,null,null,null,null,null,83375,"WESTFALL",3]
[null,null,null,null,null,null,83384,"WEST FARMINGTON",2]
[null,null,null,null,null,null,83426,"WESTFIELD TOWNSHIP",3]
[null,null,null,null,null,null,83440,"WESTFIELD",3]
[null,null,null,null,null,null,83454,"WESTFIELD TOWNSHIP",3]
[null,null,null,null,null,null,83468,"WESTFIELD CENTER",2]
[null,null,null,null,null,null,83482,"WEST FLORENCE",3]
[null,null,null,null,null,null,83510,"WEST GROVE",3]
[null,null,null,null,null,null,83541,"WEST HILL",2]
[null,null,null,null,null,null,83545,"WESTHILL HEIGHTS",3]
[null,null,null,null,null,null,83552,"WESTHOPE",3]
[null,null,null,null,null,null,83566,"WEST INDEPENDENCE",3]
[null,null,null,null,null,null,83570,"WEST JACKSON",3]
[null,null,null,null,null,null,83580,"WEST JEFFERSON",2]
[null,null,null,null,null,null,83594,"WEST JEFFERSON",3]
[null,null,null,null,null,null,83600,"WEST JUNCTION",3]
[null,null,null,null,null,null,83608,"WEST LAFAYETTE",2]
[null,null,null,null,null,null,83622,"WESTLAKE",1]
[null,null,null,null,null,null,83650,"WEST LANCASTER",3]
[null,null,null,null,null,null,83664,"WESTLAND TOWNSHIP",3]
[null,null,null,null,null,null,83670,"WESTLAND",3]
[null,null,null,null,null,null,83692,"WEST LEBANON",3]
[null,null,null,null,null,null,83706,"WEST LEIPSIC",2]
[null,null,null,null,null,null,83720,"WEST LIBERTY",3]
[null,null,null,null,null,null,83734,"WEST LIBERTY",2]
[null,null,null,null,null,null,83748,"WEST LIBERTY",3]
[null,null,null,null,null,null,83762,"WEST LODI",3]
[null,null,null,null,null,null,83776,"WEST LOGAN",3]
[null,null,null,null,null,null,83804,"WEST MANCHESTER",2]
[null,null,null,null,null,null,83818,"WEST MANSFIELD",2]
[null,null,null,null,null,null,83832,"WEST MARIETTA",3]
[null,null,null,null,null,null,83860,"WEST MECCA",3]
[null,null,null,null,null,null,83874,"WEST MIDDLETOWN",3]
[null,null,null,null,null,null,83888,"WEST MILLGROVE",2]
[null,null,null,null,null,null,83902,"WEST MILTON",2]
[null,null,null,null,null,null,83916,"WESTMINSTER",3]
[null,null,null,null,null,null,83930,"WESTMINSTER",3]
[null,null,null,null,null,null,83944,"WEST NEWTON",3]
[null,null,null,null,null,null,83972,"WESTON",2]
[null,null,null,null,null,null,83986,"WESTON TOWNSHIP",3]
[null,null,null,null,null,null,84056,"WEST PARK",3]
[null,null,null,null,null,null,84084,"WEST PARK",3]
[null,null,null,null,null,null,84112,"WEST POINT",3]
[null,null,null,null,null,null,84126,"WEST POINT",3]
[null,null,null,null,null,null,84140,"WEST PORTSMOUTH",2]
[null,null,null,null,null,null,84168,"WEST RICHFIELD",3]
[null,null,null,null,null,null,84182,"WEST RUSHVILLE",2]
[null,null,null,null,null,null,84196,"WEST SALEM",2]
[null,null,null,null,null,null,84224,"WEST SIDE",3]
[null,null,null,null,null,null,84238,"WEST SONORA",3]
[null,null,null,null,null,null,84245,"WEST STEELS CORNERS",3]
[null,null,null,null,null,null,84266,"WEST TOLEDO",3]
[null,null,null,null,null,null,84294,"WEST UNION",2]
[null,null,null,null,null,null,84308,"WEST UNITY",2]
[null,null,null,null,null,null,84322,"WEST VIEW",3]
[null,null,null,null,null,null,84350,"WESTVILLE",3]
[null,null,null,null,null,null,84364,"WESTVILLE",3]
[null,null,null,null,null,null,84406,"WEST WHEELING",3]
[null,null,null,null,null,null,84420,"WEST WILLIAMSFIELD",3]
[null,null,null,null,null,null,84448,"WESTWOOD",3]
[null,null,null,null,null,null,84490,"WESTWOOD",3]
[null,null,null,null,null,null,84528,"WETHERINGTON",2]
[null,null,null,null,null,null,84532,"WETZEL",3]
[null,null,null,null,null,null,84546,"WEYERS",3]
[null,null,null,null,null,null,84560,"WEYMOUTH",3]
[null,null,null,null,null,null,84574,"WHARTON",2]
[null,null,null,null,null,null,84578,"WHEAT RIDGE",3]
[null,null,null,null,null,null,84582,"WHEATVILLE",3]
[null,null,null,null,null,null,84588,"WHEELERSBURG",1]
[null,null,null,null,null,null,84595,"WHEELERS MILL",3]
[null,null,null,null,null,null,84602,"WHEELING TOWNSHIP",3]
[null,null,null,null,null,null,84616,"WHEELING TOWNSHIP",3]
[null,null,null,null,null,null,84630,"WHEELING CREEK",3]
[null,null,null,null,null,null,84635,"WHERRYS CROSSROADS",3]
[null,null,null,null,null,null,84644,"WHETSTONE TOWNSHIP",3]
[null,null,null,null,null,null,84658,"WHIGVILLE",3]
[null,null,null,null,null,null,84672,"WHIPPLE",3]
[null,null,null,null,null,null,84680,"WHIPPLE HEIGHTS",3]
[null,null,null,null,null,null,84686,"WHISLER",3]
[null,null,null,null,null,null,84700,"WHITE COTTAGE",3]
[null,null,null,null,null,null,84714,"WHITE EYES TOWNSHIP",3]
[null,null,null,null,null,null,84728,"WHITE FOX",3]
[null,null,null,null,null,null,84742,"WHITEHALL",1]
[null,null,null,null,null,null,84770,"WHITEHOUSE",2]
[null,null,null,null,null,null,84784,"WHITE OAK",3]
[null,null,null,null,null,null,84798,"WHITE OAK",3]
[null,null,null,null,null,null,84812,"WHITE OAK",1]
[null,null,null,null,null,null,84826,"WHITEOAK TOWNSHIP",3]
[null,null,null,null,null,null,84831,"WHITE OAK EAST",3]
[null,null,null,null,null,null,84840,"WHITE OAK MEADOWS",3]
[null,null,null,null,null,null,84860,"WHITE OAK VALLEY",3]
[null,null,null,null,null,null,84864,"WHITE OAK WEST",3]
[null,null,null,null,null,null,84875,"WHITES",3]
[null,null,null,null,null,null,84882,"WHITES LANDING",2]
[null,null,null,null,null,null,84896,"WHITE SULPHUR",3]
[null,null,null,null,null,null,84900,"WHITETREE",3]
[null,null,null,null,null,null,84910,"WHITEVILLE",3]
[null,null,null,null,null,null,84938,"WHITEWATER TOWNSHIP",3]
[null,null,null,null,null,null,84966,"WHITFIELD",3]
[null,null,null,null,null,null,84980,"WHITNEY",3]
[null,null,null,null,null,null,85008,"WICK",3]
[null,null,null,null,null,null,85036,"WICKLIFFE",1]
[null,null,null,null,null,null,85050,"WICKLIFFE",3]
[null,null,null,null,null,null,85064,"WIDOWVILLE",3]
[null,null,null,null,null,null,85078,"WIGGONSVILLE",3]
[null,null,null,null,null,null,85085,"WIGHTMANS GROVE",2]
[null,null,null,null,null,null,85092,"WILBERFORCE",2]
[null,null,null,null,null,null,85106,"WILBREN",3]
[null,null,null,null,null,null,85134,"WILDARE",3]
[null,null,null,null,null,null,85148,"WILDBROOK ACRES",3]
[null,null,null,null,null,null,85176,"WILGUS",3]
[null,null,null,null,null,null,85180,"WILHELM CORNER",3]
[null,null,null,null,null,null,85190,"WILKESVILLE",2]
[null,null,null,null,null,null,85204,"WILKESVILLE TOWNSHIP",3]
[null,null,null,null,null,null,85210,"WILKINS",3]
[null,null,null,null,null,null,85225,"WILKINS RUN",3]
[null,null,null,null,null,null,85232,"WILLARD",1]
[null,null,null,null,null,null,85260,"WILLETTSVILLE",3]
[null,null,null,null,null,null,85288,"WILLIAMSBURG",2]
[null,null,null,null,null,null,85302,"WILLIAMSBURG TOWNSHIP",3]
[null,null,null,null,null,null,85316,"WILLIAMS CENTER",3]
[null,null,null,null,null,null,85330,"WILLIAMS CORNERS",3]
[null,null,null,null,null,null,85344,"WILLIAMSDALE",2]
[null,null,null,null,null,null,85358,"WILLIAMSFIELD",3]
[null,null,null,null,null,null,85372,"WILLIAMSFIELD TOWNSHIP",3]
[null,null,null,null,null,null,85385,"WILLIAMSPORT",3]
[null,null,null,null,null,null,85400,"WILLIAMSPORT",3]
[null,null,null,null,null,null,85414,"WILLIAMSPORT",2]
[null,null,null,null,null,null,85428,"WILLIAMSTOWN",3]
[null,null,null,null,null,null,85442,"WILLISTON",2]
[null,null,null,null,null,null,85484,"WILLOUGHBY",1]
[null,null,null,null,null,null,85512,"WILLOUGHBY HILLS",1]
[null,null,null,null,null,null,85540,"WILLOW",3]
[null,null,null,null,null,null,85568,"WILLOW CREST",3]
[null,null,null,null,null,null,85582,"WILLOWDELL",3]
[null,null,null,null,null,null,85638,"WILLOWICK",1]
[null,null,null,null,null,null,85680,"WILLOWVILLE",3]
[null,null,null,null,null,null,85694,"WILLOW WOOD",3]
[null,null,null,null,null,null,85708,"WILLS TOWNSHIP",3]
[null,null,null,null,null,null,85722,"WILLS CREEK",3]
[null,null,null,null,null,null,85736,"WILLSHIRE",2]
[null,null,null,null,null,null,85750,"WILLSHIRE TOWNSHIP",3]
[null,null,null,null,null,null,85778,"WILMER",3]
[null,null,null,null,null,null,85792,"WILMINGTON",1]
[null,null,null,null,null,null,85806,"WILMOT",2]
[null,null,null,null,null,null,85820,"WILSON TOWNSHIP",3]
[null,null,null,null,null,null,85834,"WILSON",2]
[null,null,null,null,null,null,85862,"WINAMEG",3]
[null,null,null,null,null,null,85876,"WINCHESTER",2]
[null,null,null,null,null,null,85890,"WINCHESTER TOWNSHIP",3]
[null,null,null,null,null,null,85904,"WINCHESTER",3]
[null,null,null,null,null,null,85932,"WINDFALL",3]
[null,null,null,null,null,null,85946,"WINDHAM",2]
[null,null,null,null,null,null,85960,"WINDHAM TOWNSHIP",3]
[null,null,null,null,null,null,85974,"WINDSOR",3]
[null,null,null,null,null,null,85988,"WINDSOR TOWNSHIP",3]
[null,null,null,null,null,null,86002,"WINDSOR TOWNSHIP",3]
[null,null,null,null,null,null,86016,"WINDSOR TOWNSHIP",3]
[null,null,null,null,null,null,86030,"WINDSOR",3]
[null,null,null,null,null,null,86044,"WINDSOR",3]
[null,null,null,null,null,null,86058,"WINDSOR MILLS",3]
[null,null,null,null,null,null,86072,"WINESBURG",2]
[null,null,null,null,null,null,86086,"WINFIELD",3]
[null,null,null,null,null,null,86100,"WINGETT RUN",3]
[null,null,null,null,null,null,86114,"WINGSTON",3]
[null,null,null,null,null,null,86132,"WINKLEPLECK GROVE",3]
[null,null,null,null,null,null,86138,"WINKLERS MILL",3]
[null,null,null,null,null,null,86142,"WINONA",3]
[null,null,null,null,null,null,86156,"WINTERDALE",3]
[null,null,null,null,null,null,86170,"WINTERSET",3]
[null,null,null,null,null,null,86184,"WINTERSVILLE",2]
[null,null,null,null,null,null,86190,"WINTONDALE",3]
[null,null,null,null,null,null,86226,"WINTON PLACE",3]
[null,null,null,null,null,null,86235,"WINTON TERRACE",3]
[null,null,null,null,null,null,86240,"WISTERMAN",3]
[null,null,null,null,null,null,86254,"WITHAMSVILLE",1]
[null,null,null,null,null,null,86260,"WITTENS",3]
[null,null,null,null,null,null,86268,"WOLF",3]
[null,null,null,null,null,null,86272,"WOLFCALE",3]
[null,null,null,null,null,null,86278,"WOLF CREEK",3]
[null,null,null,null,null,null,86282,"WOLFHURST",2]
[null,null,null,null,null,null,86290,"WOLFPEN",3]
[null,null,null,null,null,null,86296,"WOLF RUN",3]
[null,null,null,null,null,null,86324,"WOODBOURNE",3]
[null,null,null,null,null,null,86331,"WOODBOURNE-HYDE PARK",3]
[null,null,null,null,null,null,86338,"WOODINGTON",3]
[null,null,null,null,null,null,86352,"WOODLAND",3]
[null,null,null,null,null,null,86360,"WOODLAND PARK",3]
[null,null,null,null,null,null,86366,"WOODLAWN",2]
[null,null,null,null,null,null,86385,"WOODLYN",3]
[null,null,null,null,null,null,86394,"WOODMERE",2]
[null,null,null,null,null,null,86422,"WOODSDALE",3]
[null,null,null,null,null,null,86436,"WOODSFIELD",2]
[null,null,null,null,null,null,86450,"WOODSIDE",3]
[null,null,null,null,null,null,86478,"WOODSTOCK",2]
[null,null,null,null,null,null,86482,"WOODVIEW PARK",3]
[null,null,null,null,null,null,86488,"WOODVILLE",3]
[null,null,null,null,null,null,86492,"WOODVILLE",2]
[null,null,null,null,null,null,86506,"WOODVILLE TOWNSHIP",3]
[null,null,null,null,null,null,86520,"WOODVILLE GARDENS",3]
[null,null,null,null,null,null,86534,"WOODWORTH",3]
[null,null,null,null,null,null,86548,"WOOSTER",1]
[null,null,null,null,null,null,86562,"WOOSTER TOWNSHIP",3]
[null,null,null,null,null,null,86576,"WOOSTER HEIGHTS",3]
[null,null,null,null,null,null,86590,"WORSTVILLE",3]
[null,null,null,null,null,null,86604,"WORTHINGTON",1]
[null,null,null,null,null,null,86618,"WORTHINGTON TOWNSHIP",3]
[null,null,null,null,null,null,86625,"WORTLEY",3]
[null,null,null,null,null,null,86632,"WREN",2]
[null,null,null,null,null,null,86660,"WRIGHT-PATTERSON AIR FORCE BASE",2]
[null,null,null,null,null,null,86665,"WRIGHTSTOWN",3]
[null,null,null,null,null,null,86674,"WRIGHTSVILLE",3]
[null,null,null,null,null,null,86710,"WRIGHTVILLE",3]
[null,null,null,null,null,null,86716,"WYANDOT",3]
[null,null,null,null,null,null,86730,"WYOMING",1]
[null,null,null,null,null,null,86744,"WYOMING MEADOWS",3]
[null,null,null,null,null,null,86772,"XENIA",1]
[null,null,null,null,null,null,86786,"XENIA TOWNSHIP",3]
[null,null,null,null,null,null,86814,"YALE",3]
[null,null,null,null,null,null,86828,"YANKEEBURG",3]
[null,null,null,null,null,null,86842,"YANKEE HILLS",3]
[null,null,null,null,null,null,86856,"YANKEE LAKE",2]
[null,null,null,null,null,null,86870,"YANKEETOWN",3]
[null,null,null,null,null,null,86872,"YANKEETOWN",3]
[null,null,null,null,null,null,86875,"YANKEETOWN",3]
[null,null,null,null,null,null,86877,"YARICO",3]
[null,null,null,null,null,null,86880,"YATES CORNERS",3]
[null,null,null,null,null,null,86884,"YATESVILLE",3]
[null,null,null,null,null,null,86898,"YELLOWBUD",3]
[null,null,null,null,null,null,86912,"YELLOW CREEK TOWNSHIP",3]
[null,null,null,null,null,null,86926,"YELLOW CREEK",3]
[null,null,null,null,null,null,86940,"YELLOW SPRINGS",2]
[null,null,null,null,null,null,86945,"YELLOWTOWN",3]
[null,null,null,null,null,null,86954,"YELVERTON",3]
[null,null,null,null,null,null,86968,"YODER",3]
[null,null,null,null,null,null,86975,"YONDOTA",3]
[null,null,null,null,null,null,86982,"YORK TOWNSHIP",3]
[null,null,null,null,null,null,86996,"YORK TOWNSHIP",3]
[null,null,null,null,null,null,87010,"YORK TOWNSHIP",3]
[null,null,null,null,null,null,87024,"YORK TOWNSHIP",3]
[null,null,null,null,null,null,87038,"YORK",3]
[null,null,null,null,null,null,87052,"YORK TOWNSHIP",3]
[null,null,null,null,null,null,87066,"YORK TOWNSHIP",3]
[null,null,null,null,null,null,87080,"YORK TOWNSHIP",3]
[null,null,null,null,null,null,87094,"YORK TOWNSHIP",3]
[null,null,null,null,null,null,87122,"YORK TOWNSHIP",3]
[null,null,null,null,null,null,87136,"YORK TOWNSHIP",3]
[null,null,null,null,null,null,87150,"YORK CENTER",3]
[null,null,null,null,null,null,87164,"YORKSHIRE",2]
[null,null,null,null,null,null,87170,"YORKTOWN",3]
[null,null,null,null,null,null,87178,"YORKVILLE",2]
[null,null,null,null,null,null,87185,"YOST",3]
[null,null,null,null,null,null,87192,"YOUBA",3]
[null,null,null,null,null,null,87206,"YOUNG HICKORY",3]
[null,null,null,null,null,null,87220,"YOUNGS",3]
[null,null,null,null,null,null,87234,"YOUNGS CORNERS",3]
[null,null,null,null,null,null,88000,"YOUNGSTOWN",1]
[null,null,null,null,null,null,88014,"YOUNGSVILLE",3]
[null,null,null,null,null,null,88020,"ZAHNS CORNERS",3]
[null,null,null,null,null,null,88028,"ZALESKI",2]
[null,null,null,null,null,null,88042,"ZANE TOWNSHIP",3]
[null,null,null,null,null,null,88070,"ZANESFIELD",2]
[null,null,null,null,null,null,88084,"ZANESVILLE",1]
[null,null,null,null,null,null,88090,"ZANESVILLE TERRACE",3]
[null,null,null,null,null,null,88112,"ZENO",3]
[null,null,null,null,null,null,88135,"ZIMMER",3]
[null,null,null,null,null,null,88140,"ZIMMERMAN",3]
[null,null,null,null,null,null,88160,"ZIONTOWN",3]
[null,null,null,null,null,null,88168,"ZOAR",2]
[null,null,null,null,null,null,88182,"ZOAR",3]
[null,null,null,null,null,null,88196,"ZOARVILLE",3]
[null,null,null,null,null,null,88210,"ZONE",3]
[null,null,null,null,null,null,88225,"ZUCK",3]
[null,null,null,null,null,null,99035,"CUYAHOGA COUNTY",3]
[null,null,null,null,null,null,99055,"GEAUGA COUNTY",3]
[null,null,null,null,null,null,99085,"LAKE COUNTY",3]
[null,null,null,null,null,null,99093,"LORAIN COUNTY",3]
[null,null,null,null,null,null,99103,"MEDINA COUNTY",3]
[null,null,null,null,null,null,99133,"PORTAGE COUNTY",3]
[null,null,null,null,null,null,99153,"SUMMIT COUNTY",3]
[null,null,null,null,null,null,99001,"ADAMS COUNTY",3]
[null,null,null,null,null,null,99003,"ALLEN COUNTY",3]
[null,null,null,null,null,null,99005,"ASHLAND COUNTY",3]
[null,null,null,null,null,null,99007,"ASHTABULA COUNTY",3]
[null,null,null,null,null,null,99009,"ATHENS COUNTY",3]
[null,null,null,null,null,null,99011,"AUGLAIZE COUNTY",3]
[null,null,null,null,null,null,99013,"BELMONT COUNTY",3]
[null,null,null,null,null,null,99015,"BROWN COUNTY",3]
[null,null,null,null,null,null,99017,"BUTLER COUNTY",3]
[null,null,null,null,null,null,99019,"CARROLL COUNTY",3]
[null,null,null,null,null,null,99021,"CHAMPAIGN COUNTY",3]
[null,null,null,null,null,null,99023,"CLARK COUNTY",3]
[null,null,null,null,null,null,99025,"CLERMONT COUNTY",3]
[null,null,null,null,null,null,99027,"CLINTON COUNTY",3]
[null,null,null,null,null,null,99029,"COLUMBIANA COUNTY",3]
[null,null,null,null,null,null,99031,"COSHOCTON COUNTY",3]
[null,null,null,null,null,null,99033,"CRAWFORD COUNTY",3]
[null,null,null,null,null,null,99037,"DARKE COUNTY",3]
[null,null,null,null,null,null,99039,"DEFIANCE COUNTY",3]
[null,null,null,null,null,null,99041,"DELAWARE COUNTY",3]
[null,null,null,null,null,null,99043,"ERIE COUNTY",3]
[null,null,null,null,null,null,99045,"FAIRFIELD COUNTY",3]
[null,null,null,null,null,null,99047,"FAYETTE COUNTY",3]
[null,null,null,null,null,null,99049,"FRANKLIN COUNTY",3]
[null,null,null,null,null,null,99051,"FULTON COUNTY",3]
[null,null,null,null,null,null,99053,"GALLIA COUNTY",3]
[null,null,null,null,null,null,99057,"GREENE COUNTY",3]
[null,null,null,null,null,null,99059,"GUERNSEY COUNTY",3]
[null,null,null,null,null,null,99061,"HAMILTON COUNTY",3]
[null,null,null,null,null,null,99063,"HANCOCK COUNTY",3]
[null,null,null,null,null,null,99065,"HARDIN COUNTY",3]
[null,null,null,null,null,null,99067,"HARRISON COUNTY",3]
[null,null,null,null,null,null,99069,"HENRY COUNTY",3]
[null,null,null,null,null,null,99071,"HIGHLAND COUNTY",3]
[null,null,null,null,null,null,99073,"HOCKING COUNTY",3]
[null,null,null,null,null,null,99075,"HOLMES COUNTY",3]
[null,null,null,null,null,null,99077,"HURON COUNTY",3]
[null,null,null,null,null,null,99079,"JACKSON COUNTY",3]
[null,null,null,null,null,null,99081,"JEFFERSON COUNTY",3]
[null,null,null,null,null,null,99083,"KNOX COUNTY",3]
[null,null,null,null,null,null,99087,"LAWRENCE COUNTY",3]
[null,null,null,null,null,null,99089,"LICKING COUNTY",3]
[null,null,null,null,null,null,99091,"LOGAN COUNTY",3]
[null,null,null,null,null,null,99095,"LUCAS COUNTY",3]
[null,null,null,null,null,null,99097,"MADISON COUNTY",3]
[null,null,null,null,null,null,99099,"MAHONING COUNTY",3]
[null,null,null,null,null,null,99101,"MARION COUNTY",3]
[null,null,null,null,null,null,99105,"MEIGS COUNTY",3]
[null,null,null,null,null,null,99107,"MERCER COUNTY",3]
[null,null,null,null,null,null,99109,"MIAMI COUNTY",3]
[null,null,null,null,null,null,99111,"MONROE COUNTY",3]
[null,null,null,null,null,null,99113,"MONTGOMERY COUNTY",3]
[null,null,null,null,null,null,99115,"MORGAN COUNTY",3]
[null,null,null,null,null,null,99117,"MORROW COUNTY",3]
[null,null,null,null,null,null,99119,"MUSKINGUM COUNTY",3]
[null,null,null,null,null,null,99121,"NOBLE COUNTY",3]
[null,null,null,null,null,null,99123,"OTTAWA COUNTY",3]
[null,null,null,null,null,null,99125,"PAULDING COUNTY",3]
[null,null,null,null,null,null,99127,"PERRY COUNTY",3]
[null,null,null,null,null,null,99129,"PICKAWAY COUNTY",3]
[null,null,null,null,null,null,99131,"PIKE COUNTY",3]
[null,null,null,null,null,null,99135,"PREBLE COUNTY",3]
[null,null,null,null,null,null,99137,"PUTNAM COUNTY",3]
[null,null,null,null,null,null,99139,"RICHLAND COUNTY",3]
[null,null,null,null,null,null,99141,"ROSS COUNTY",3]
[null,null,null,null,null,null,99143,"SANDUSKY COUNTY",3]
[null,null,null,null,null,null,99145,"SCIOTO COUNTY",3]
[null,null,null,null,null,null,99147,"SENECA COUNTY",3]
[null,null,null,null,null,null,99149,"SHELBY COUNTY",3]
[null,null,null,null,null,null,99151,"STARK COUNTY",3]
[null,null,null,null,null,null,99155,"TRUMBULL COUNTY",3]
[null,null,null,null,null,null,99157,"TUSCARAWAS COUNTY",3]
[null,null,null,null,null,null,99159,"UNION COUNTY",3]
[null,null,null,null,null,null,99161,"VAN WERT COUNTY",3]
[null,null,null,null,null,null,99163,"VINTON COUNTY",3]
[null,null,null,null,null,null,99165,"WARREN COUNTY",3]
[null,null,null,null,null,null,99167,"WASHINGTON COUNTY",3]
[null,null,null,null,null,null,99169,"WAYNE COUNTY",3]
[null,null,null,null,null,null,99171,"WILLIAMS COUNTY",3]
[null,null,null,null,null,null,99173,"WOOD COUNTY",3]
[null,null,null,null,null,null,99175,"WYANDOT COUNTY",3]

{"sheet":"Metadata","index":1,"n_rows":150,"n_cols":2,"rows_kept":150,"cut":false,"hidden":true,"merged":[]}
["Metadata"]
[43907]
[]
["Column Name","Definition"]
["Document Number","Unique number assigned to each crash. It will be the same for the crash level record, unit level record and people level record.  The first four numbers will designate the crash year. "]
["Year","Year of Crash"]
["Local Report Number","The unique identifier within a given year that identifies a given crash within a reporting agency."]
["User Defined","User Defined - Can be used to code crashes as necessary"]
["Severity","Indicates the five-level severity of the crash"]
["Crash Type","ODOT's calculated crash type similar to manner of collision but has been expanded for  engineering purposes."]
["ODOT District","ODOT District"]
["County Cd","County abbreviation for the section of roadway in which the crash occurred."]
["ODOT Crash Location","The type of location that best describes where the first event of the crash occurred."]
["NLFID","ODOT’s graphic roadway network geometric segments unique identifier upon which the crash occurred"]
["County True Log","The county based straight line mileage of the route, at which the crash occurred based on three decimals."]
["State True Log","The state based straight line mileage of the route, at which the crash occurred based on three decimals."]
["On Road","The street name upon which the crash occurred"]
["At Road","The street name upon which the crash occurred at"]
["ODOT Latitude","The angular distance, measured in degrees, north or south from the equator at which the crash occurred and is directly related to ODOT's LRS."]
["ODOT Longitude","Distance East or West on the Earth's surface measured as an arc of the equator (in degrees up to 180 degrees) between the meridian passing through a particular place and a standard or prime meridian, usually the one passing through Greenwich, England, at which the crash occurred and is directly related to ODOT's LRS."]
["ODOT FIPS","Jurisdictional boundary code corresponding to a named place recognized by the U.S. Bureau of the Census based on information provided by State, county, and local governments."]
["ODOT FIPS Name","Jurisdiction Name Related to FIPS Code"]
["ODOT FIPS CVT Code","Code related to type jurisdiction on the crash report form"]
["Fatalities","Total Number of Fatalities"]
["Serious Injuries","Total Number of Suspected Serious Injuries"]
["Non Serious Injuries","Total Number of Suspected Minor Injuries"]
["Possible Injuries","Total Number of Possible Injuries"]
["No Injuries","Total Number of no Injuries reported"]
["Unrestrained Occupants","Total number of unrestrained occupants in the crash"]
["Number of Units","Total number of units involved in the crash"]
["NLFID Jurisdiction","Jurisdiction of the section of roadway upon which the crash occurred."]
["NLFID Route Type","The route type associated with the route upon which the crash occurred."]
["Facility Type","The operational characteristics of the section of roadway (i.e. one way, two way, ramp)."]
["Urban Area","U.S. Census Urban Area Code associated with the section of roadway where the crash occurred."]
["Functional Class","The roadway classes for the FHWA approved Functional Class system.  This is based upon assignment of roads into systems according to the character of service they provide in relation to the total road network upon which the crash occurred."]
["NHS","Indicates the Roadway section that is part of the National Highway System upon which the crash occurred."]
["Divided Hwy","Indicates whether a roadway section is part of a divided highway upon which the crash occurred."]
["ODOT Number of Lanes","The number of lanes in both directions carrying through traffic upon which the crash occurred."]
["Operational Access Control","The control as it actually exists on the roadway where the crash occurred."]
["Freeway","Flag that indicates that the crash occurred on a freeway or freeway look a like facility"]
["Interstate","Flag that indicates the crash occurred on an interstate route."]
["ODOT Maintained","Flag that indicates the crash occurred upon a segment of roadway maintained by ODOT."]
["Maintenance Authority","Maintenance Authority Code of the roadway segment on which the crash was located."]
["Date","Date of Crash"]
["Month","Month of Crash"]
["Hour","Hour of Crash"]
["Day in Week","Number associated with the day of week the crash occurred."]
["Weather Condition","The prevailing atmospheric conditions at the time of the crash."]
["Road Condition","The roadway surface condition at the location of the first event."]
["Light Condition","The lighting conditions at the time of the crash"]
["Road Contour","The alignment and grade characteristics that best describe the roadway at the location of the first event"]
["Roadway Departure","Indicates when a vehicles leaves its lane of travel (left or right)."]
["ODOT Intersection Related","ODOT's calculated intersection related based on ODPS's intersection related flag and if a unit had traffic control that occurs at intersections."]
["Alcohol Related","Flag indicating alcohol involved"]
["Marijuana Related","Flag indicating marijuana involved"]
["Drug Related","Flag indicating other drugs involved"]
["School Zone Related","Flag indicating that the crash occurred in an active school zone"]
["Motorcycle Involved","Flag indicating motorcycle involved"]
["Speed Related","Flag indicating excessive speed involved"]
["Senior Driver Involved","Flag indicating a senor driver (age 65 and older) was involved."]
["ODOT Young Driver","Flag indicating a youthful driver (age 15-25) was involved."]
["Work Zone Related","Flag indicating the crash occurred in a work zone."]
["Location in Work Zone","Codes indicating where in the work zone the crash occurred."]
["Type of Work Zone","Codes indicating what type of work zone was in place at the time of the crash."]
["Distracted Driver","Flag indicating the driver was distracted"]
["ODPS FIPS Name","Jurisdictional boundary named place recognized by the U.S. Bureau of the Census based on information provided by State, county, and local governments."]
["ODPS On Road Name Prefix","The street name prefix or direction upon which the crash occurred"]
["ODPS On Road Name","The street name upon which the crash occurred"]
["ODPS On Road Name Suffix","The street name suffix upon which the crash occurred"]
["ODPS On Road Name Directional Suffix","ODPS street name directional suffix (i.e. NW, SE) upon which the crash occurred."]
["ODPS On Route Type","The route prefix upon which the crash occurred"]
["ODPS On Route Number","The route ID upon which the crash occurred"]
["ODPS On Route Suffix","ODPS routes suffix upon which the crash occurred (state or local)."]
["ODPS At Road Name Prefix","The street name prefix or direction at which the crash occurred"]
["ODPS At Road Name","Street Name or House Number or Mile Post Number"]
["ODPS At Road Name Suffix","The street name suffix at which the crash occurred."]
["ODPS At Road Name Directional Suffix","ODPS street name directional suffix (i.e. NW, SE) at which the crash occurred (intersection reference type)."]
["ODPS At Route Type","The route prefix or type at which the crash occurred"]
["ODPS At Route Number","The route ID at which the crash occurred."]
["ODPS At Route Suffix","ODPS routes suffix at which the crash occurred (state or local)  (intersection reference type)."]
["ODPS Address Reference","ODPS address box number at which crash occurred (address reference type)"]
["ODPS Mile Post Reference","ODPS milepost sign number at which the crash occurred (milepost reference type)"]
["ODPS Reference Point Used","Type of reference used (includes converted codes form the 2001 crash report form)."]
["Unit 1 At Fault Ind","Flag indicating that ODO Unit 1 (U1) was identified as fault"]
["Unit 1 ODPS Unit Nbr","ODPS Unit Number for ODOT Unit 1"]
["Unit 1 Direction From Cd","Direction from which the vehicle/non-motorist was traveling."]
["Unit 1 Direction To Cd","Direction toward which the vehicle/non-motorist was traveling."]
["Unit 1 Turn Cd","ODOT's calculated Unit 1 derived action prior to the crash based on officer provided pre-crash actions or from/to directions."]
["Unit 1 Traffic Control Cd","Codes indicating the type of Roadway Traffic Control device for Unit 1."]
["Unit 1 Type Of Unit Cd","Codes indicating the general configuration or shape of Unit 1 distinguished by characteristics such as number of doors, rows of seats, windows, or roof line."]
["Unit 1 Special Function Cd","Codes indicating the special function served by Unit 1, whether or not the function is marked on the vehicle."]
["Unit 1 Unit Speed Nbr","Actual or estimated speed of Unit 1 at time of crash."]
["Unit 1 Posted Speed Nbr","Posted Speed for Unit 1 at the time of the crash."]
["Unit 1 Precrash Action Cd","Unit 1's activity immediately prior to the crash. "]
["Unit 1 Cont Cir Primary Cd","Actions of Unit 1 that may have contributed to the crash. "]
["Unit 1 Object Struck","Code indicating that Unit 1 struck an object as part of one of the six sequence of events.  (codes relate solely to sequence of events)"]
["Unit 1 Seq Of Events 1 Cd","Unit 1's sequence 1 of 6 for the events of the crash."]
["Unit 1 Seq Of Events 2 Cd","Unit 1's sequence 2 of 6 for the events of the crash."]
["Unit 1 Seq Of Events 3 Cd","Unit 1's sequence 3 of 6 for the events of the crash."]
["Unit 1 Seq Of Events 4 Cd","Unit 1's sequence 4 of 6 for the events of the crash."]
["Unit 1 Seq Of Events 5 Cd","Unit 1's sequence 5 of 6 for the events of the crash."]
["Unit 1 Seq Of Events 6 Cd","Unit 1's sequence 6 of 6 for the events of the crash."]
["Unit 1 Non Motorist Loc Cd","The location of the non-motorist with respect to the roadway prior to the time of the crash."]
["Unit 1 Age Nbr","Age of the Driver of Unit 1"]
["Unit 1 Gender Cd","Codes indicating the gender of the Driver of Unit 1"]
["Unit 1 Distracted By 1 Cd","Codes indicating the distractions which may have influenced the driver's performance of Unit 1."]
["Unit 2 ODPS Unit Nbr","ODPS number for ODOT Unit 2"]
["Unit 2 Direction From Cd","Direction from which the vehicle/non-motorist was traveling."]
["Unit 2 Direction To Cd","Direction toward which the vehicle/non-motorist was traveling."]
["Unit 2 Turn Cd","ODOT's calculated Unit 2 derived action prior to the crash based on officer provided pre-crash actions or from/to directions."]
["Unit 2 Traffic Control Cd","Codes indicating the type of Roadway Traffic Control device for Unit 2."]
["Unit 2 Type Of Unit Cd","Codes indicating the general configuration or shape of Unit 2 distinguished by characteristics such as number of doors, rows of seats, windows, or roof line."]
["Unit 2 Special Function Cd","Codes indicating the special function served by Unit 2, whether or not the function is marked on the vehicle."]
["Unit 2 Unit Speed Nbr","Actual or estimated speed of Unit 2 at time of crash."]
["Unit 2 Posted Speed Nbr","Posted Speed for Unit 2 at the time of the crash."]
["Unit 2 Precrash Action Cd","Unit 2's activity immediately prior to the crash. "]
["Unit 2 Cont Cir Primary Cd","Actions of Unit 2 that may have contributed to the crash. "]
["Unit 2 Seq Of Events 1 Cd","Unit 2's sequence 1 of 6 for the events of the crash."]
["Unit 2 Seq Of Events 2 Cd","Unit 2's sequence 2 of 6 for the events of the crash."]
["Unit 2 Seq Of Events 3 Cd","Unit 2's sequence 3 of 6 for the events of the crash."]
["Unit 2 Seq Of Events 4 Cd","Unit 2's sequence 4 of 6 for the events of the crash."]
["Unit 2 Seq Of Events 5 Cd","Unit 2's sequence 5 of 6 for the events of the crash."]
["Unit 2 Seq Of Events 6 Cd","Unit 2's sequence 6 of 6 for the events of the crash."]
["Unit 2 Non Motorist Loc Cd","The location of the non-motorist with respect to the roadway prior to the time of the crash."]
["Unit 2 Age Nbr","Age of the Driver of Unit 2"]
["Unit 2 Gender Cd","Codes indicating the gender of the Driver of Unit 2"]
["Unit 2 Distracted By 1 Cd","Codes indicating the distractions which may have influenced the driver's performance of Unit 2."]
["Unit 3 ODPS Unit Nbr","ODPS number for ODOT Unit 3"]
["Unit 3 Traffic Control Cd","Codes indicating the type of Roadway Traffic Control device for Unit 3."]
["Unit 3 Type Of Unit Cd","Codes indicating the general configuration or shape of Unit 3 distinguished by characteristics such as number of doors, rows of seats, windows, or roof line."]
["Unit 3 Special Function Cd","Codes indicating the special function served by Unit 3, whether or not the function is marked on the vehicle."]
["Unit 3 Precrash Action Cd","Unit 3's activity immediately prior to the crash. "]
["Unit 3 Cont Cir Primary Cd","Actions of Unit 3 that may have contributed to the crash. "]
["Unit 3 Seq Of Events 1 Cd","Unit 3's sequence 1 of 6 for the events of the crash."]
["Unit 3 Seq Of Events 2 Cd","Unit 3's sequence 2 of 6 for the events of the crash."]
["Unit 3 Seq Of Events 3 Cd","Unit 3's sequence 3 of 6 for the events of the crash."]
["Unit 3 Seq Of Events 4 Cd","Unit 3's sequence 4 of 6 for the events of the crash."]
["Unit 3 Seq Of Events 5 Cd","Unit 3's sequence 5 of 6 for the events of the crash."]
["Unit 3 Seq Of Events 6 Cd","Unit 3's sequence 6 of 6 for the events of the crash."]
["Intersection ID","Unique Intersection ID that associates the crash with the intersection referenced or by a spatial join of the crash to the intersection"]
["Intersection Leg","Leg ID of the Intersection upon which the crash occurred (from Intersection Inventory)"]
["Interchange ID","Unique Interchange ID that associates the crash with the intersection referenced or by a spatial join of the crash to the interchange."]
["SA Ramp ID","Ramp ID from SA Inventory"]
["SA Segment ID","Segment ID from SA Inventory"]
["Jurisdiction Type","Aggregated Jurisdiction"]
["Crash Report Link","Calculated field to display the crash image"]
["HistoricalImagePath","Historical path to display the crash image"]
["Roadview","Link to Pathways Roadviewer"]
["Google","Link to Google Maps"]
["Mashed Map","Link to Mashed Map"]

{"sheet":"Instructions","index":2,"n_rows":58,"n_cols":3,"rows_kept":58,"cut":false,"hidden":false,"merged":[[0,1,3,12],[52,1,55,10],[57,1,60,10],[29,1,30,10],[32,1,46,10],[48,1,50,10],[8,1,8,13],[23,1,23,13],[15,2,17,7]]}
[null,"Crash Analysis Planning and Evaluation Tool 1.2"]
[]
[]
[]
[null,"version 20210407 build 1.2.6"]
[]
[]
[null,"Overview"]
[null,"The Crash Analysis Planning and Evaluation (CAPE) Tool has been developed to assist in the analysis of crash data and the development of charts and figures for use in the safety planning process.  This tool is intended to provide users with long term trends for county/ region-wide analysis. The CAPE tool is not intended for short term spot location analysis or as a replacement to ODOT's CAM tool. "]
[]
[null,"Data Color Guidelines"]
[]
[null,null,"Required user input data"]
[null,"Do not overwrite","Calculated fields. Do not insert text or overwrite."]
[null,null,"Indicates the Highest value in a column, where applicable."]
[null,"Column1","Generated pivot table data. Do not overwrite."]
[]
[]
[]
[]
[null,"Upon Opening the File"]
[null,"1.    Ensure that macros are enabled in Excel.  (Refer to Microsoft Help for more information about enabling macros.)"]
[null,"2.    Read the Disclaimer and follow the instructions below."]
[null,"3.    Read all instructions before proceeding."]
[]
[]
[]
[null,"Instructions to Complete the Analysis Process"]
[]
[null,"1. Begin by launching the CAPE toolbar by clicking the green box to the right, also available in the top left corner of most sheets. Macros must be enable to launch CAPE toolbar."]
[]
[]
[null,"2. In the toolbar on the 'Import and Base Analysis' tab, click the orange 'TIMS - GCAT Import (.csv or .xls)' button under Step 1. Clicking this button will clear any previously imported crash data on the 'Full Crash Data' worksheet. The user will be prompted to selected a GCAT crash data file to import into the current CAPE tool. The file must be an unaltered crash data file from TIMS/ GCAT. For more information on extracting crash data from TIMS/ GCAT, please see the GCAT webpage at\n\nhttp://www.dot.state.oh.us/Divisions/Planning/ProgramManagement/HighwaySafety/HSIP/Pages/GCAT.aspx. \n\nWhen the user selects the file, a notice will appear indicating that a NEW FILE will be created converting the GCAT output to the required CAPE tool format. The new file will be the located in the same location as the GCAT output file with 'CAPE_' added to the beginning of the file name. The user must click 'OK\" to proceed. \n\nData conversion and import may take several minutes depending on the size of the GCAT file being used. The status bar in the lower left corner of the screen will display the current analysis step. DO NOT attempt to navigate through the tool until the status bar is empty."]
[]
[]
[]
[]
[]
[]
[]
[]
[]
[]
[]
[]
[]
[]
[]
[null,"3. Once the data has been successfully imported, the status bar will clear while the toolbar remains open. Click the blue button under Step 2 to update charts on the green labeled worksheets. This may take several minutes and the status bar will update to indicate the basic analysis update process."]
[]
[]
[]
[null,"4. To develop specific crash type charts, open the toolbar and navigate to the 'Focus Crash Type' tab within the toolbar. To select a crash type for analysis, click the box to the left of the crash type name. Users may select any number of crash types for analysis. Note, selecting a large number of crash types for analysis will greatly impact file size and processing speed. To generate the sheets, click the green button at the bottom of the tab. "]
[]
[]
[]
[]
[null,"5. To develop specific emphasis area charts, open the toolbar and navigate to the 'Emphasis Area' tab within the toolbar. To select an emphasis area for analysis, click the box to the left of the emphasis area name. Users may select any number of emphasis areas for analysis. Note, selecting a large number of emphasis areas for analysis will greatly impact file size and processing speed. To generate the sheets, click the green button at the bottom of the tab. "]

{"sheet":"Full Crash Data","index":3,"n_rows":18,"n_cols":91,"rows_kept":18,"cut":false,"hidden":false,"merged":[[0,0,0,9]]}
["Crash Analysis Planning and Evaluation Tool 1.2"]
["version 20210407"]
[]
[]
[]
[]
[]
[]
[null,null,null,null,null,null,null,null,null,null,null,null,null,""]
[null,null,null,null,null,null,null,null,null,null,null,null,null,""]
[null,null,null,null,null,null,null,null,null,null,null,null,null,""]
[null,null,null,null,null,null,null,null,null,null,null,null,null,""]
[null,null,null,null,null,null,null,null,null,null,null,null,null,""]
[null,null,null,null,null,null,null,null,null,null,null,null,null,""]
[null,null,null,null,null,null,null,null,null,null,null,null,null,""]
["",null,null,null,null,null,"HL",null,"HL","HL","HL","HL",null,"",null,"HL","HL","HL",null,null,null,null,null,null,null,null,null,null,null,null,null,null,null,null,null,null,null,null,null,null,null,null,null,null,null,null,null,null,"HL","HL",null,null,null,null,null,null,null,null,null,null,null,null,null,"HL","HL","HL","HL","HL","HL","HL","HL","HL","HL","HL","HL","HL","HL","HL","HL","HL"]
[]
[1,null,4,75,null,14,22,5,8,25,6,10,137,null,null,11,12,13,37,null,15,16,17,18,19,20,21,7,9,26,27,28,29,30,31,32,33,34,35,36,38,39,40,41,42,43,44,45,23,24,46,null,47,48,49,50,51,55,52,53,54,56,57,58,59,60,61,62,63,64,65,66,67,68,69,70,71,72,73,74,76,77,78,79,80,81,82,83,84,85,86]

{"sheet":"Background Information","index":4,"n_rows":95,"n_cols":40,"rows_kept":95,"cut":false,"hidden":false,"merged":[[8,24,8,27],[31,24,31,27],[7,1,54,1],[7,22,54,22],[0,2,4,10],[8,3,8,6],[31,3,31,6]]}
[null,null,"Background Information"]
[]
[]
[]
[]
[]
[]
[null,"Fatality and Serious Injury Trends\nBy Population",null,null,null,null,null,null,null,null,null,null,null,null,null,null,null,null,null,null,null,null,"Fatality and Serious Injury Trends\nBy Vehicle Miles Traveled (VMT)"]
[null,null,null,{"$f":"\"Fatalities and Population, \"&'Emphasis Area Template'!$AK$248&\"-\"&'Emphasis Area Template'!$AL$248","v":"Fatalities and Population, 0-0"},null,null,null,null,null,null,null,null,null,null,null,null,null,null,null,null,null,null,null,null,{"$f":"\"Fatalities and VMT, \"&'Emphasis Area Template'!$AK$248&\"-\"&'Emphasis Area Template'!$AL$248","v":"Fatalities and VMT, 0-0"}]
[null,null,null,null,null,null,null,null,null,null,null,null,null,null,null,"YEAR","FATALITIES","SERIOUS INJURIES","POPULATION ESTIMATE",null,null,null,null,null,null,null,null,null,null,null,null,null,null,null,null,null,"YEAR","FATALITIES","SERIOUS INJURIES","100 MVMT"]
[null,null,null,null,null,null,null,null,null,null,null,null,null,null,null,{"$f":"B85","v":2010},{"$f":"GETPIVOTDATA(\"Fatalities\",$B$84,\"Year\",P11)","v":5},{"$f":"GETPIVOTDATA(\"Serious Injuries\",$B$84,\"Year\",P11)","v":23},0,null,null,null,null,null,null,null,null,null,null,null,null,null,null,null,null,null,{"$f":"P58","v":2010},{"$f":"GETPIVOTDATA(\"FATALITIES \",$P$57,\"Year\",AK11)","v":5},{"$f":"GETPIVOTDATA(\"SERIOUS INJURIES \",$P$57,\"Year\",AK11)","v":23},0]
[null,null,null,null,null,null,null,null,null,null,null,null,null,null,null,{"$f":"P11+1","v":2011},{"$f":"IFERROR(GETPIVOTDATA(\"Fatalities\",$B$84,\"Year\",P12),0)","v":3},{"$f":"IFERROR(GETPIVOTDATA(\"Serious Injuries\",$B$84,\"Year\",P12),0)","v":29},0,null,null,null,null,null,null,null,null,null,null,null,null,null,null,null,null,null,{"$f":"AK11+1","v":2011},{"$f":"IFERROR(GETPIVOTDATA(\"FATALITIES \",$P$57,\"Year\",AK12),0)","v":3},{"$f":"IFERROR(GETPIVOTDATA(\"SERIOUS INJURIES \",$P$57,\"Year\",AK12),0)","v":29},0]
[null,null,null,null,null,null,null,null,null,null,null,null,null,null,null,2012,3,20,0,null,null,null,null,null,null,null,null,null,null,null,null,null,null,null,null,null,{"$f":"AK12+1","v":2012},{"$f":"IFERROR(GETPIVOTDATA(\"FATALITIES \",$P$57,\"Year\",AK13),0)","v":3},{"$f":"IFERROR(GETPIVOTDATA(\"SERIOUS INJURIES \",$P$57,\"Year\",AK13),0)","v":20},0]
[null,null,null,null,null,null,null,null,null,null,null,null,null,null,null,2013,3,21,0,null,null,null,null,null,null,null,null,null,null,null,null,null,null,null,null,null,2013,3,21,0]
[null,null,null,null,null,null,null,null,null,null,null,null,null,null,null,2014,5,15,0,null,null,null,null,null,null,null,null,null,null,null,null,null,null,null,null,null,2014,5,15,0]
[null,null,null,null,null,null,null,null,null,null,null,null,null,null,null,2015,3,13,0,null,null,null,null,null,null,null,null,null,null,null,null,null,null,null,null,null,2015,3,13,0]
[null,null,null,null,null,null,null,null,null,null,null,null,null,null,null,2016,4,15,0,null,null,null,null,null,null,null,null,null,null,null,null,null,null,null,null,null,2016,4,15,0]
[null,null,null,null,null,null,null,null,null,null,null,null,null,null,null,2017,5,30,0,null,null,null,null,null,null,null,null,null,null,null,null,null,null,null,null,null,2017,5,30,0]
[null,null,null,null,null,null,null,null,null,null,null,null,null,null,null,2018,3,14,0,null,null,null,null,null,null,null,null,null,null,null,null,null,null,null,null,null,2018,3,14,0]
[null,null,null,null,null,null,null,null,null,null,null,null,null,null,null,2019,2,25,0,null,null,null,null,null,null,null,null,null,null,null,null,null,null,null,null,null,2019,{"$f":"IFERROR(GETPIVOTDATA(\"FATALITIES \",$P$57,\"Year\",AK20),0)","v":2},{"$f":"IFERROR(GETPIVOTDATA(\"SERIOUS INJURIES \",$P$57,\"Year\",AK20),0)","v":25},0]
[null,null,null,null,null,null,null,null,null,null,null,null,null,null,null,"Grand Total",{"$f":"SUM(Q11:Q20)","v":36},{"$f":"SUM(R11:R20)","v":205},{"$f":"SUM(S11:S20)","v":0},null,null,null,null,null,null,null,null,null,null,null,null,null,null,null,null,null,"Total",{"$f":"SUM(AL11:AL20)","v":36},{"$f":"SUM(AM11:AM20)","v":205},0]
[]
[null,null,null,null,null,null,null,null,null,null,null,null,null,null,"Note: Population to be entered by user in the orange cells in the table above. ",null,null,null,null,null,null,null,null,null,null,null,null,null,null,null,null,null,null,null,null,"Note: VMT to be entered by user in the orange cells in the table above. "]
[null,null,null,null,null,null,null,null,null,null,null,null,null,null,"Population information can be obtained from the US Census Bureau -"]
[null,null,null,null,null,null,null,null,null,null,null,null,null,null,"https://www.census.gov/quickfacts/OH? "]
[]
[]
[]
[]
[]
[]
[null,null,null,{"$f":"\"Serious Injuries and Population, \"&'Emphasis Area Template'!$AK$248&\"-\"&'Emphasis Area Template'!$AL$248","v":"Serious Injuries and Population, 0-0"},null,null,null,null,null,null,null,null,null,null,null,null,null,null,null,null,null,null,null,null,{"$f":"\"Serious Injuries and VMT, \"&'Emphasis Area Template'!$AK$248&\"-\"&'Emphasis Area Template'!$AL$248","v":"Serious Injuries and VMT, 0-0"}]
[]
[]
[]
[]
[]
[]
[]
[]
[]
[]
[]
[]
[]
[]
[]
[]
[]
[]
[]
[]
[]
[]
[]
[]
[null,null,null,null,null,null,null,null,null,null,null,null,null,null,null,"YEAR","FATALITIES ","SERIOUS INJURIES ","VMT"]
[null,null,null,null,null,null,null,null,null,null,null,null,null,null,null,2010,5,23]
[null,null,null,null,null,null,null,null,null,null,null,null,null,null,null,2011,3,29]
[null,null,null,null,null,null,null,null,null,null,null,null,null,null,null,2012,3,20]
[null,null,null,null,null,null,null,null,null,null,null,null,null,null,null,2013,3,21]
[null,null,null,null,null,null,null,null,null,null,null,null,null,null,null,2014,5,15]
[null,null,null,null,null,null,null,null,null,null,null,null,null,null,null,2015,3,13]
[null,null,null,null,null,null,null,null,null,null,null,null,null,null,null,2016,4,15]
[null,null,null,null,null,null,null,null,null,null,null,null,null,null,null,2017,5,30]
[null,null,null,null,null,null,null,null,null,null,null,null,null,null,null,2018,3,14]
[null,null,null,null,null,null,null,null,null,null,null,null,null,null,null,2019,2,25]
[null,null,null,null,null,null,null,null,null,null,null,null,null,null,null,"Grand Total",36,205]
[]
[]
[]
[]
[]
[]
[]
[]
[]
[]
[]
[]
[]
[]
[]
[null,"YEAR","FATALITIES         ","SERIOUS INJURIES   ","POPULATION"]
[null,2010,5,23]
[null,2011,3,29]
[null,2012,3,20]
[null,2013,3,21]
[null,2014,5,15]
[null,2015,3,13]
[null,2016,4,15]
[null,2017,5,30]
[null,2018,3,14]
[null,2019,2,25]
[null,"Grand Total",36,205]

{"sheet":"Crash Forecast","index":5,"n_rows":129,"n_cols":25,"rows_kept":129,"cut":false,"hidden":false,"merged":[[0,2,4,10],[6,1,22,1],[7,3,7,6],[7,17,7,20],[8,3,8,6],[8,17,8,20],[6,15,24,15]]}
[null,null,"Crash Forecast"]
[]
[]
[]
[]
[]
[null,"Forecast and Target Setting\nFatalities",null,null,null,null,null,"Input Target Reduction in Orange Cells Below",null,null,null,null,null,null,null,"Forecast and Target Setting\nSerious Injuries",null,null,null,null,null,"Input Target Reduction in Orange Cells Below"]
[null,null,null,null,null,null,null,"Aggressive","Moderate","Minimal ","Do Nothing",null,null,null,null,null,null,null,null,null,null,"Aggressive","Moderate","Minimal ","Do Nothing"]
[null,null,null,null,null,null,null,-0.05,-0.02,-0.01,{"$f":"SLOPE(C70:C79,B70:B79)/100","v":-9.6969696969696967E-4},null,null,null,null,null,null,null,null,null,null,-0.05,-0.02,-0.01,{"$f":"SLOPE(N70:N79,M70:M79)/100","v":-3.4545454545454545E-3}]
[]
[]
[]
[]
[]
[]
[]
[]
[]
[]
[]
[]
[]
[]
[]
[]
[]
[]
[]
[]
[]
[]
[]
[]
[]
[]
[]
[]
[]
[]
[]
[]
[]
[]
[]
[]
[]
[]
[]
[]
[]
[]
[]
[]
[]
[]
[]
[]
[]
[]
[]
[]
[]
[]
[]
[]
[]
[]
[null,"Pass through table",null,null,null,null,null,null,null,null,null,"Pass through table"]
[null,"Column1","FATALITIES","ROLLING AVERAGE","AGGRESSIVE REDUCTION ","MODERATE REDUCTION","MINIMALREDUCTION","DO NOTHING",null,null,null,null,"Column1","SERIOUS INJURIES","ROLLING AVERAGE","AGGRESSIVE REDUCTION ","MODERATE REDUCTION","MINIMALREDUCTION","DO NOTHING"]
[null,{"$f":"'Background Information'!P11","v":2010},{"$f":"IFERROR(GETPIVOTDATA(\"Document Number\",$B$117,\"Year\",B70,\"Severity\",\"Fatal\"),0)","v":5},null,null,null,null,null,null,null,null,null,{"$f":"'Background Information'!P11","v":2010},{"$f":"IFERROR(GETPIVOTDATA(\"Document Number\",$B$117,\"Year\",B119,\"Severity\",\"Serious Injury Suspected\"),0)","v":20}]
[null,{"$f":"B70+1","v":2011},3,null,null,null,null,null,null,null,null,null,{"$f":"M70+1","v":2011},24]
[null,{"$f":"B71+1","v":2012},3,null,null,null,null,null,null,null,null,null,{"$f":"M71+1","v":2012},17]
[null,2013,3,null,null,null,null,null,null,null,null,null,2013,17]
[null,2014,5,{"$f":"AVERAGE(C70:C74)","v":3.8},null,null,null,null,null,null,null,null,2014,13,{"$f":"AVERAGE(N70:N74)","v":18.2}]
[null,2015,3,3.4,null,null,null,null,null,null,null,null,2015,13,16.8]
[null,2016,4,3.6,null,null,null,null,null,null,null,null,2016,13,14.6]
[null,2017,5,4,null,null,null,null,null,null,null,null,2017,22,15.6]
[null,2018,3,4,null,null,null,null,null,null,null,null,2018,14,15]
[null,2019,2,{"$f":"AVERAGE(C75:C79)","v":3.4},{"$f":"AVERAGE($C$75:$C$79)","v":3.4},{"$f":"AVERAGE($C$75:$C$79)","v":3.4},{"$f":"AVERAGE($C$75:$C$79)","v":3.4},{"$f":"AVERAGE($C$75:$C$79)","v":3.4},null,null,null,null,2019,20,{"$f":"AVERAGE(N75:N79)","v":16.399999999999999},{"$f":"AVERAGE($N$75:$N$79)","v":16.399999999999999},{"$f":"AVERAGE($N$75:$N$79)","v":16.399999999999999},{"$f":"AVERAGE($N$75:$N$79)","v":16.399999999999999},{"$f":"AVERAGE($N$75:$N$79)","v":16.399999999999999}]
[null,2020,null,null,{"$f":"E79*(1+$H$9)","v":3.23},{"$f":"F79*(1+$I$9)","v":3.3319999999999999},{"$f":"G79*(1+$J$9)","v":3.3660000000000001},{"$f":"H79*(1+$K$9)","v":3.3967030303030303},null,null,null,null,2020,null,null,{"$f":"P79*(1+$V$9)","v":15.579999999999998},{"$f":"Q79*(1+$W$9)","v":16.071999999999999},{"$f":"R79*(1+$X$9)","v":16.235999999999997},{"$f":"S79*(1+$Y$9)","v":16.343345454545453}]
[null,2021,null,null,{"$f":"E80*(1+$H$9)","v":3.0684999999999998},{"$f":"F80*(1+$I$9)","v":3.2653599999999998},{"$f":"G80*(1+$J$9)","v":3.3323399999999999},{"$f":"H80*(1+$K$9)","v":3.3934092576675852},null,null,null,null,2021,null,null,{"$f":"P80*(1+$V$9)","v":14.800999999999998},{"$f":"Q80*(1+$W$9)","v":15.750559999999998},{"$f":"R80*(1+$X$9)","v":16.073639999999997},{"$f":"S80*(1+$Y$9)","v":16.286886624793386}]
[null,2022,null,null,2.9150749999999999,3.2000527999999999,3.2990165999999999,3.3901186789934834,null,null,null,null,2022,null,null,14.060949999999998,15.435548799999998,15.912903599999998,16.230622834635007]
[null,2023,null,null,2.76932125,3.136051744,3.266026434,3.3868312911835505,null,null,null,null,2023,null,null,13.357902499999998,15.126837823999997,15.753774563999999,16.174553410297175]
[null,2024,null,null,2.6308551874999999,3.0733307091199999,3.23336616966,3.383547091143615,null,null,null,null,2024,null,null,12.690007374999997,14.824301067519997,15.596236818359998,16.118677680334329]
[null,2025,null,null,2.4993124281249997,3.0118640949376001,3.2010325079633999,3.3802660757825063,null,null,null,null,2025,null,null,12.055507006249996,14.527815046169597,15.440274450176398,16.062994975620448]
[null,2026,null,null,2.3743468067187496,2.9516268130388479,3.1690221828837659,3.3769882420120507,null,null,null,null,2026,null,null,11.452731655937496,14.237258745246205,15.285871705674634,16.007504629341032]
[null,2027,null,null,2.2556294663828123,2.892594276778071,3.1373319610549282,3.3737135867470696,null,null,null,null,2027,null,null,10.880095073140621,13.95251357034128,15.133012988617887,15.952205976985125]
[null,2028,null,null,2.1428479930636715,2.8347423912425094,3.1059586414443787,3.3704421069053754,null,null,null,null,2028,null,null,10.33609031948359,13.673463298934454,14.981682858731707,15.897098356337358]
[null,2029,null,null,2.035705593410488,2.7780475434176592,3.0748990550299351,3.3671737994077704,null,null,null,null,2029,null,null,9.8192858035094108,13.399994032955764,14.83186603014439,15.84218110747001]
[null,2030,null,null,1.9339203137399634,2.722486592549306,3.0441500644796355,3.3639086611780415,null,null,null,null,2030,null,null,9.3283215133339397,13.131994152296649,14.683547369842946,15.787453572735114]
[null,2031,null,null,1.8372242980529652,2.66803686069832,3.0137085638348391,3.3606466891429601,null,null,null,null,2031,null,null,8.861905437667243,12.869354269250715,14.536711896144517,15.732915096756575]
[null,2032,null,null,1.7453630831503169,2.6146761234843536,2.9835714781964908,3.3573878802322761,null,null,null,null,2032,null,null,8.4188101657838796,12.611967183865701,14.391344777183072,15.678565026422325]
[null,2033,null,null,1.6580949289928009,2.5623826010146664,2.9537357634145258,3.3541322313787174,null,null,null,null,2033,null,null,7.997869657494685,12.359727840188388,14.24743132941124,15.624402710876501]
[null,2034,null,null,1.5751901825431607,2.5111349489943731,2.9241984057803805,3.3508797395179868,null,null,null,null,2034,null,null,7.5979761746199506,12.11253328338462,14.104957016117128,15.570427501511654]
[null,2035,null,null,1.4964306734160027,2.4609122500144855,2.8949564217225765,3.3476304015887575,null,null,null,null,2035,null,null,7.218077365888953,11.870282617716928,13.963907445955956,15.516638751960977]
[null,2036,null,null,1.4216091397452024,2.411694005014196,2.8660068575053508,3.3443842145326714,null,null,null,null,2036,null,null,6.8571734975945047,11.632876965362589,13.824268371496396,15.463035818090566]
[null,2037,null,null,1.3505286827579421,2.363460124913912,2.8373467889302972,3.3411411752943367,null,null,null,null,2037,null,null,6.5143148227147796,11.400219426055337,13.686025687781433,15.409618057991707]
[null,2038,null,null,1.283002248620045,2.3161909224156338,2.8089733210409942,3.337901280821324,null,null,null,null,2038,null,null,6.1885990815790404,11.17221503753423,13.549165430903619,15.356384831973191]
[null,2039,null,null,1.2188521361890428,2.2698671039673211,2.7808835878305844,3.334664528064164,null,null,null,null,2039,null,null,5.8791691275000879,10.948770736783544,13.413673776594583,15.303335502553647]
[]
[]
[]
[]
[]
[]
[]
[]
[]
[]
[]
[]
[]
[]
[]
[]
[]
[null,"Total Crashes","Severity"]
[null,"Year ","Fatal","Serious Injury Suspected","Grand Total"]
[null,2010,5,20,25]
[null,2011,3,24,27]
[null,2012,3,17,20]
[null,2013,3,17,20]
[null,2014,5,13,18]
[null,2015,3,13,16]
[null,2016,4,13,17]
[null,2017,5,22,27]
[null,2018,3,14,17]
[null,2019,2,20,22]
[null,"Grand Total",36,173,209]

{"sheet":"Existing Crash Conditions","index":6,"n_rows":89,"n_cols":44,"rows_kept":89,"cut":false,"hidden":false,"merged":[[43,37,43,40],[0,2,4,10],[42,25,42,31],[9,13,9,18],[7,1,30,1],[7,11,29,11],[8,23,29,23],[8,35,30,35],[41,35,65,35]]}
[null,null,"Existing Crash Conditions"]
[]
[]
[]
[]
[]
[]
[null,"Crash Trends\nFatal and Injury crashes",null,null,null,null,null,null,null,null,null,"Occupant Trends\nFatalities, Serious Injurie, and Minor Injuries"]
[null,null,null,null,null,null,null,null,null,null,null,null,null,null,null,null,null,null,null,null,null,null,null,"Crash Type Statistics\nAll Severities",null,null,null,null,null,null,null,null,null,null,null,"Crash Type by Road Contour\nAll Severities"]
[null,null,null,{"$f":"\"Crash Statistics, \"&'Emphasis Area Template'!$AK$248&\"-\"&'Emphasis Area Template'!$AL$248","v":"Crash Statistics, 0-0"},null,null,null,null,null,null,null,null,null,{"$f":"\"Occupant Statistics, \"&'Emphasis Area Template'!$AK$248&\"-\"&'Emphasis Area Template'!$AL$248","v":"Occupant Statistics, 0-0"},null,null,null,null,null,null,null,null,null,null,null,{"$f":"\"Crash Type Statistics, \"&'Emphasis Area Template'!$AK$248&\"-\"&'Emphasis Area Template'!$AL$248","v":"Crash Type Statistics, 0-0"},null,null,null,null,null,null,null,null,null,null,null,"Crash Type Breakdown by Road Contour (curve/grade)"]
[]
[]
[]
[]
[]
[]
[]
[]
[]
[]
[]
[]
[]
[]
[]
[]
[]
[]
[]
[]
[]
[]
[]
[]
[]
[]
[]
[]
[]
[]
[]
[null,null,null,null,null,null,null,null,null,null,null,null,null,null,null,null,null,null,null,null,null,null,null,null,null,null,null,null,null,null,null,null,null,null,null,"Crashes by Road Contour and Severity\nAll Severities"]
[null,null,null,{"$f":"\"Crash Statistics, \"&'Emphasis Area Template'!$AK$248&\"-\"&'Emphasis Area Template'!$AL$248","v":"Crash Statistics, 0-0"},null,null,null,null,null,null,null,null,null,{"$f":"\"Occupant Statistics, \"&'Emphasis Area Template'!$AK$248&\"-\"&'Emphasis Area Template'!$AL$248","v":"Occupant Statistics, 0-0"},null,null,null,null,null,null,null,null,null,null,null,{"$f":"\"Crash Type Statistics, \"&'Emphasis Area Template'!$AK$248&\"-\"&'Emphasis Area Template'!$AL$248","v":"Crash Type Statistics, 0-0"}]
[null,null,null,"YEAR","FATAL CRASHES","INJURY CRASHES","PROPERTY DAMAGE CRASHES","TOTAL CRASHES",null,null,null,null,null,"YEAR","FATALITIES","SERIOUS INJURIES","MINOR INJURIES","POSSIBLE INJURIES","PDO/ NO INJURIES","TOTAL PEOPLE INVOLVED",null,null,null,null,null,"Total Crashes","Injury Level",null,null,null,null,null,null,null,null,null,null,"Crash Type Breakdown by Road Contour (curve/grade)"]
[null,null,null,{"$f":"B79","v":2010},{"$f":"IFERROR(GETPIVOTDATA(\"Document Number\",$B$77,\"YEAR  \",D45,\"Severity\",\"Fatal\"),\"0\")","v":5},{"$f":"IFERROR(GETPIVOTDATA(\"Document Number\",$B$77,\"YEAR  \",D45,\"Severity\",\"Injury Possible\")+GETPIVOTDATA(\"Document Number\",$B$77,\"YEAR  \",D45,\"Severity\",\"Minor Injury Suspected\")+GETPIVOTDATA(\"Document Number\",$B$77,\"YEAR  \",D45,\"Severity\",\"Serious Injury Suspected\"),\"0\")","v":137},{"$f":"IFERROR(GETPIVOTDATA(\"Document Number\",$B$77,\"YEAR  \",D45,\"Severity\",\"PDO/No Injury\"),\"0\")","v":377},{"$f":"IFERROR(GETPIVOTDATA(\"Document Number\",$B$77,\"YEAR  \",D45),\"0\")","v":519},null,null,null,null,null,{"$f":"L78","v":2010},{"$f":"IFERROR(GETPIVOTDATA(\"Fatalities \",$L$77,\"Year\",N45),\"0\")","v":5},{"$f":"IFERROR(GETPIVOTDATA(\"Serious Injuries \",$L$77,\"Year\",N45),\"0\")","v":23},{"$f":"IFERROR(GETPIVOTDATA(\"Minor Serious Injuries \",$L$77,\"Year\",N45),\"0\")","v":87},{"$f":"IFERROR(GETPIVOTDATA(\"Possible Injuries \",$L$77,\"Year\",N45),\"0\")","v":82},{"$f":"IFERROR(GETPIVOTDATA(\"No Injuries \",$L$77,\"Year\",N45),0)","v":849},{"$f":"SUM(O45:S45)","v":1046},null,null,null,null,null,"Crash Type","PDO/No Injury","Injury Possible","Minor Injury Suspected","Serious Injury Suspected","Fatal","Grand Total",null,null,null,null,null,"Total Crashes","Severity"]
[null,null,null,{"$f":"D45+1","v":2011},3,157,336,496,null,null,null,null,null,{"$f":"N45+1","v":2011},3,29,{"$f":"IFERROR(GETPIVOTDATA(\"Minor Serious Injuries \",$L$77,\"Year\",N46),\"0\")","v":105},92,839,{"$f":"SUM(O46:S46)","v":1068},null,null,null,null,null,"Train",1,0,0,0,0,1,null,null,null,null,null,"Road Contour","PDO/No Injury","Injury Possible","Minor Injury Suspected","Serious Injury Suspected","Fatal","Grand Total"]
[null,null,null,{"$f":"D46+1","v":2012},3,153,386,542,null,null,null,null,null,{"$f":"N46+1","v":2012},3,20,101,97,828,1049,null,null,null,null,null,"Other Non-Vehicle",0,0,1,0,0,1,null,null,null,null,null,"Other / Unknown",15,2,1,0,0,18]
[null,null,null,2013,3,136,398,537,null,null,null,null,null,2013,3,21,91,80,804,999,null,null,null,null,null,"Pedalcycles",1,2,1,1,0,5,null,null,null,null,null,"Curve Level",236,66,47,15,6,370]
[null,null,null,2014,5,113,328,446,null,null,null,null,null,2014,5,15,41,110,691,862,null,null,null,null,null,"Unknown",13,1,1,0,0,15,null,null,null,null,null,"Curve Grade",787,149,154,65,15,1170]
[null,null,null,2015,3,115,349,467,null,null,null,null,null,2015,3,13,39,108,728,891,null,null,null,null,null,"Pedestrian",2,3,6,5,1,17,null,null,null,null,null,"Straight Level",1138,176,124,35,4,1477]
[null,null,null,2016,4,115,268,387,null,null,null,null,null,2016,4,15,50,93,566,728,null,null,null,null,null,"Sideswipe - Meeting",12,2,2,0,2,18,null,null,null,null,null,"Straight Grade",1157,174,175,58,11,1575]
[null,null,null,2017,5,122,264,391,null,null,null,null,null,2017,5,30,52,103,597,787,null,null,null,null,null,"Other Object",32,3,0,1,0,36,null,null,null,null,null,"Grand Total",3333,567,501,173,36,4610]
[null,null,null,2018,3,90,325,418,null,null,null,null,null,2018,3,14,51,75,725,868,null,null,null,null,null,"Other Non-Collision",56,6,6,3,0,71]
[null,null,null,2019,2,103,302,407,null,null,null,null,null,2019,2,25,76,41,635,779,null,null,null,null,null,"Right Turn",68,8,8,0,0,84]
[null,null,null,"10-YEAR TOTAL",{"$f":"SUM(E45:E54)","v":36},{"$f":"SUM(F45:F54)","v":1241},{"$f":"SUM(G45:G54)","v":3333},{"$f":"SUM(H45:H54)","v":4610},null,null,null,null,null,"10-YEAR TOTAL",{"$f":"SUBTOTAL(109,O45:O54)","v":36},{"$f":"SUBTOTAL(109,P45:P54)","v":205},693,881,7262,{"$f":"SUM(O55:S55)","v":9077},null,null,null,null,null,"Parked Vehicle",73,8,4,4,0,89]
[null,null,null,"ANNUAL AVERAGE",{"$f":"IFERROR(AVERAGE(E45:E54),\"N/A\")","v":3.6},{"$f":"IFERROR(AVERAGE(F45:F54),\"N/A\")","v":124.1},333.3,461,null,null,null,null,null,"ANNUAL AVERAGE",{"$f":"AVERAGE(O45:O54)","v":3.6},{"$f":"AVERAGE(P45:P54)","v":20.5},{"$f":"IFERROR(AVERAGE(Q45:Q54),\"-\")","v":69.3},{"$f":"AVERAGE(R45:R54)","v":88.1},726.2,907.7,null,null,null,null,null,"Head On",68,17,21,16,7,129]
[null,null,null,"       YEAR WITH THE HIGHEST VALUE FOR EACH RESPECTIVE COLUMN",null,null,null,null,null,null,null,null,null,"       YEAR WITH THE HIGHEST VALUE FOR EACH RESPECTIVE COLUMN",null,null,null,null,null,null,null,null,null,null,null,"Sideswipe - Passing",148,11,12,6,1,178]
[null,null,null,null,null,null,null,null,null,null,null,null,null,null,null,null,null,null,null,null,null,null,null,null,null,"Overturning",87,30,58,20,4,199]
[null,null,null,null,null,null,null,null,null,null,null,null,null,null,null,null,null,null,null,null,null,null,null,null,null,"Backing",198,7,1,1,0,207]
[null,null,null,null,null,null,null,null,null,null,null,null,null,null,null,null,null,null,null,null,null,null,null,null,null,"Left Turn",199,19,21,9,0,248]
[null,null,null,null,null,null,null,null,null,null,null,null,null,null,null,null,null,null,null,null,null,null,null,null,null,"Animal",335,12,18,8,1,374]
[null,null,null,null,null,null,null,null,null,null,null,null,null,null,null,null,null,null,null,null,null,null,null,null,null,"Angle",297,64,53,18,5,437]
[null,null,null,null,null,null,null,null,null,null,null,null,null,null,null,null,null,null,null,null,null,null,null,null,null,"Rear End",481,124,73,10,0,688]
[null,null,null,null,null,null,null,null,null,null,null,null,null,null,null,null,null,null,null,null,null,null,null,null,null,"Fixed Object",1262,250,215,71,15,1813]
[null,null,null,null,null,null,null,null,null,null,null,null,null,null,null,null,null,null,null,null,null,null,null,null,null,"Grand Total",3333,567,501,173,36,4610]
[]
[]
[]
[]
[]
[]
[]
[]
[]
[]
[]
[null,"Total Crashes","Severity",null,null,null,null,null,null,null,null,"YEAR","No Injuries ","Possible Injuries ","Minor Serious Injuries ","Serious Injuries ","Fatalities ","TOTAL PEOPLE INVOLVED "]
[null,"Year ","Fatal","Serious Injury Suspected","Minor Injury Suspected","Injury Possible","PDO/No Injury","Grand Total",null,null,null,2010,849,82,87,23,5,1046]
[null,2010,5,20,65,52,377,519,null,null,null,2011,839,92,105,29,3,1068]
[null,2011,3,24,71,62,336,496,null,null,null,2012,828,97,101,20,3,1049]
[null,2012,3,17,71,65,386,542,null,null,null,2013,804,80,91,21,3,999]
[null,2013,3,17,67,52,398,537,null,null,null,2014,691,110,41,15,5,862]
[null,2014,5,13,33,67,328,446,null,null,null,2015,728,108,39,13,3,891]
[null,2015,3,13,29,73,349,467,null,null,null,2016,566,93,50,15,4,728]
[null,2016,4,13,43,59,268,387,null,null,null,2017,597,103,52,30,5,787]
[null,2017,5,22,36,64,264,391,null,null,null,2018,725,75,51,14,3,868]
[null,2018,3,14,31,45,325,418,null,null,null,2019,635,41,76,25,2,779]
[null,2019,2,20,55,28,302,407,null,null,null,"Grand Total",7262,881,693,205,36,9077]
[null,"Grand Total",36,173,501,567,3333,4610]

{"sheet":"Crashes by Jurisdiction","index":7,"n_rows":111,"n_cols":88,"rows_kept":111,"cut":false,"hidden":false,"merged":[[7,63,43,63],[7,89,45,89],[8,77,43,77],[0,2,4,10],[7,1,33,1],[44,3,44,6],[40,39,40,43],[9,3,9,6],[9,52,9,56],[9,26,9,30],[8,39,8,43],[7,37,30,37],[7,50,35,50],[7,13,42,13],[7,24,36,24]]}
[null,null,"Crashes by Jurisdiction"]
[]
[]
[]
[]
[]
[]
[null,"Crash Type Overview\nCrash severity",null,null,null,null,null,null,null,null,null,null,null,"Crash Type Overview\nFatal and Serious Injury Crash Rate",null,null,null,null,null,null,null,null,null,null,"Crash Type Overview\nEquivalent Property Damage Only (EDPO) Rates",null,null,null,null,null,null,null,null,null,null,null,null,"Crash Types by Maintenance Authority\nFatal and Serious Injury Crashes",null,null,null,null,null,null,null,null,null,null,null,null,"Crashes by Object Struck\nFatal and Serioius Injury Crashes",null,null,null,null,null,null,null,null,null,null,null,null,"Crashes by Seveeity\nby Jurisdiction and Crash Type"]
[null,null,null,null,null,null,null,null,null,null,null,null,null,null,null,null,null,null,null,null,null,null,null,null,null,null,null,null,null,null,null,null,null,null,null,null,null,null,null,{"$f":"\"Crash Types for Severe Crashes by Maintaining Authority, \"&'Emphasis Area Template'!$AK$248&\"-\"&'Emphasis Area Template'!$AL$248","v":"Crash Types for Severe Crashes by Maintaining Authority, 0-0"},null,null,null,null,null,null,null,null,null,null,null,null,null,null,null,null,null,null,null,null,null,null,null,null,null,null,null,null,null,null,null,null,null,null,null,null,null,"Crashes by Seveeity\nBy Jurisdiction and Maintaining Authority"]
[null,null,null,"Crashes Statistics by Maintaining Authority",null,null,null,null,null,null,null,null,null,null,null,{"$f":"\"Areawide Crash Types, \"&'Emphasis Area Template'!$AK$248&\"-\"&'Emphasis Area Template'!$AL$248","v":"Areawide Crash Types, 0-0"},null,null,null,null,null,null,null,null,null,null,{"$f":"\"EDPO for Crash Types, \"&'Emphasis Area Template'!$AK$248&\"-\"&'Emphasis Area Template'!$AL$248","v":"EDPO for Crash Types, 0-0"},null,null,null,null,null,null,null,null,null,null,null,null,null,null,null,null,null,null,null,null,null,null,null,null,null,{"$f":"\"Fixed Object Related Fatal and Serious Injury Crashes by Object Struck, \"&'Emphasis Area Template'!$AK$248&\"-\"&'Emphasis Area Template'!$AL$248","v":"Fixed Object Related Fatal and Serious Injury Crashes by Object Struck, 0-0"}]
[null,null,null,null,null,null,null,null,null,null,null,null,null,null,null,null,null,null,null,null,null,null,null,null,null,null,null,null,null,null,null,null,null,null,null,null,null,null,null,null,null,null,null,null,null,null,null,null,null,null,null,null,null,null,null,null,null,null,null,null,null,null,null,null,null,"Total Crashes","Crash Type",null,null,null,null,null,null,null,null,null,null,null,null,"Crashes by Jurisdiction and Maintaining Authority"]
[null,null,null,null,null,null,null,null,null,null,null,null,null,null,null,null,null,null,null,null,null,null,null,null,null,null,null,null,null,null,null,null,null,null,null,null,null,null,null,null,null,null,null,null,null,null,null,null,null,null,null,null,null,null,null,null,null,null,null,null,null,null,null,null,null,"Jurisdiction","Fixed Object","Rear End","Angle","Animal","Grand Total"]
[null,null,null,null,null,null,null,null,null,null,null,null,null,null,null,null,null,null,null,null,null,null,null,null,null,null,null,null,null,null,null,null,null,null,null,null,null,null,null,null,null,null,null,null,null,null,null,null,null,null,null,null,null,null,null,null,null,null,null,null,null,null,null,null,null,"CENTER TOWNSHIP",165,71,21,32,289,null,null,null,null,null,null,null,null,null,"Maintenance Authority"]
[null,null,null,null,null,null,null,null,null,null,null,null,null,null,null,null,null,null,null,null,null,null,null,null,null,null,null,null,null,null,null,null,null,null,null,null,null,null,null,null,null,null,null,null,null,null,null,null,null,null,null,null,null,null,null,null,null,null,null,null,null,null,null,null,null,"UNION TOWNSHIP",108,13,5,19,145,null,null,null,null,null,null,null,null,null,"County Highway Agency",null,"State Highway Agency",null,"City or Village Highway Agency",null,"Total Fatal Injury","Total Serious Injury"]
[null,null,null,null,null,null,null,null,null,null,null,null,null,null,null,null,null,null,null,null,null,null,null,null,null,null,null,null,null,null,null,null,null,null,null,null,null,null,null,null,null,null,null,null,null,null,null,null,null,null,null,null,null,null,null,null,null,null,null,null,null,null,null,null,null,"WASHINGTON TOWNSHIP",83,10,20,22,135,null,null,null,null,null,null,null,null,"Jurisdiction","Fatal Injury","Serious Injury","Fatal Injury","Serious Injury","Fatal Injury","Serious Injury"]
[null,null,null,null,null,null,null,null,null,null,null,null,null,null,null,null,null,null,null,null,null,null,null,null,null,null,null,null,null,null,null,null,null,null,null,null,null,null,null,null,null,null,null,null,null,null,null,null,null,null,null,null,null,null,null,null,null,null,null,null,null,null,null,null,null,"PERRY TOWNSHIP",75,7,9,14,105,null,null,null,null,null,null,null,null,"CENTER TOWNSHIP",0,1,2,12,0,0,2,13]
[null,null,null,null,null,null,null,null,null,null,null,null,null,null,null,null,null,null,null,null,null,null,null,null,null,null,null,null,null,null,null,null,null,null,null,null,null,null,null,null,null,null,null,null,null,null,null,null,null,null,null,null,null,null,null,null,null,null,null,null,null,null,null,null,null,"LEE TOWNSHIP",95,25,7,15,142,null,null,null,null,null,null,null,null,"UNION TOWNSHIP",0,3,1,9,0,0,1,12]
[null,null,null,null,null,null,null,null,null,null,null,null,null,null,null,null,null,null,null,null,null,null,null,null,null,null,null,null,null,null,null,null,null,null,null,null,null,null,null,null,null,null,null,null,null,null,null,null,null,null,null,null,null,null,null,null,null,null,null,null,null,null,null,null,null,"FOX TOWNSHIP",61,7,8,17,93,null,null,null,null,null,null,null,null,"WASHINGTON TOWNSHIP",0,4,5,5,0,0,5,9]
[null,null,null,null,null,null,null,null,null,null,null,null,null,null,null,null,null,null,null,null,null,null,null,null,null,null,null,null,null,null,null,null,null,null,null,null,null,null,null,null,null,null,null,null,null,null,null,null,null,null,null,null,null,null,null,null,null,null,null,null,null,null,null,null,null,"BROWN TOWNSHIP",238,120,44,66,468,null,null,null,null,null,null,null,null,"PERRY TOWNSHIP",0,3,0,3,0,0,0,6]
[null,null,null,null,null,null,null,null,null,null,null,null,null,null,null,null,null,null,null,null,null,null,null,null,null,null,null,null,null,null,null,null,null,null,null,null,null,null,null,null,null,null,null,null,null,null,null,null,null,null,null,null,null,null,null,null,null,null,null,null,null,null,null,null,null,"LOUDON TOWNSHIP",76,10,4,6,96,null,null,null,null,null,null,null,null,"LEE TOWNSHIP",0,4,1,5,0,0,1,9]
[null,null,null,null,null,null,null,null,null,null,null,null,null,null,null,null,null,null,null,null,null,null,null,null,null,null,null,null,null,null,null,null,null,null,null,null,null,null,null,null,null,null,null,null,null,null,null,null,null,null,null,null,null,null,null,null,null,null,null,null,null,null,null,null,null,"HARRISON TOWNSHIP",211,54,41,47,353,null,null,null,null,null,null,null,null,"FOX TOWNSHIP",0,0,0,2,0,0,0,2]
[null,null,null,null,null,null,null,null,null,null,null,null,null,null,null,null,null,null,null,null,null,null,null,null,null,null,null,null,null,null,null,null,null,null,null,null,null,null,null,null,null,null,null,null,null,null,null,null,null,null,null,null,null,null,null,null,null,null,null,null,null,null,null,null,null,"AUGUSTA TOWNSHIP",130,21,11,13,175,null,null,null,null,null,null,null,null,"BROWN TOWNSHIP",2,10,7,6,0,1,9,17]
[null,null,null,null,null,null,null,null,null,null,null,null,null,null,null,null,null,null,null,null,null,null,null,null,null,null,null,null,null,null,null,null,null,null,null,null,null,null,null,null,null,null,null,null,null,null,null,null,null,null,null,null,null,null,null,null,null,null,null,null,null,null,null,null,null,"MONROE TOWNSHIP",136,18,20,47,221,null,null,null,null,null,null,null,null,"LOUDON TOWNSHIP",0,1,1,2,0,0,1,3]
[null,null,null,null,null,null,null,null,null,null,null,null,null,null,null,null,null,null,null,null,null,null,null,null,null,null,null,null,null,null,null,null,null,null,null,null,null,null,null,null,null,null,null,null,null,null,null,null,null,null,null,null,null,null,null,null,null,null,null,null,null,null,null,null,null,"ORANGE TOWNSHIP",63,10,5,22,100,null,null,null,null,null,null,null,null,"HARRISON TOWNSHIP",0,6,4,14,0,1,4,21]
[null,null,null,null,null,null,null,null,null,null,null,null,null,null,null,null,null,null,null,null,null,null,null,null,null,null,null,null,null,null,null,null,null,null,null,null,null,null,null,null,null,null,null,null,null,null,null,null,null,null,null,null,null,null,null,null,null,null,null,null,null,null,null,null,null,"SHERRODSVILLE",16,7,1,1,25,null,null,null,null,null,null,null,null,"AUGUSTA TOWNSHIP",1,6,4,6,0,0,5,12]
[null,null,null,null,null,null,null,null,null,null,null,null,null,null,null,null,null,null,null,null,null,null,null,null,null,null,null,null,null,null,null,null,null,null,null,null,null,null,null,null,null,null,null,null,null,null,null,null,null,null,null,null,null,null,null,null,null,null,null,null,null,null,null,null,null,"EAST TOWNSHIP",36,4,6,9,55,null,null,null,null,null,null,null,null,"MONROE TOWNSHIP",0,0,0,12,0,1,0,13]
[null,null,null,null,null,null,null,null,null,null,null,null,null,null,null,null,null,null,null,null,null,null,null,null,null,null,null,null,null,null,null,null,null,null,null,null,null,null,null,null,null,null,null,null,null,null,null,null,null,null,null,null,null,null,null,null,null,null,null,null,null,null,null,null,null,"CARROLLTON",61,148,115,4,328,null,null,null,null,null,null,null,null,"ORANGE TOWNSHIP",0,1,1,2,0,0,1,3]
[null,null,null,null,null,null,null,null,null,null,null,null,null,null,null,null,null,null,null,null,null,null,null,null,null,null,null,null,null,null,null,null,null,null,null,null,null,null,null,null,null,null,null,null,null,null,null,null,null,null,null,null,null,null,null,null,null,null,null,null,null,null,null,null,null,"MALVERN",26,64,33,3,126,null,null,null,null,null,null,null,null,"SHERRODSVILLE",0,0,0,0,0,1,0,1]
[null,null,null,null,null,null,null,null,null,null,null,null,null,null,null,null,null,null,null,null,null,null,null,null,null,null,null,null,null,null,null,null,null,null,null,null,null,null,null,null,null,null,null,null,null,null,null,null,null,null,null,null,null,null,null,null,null,null,null,null,null,null,null,null,null,"ROSE TOWNSHIP",152,24,21,31,228,null,null,null,null,null,null,null,null,"EAST TOWNSHIP",0,1,0,0,0,0,0,1]
[null,null,null,null,null,null,null,null,null,null,null,null,null,null,null,null,null,null,null,null,null,null,null,null,null,null,null,null,null,null,null,null,null,null,null,null,null,null,null,null,null,null,null,null,null,null,null,null,null,null,null,null,null,null,null,null,null,null,null,null,null,null,null,null,null,"CARROLL COUNTY",5,0,0,1,6,null,null,null,null,null,null,null,null,"CARROLLTON",0,0,0,0,1,15,1,15]
[null,null,null,null,null,null,null,null,null,null,null,null,null,null,null,null,null,null,null,null,null,null,null,null,null,null,null,null,null,null,null,null,null,null,null,null,null,null,null,null,null,null,null,null,null,null,null,null,null,null,null,null,null,null,null,null,null,null,null,null,null,null,null,null,null,"MAGNOLIA",6,1,2,2,11,null,null,null,null,null,null,null,null,"MALVERN",0,0,0,0,0,6,0,6]
[null,null,null,null,null,null,null,null,null,null,null,null,null,null,null,null,null,null,null,null,null,null,null,null,null,null,null,null,null,null,null,null,null,null,null,null,null,null,null,null,null,null,null,null,null,null,null,null,null,null,null,null,null,null,null,null,null,null,null,null,null,null,null,null,null,"LEESVILLE",3,0,1,1,5,null,null,null,null,null,null,null,null,"ROSE TOWNSHIP",1,3,2,10,0,0,3,13]
[null,null,null,null,null,null,null,null,null,null,null,null,null,null,null,null,null,null,null,null,null,null,null,null,null,null,null,null,null,null,null,null,null,null,null,null,null,null,null,null,null,null,null,null,null,null,null,null,null,null,null,null,null,null,null,null,null,null,null,null,null,null,null,null,null,"MINERVA",56,65,60,2,183,null,null,null,null,null,null,null,null,"CARROLL COUNTY",0,0,0,0,0,0,0,0]
[null,null,null,null,null,null,null,null,null,null,null,null,null,null,null,null,null,null,null,null,null,null,null,null,null,null,null,null,null,null,null,null,null,null,null,null,null,null,null,null,null,null,null,null,null,null,null,null,null,null,null,null,null,null,null,null,null,null,null,null,null,null,null,null,null,"DELLROY",6,9,3,0,18,null,null,null,null,null,null,null,null,"MAGNOLIA",0,0,0,0,2,0,2,0]
[null,null,null,null,null,null,null,null,null,null,null,null,null,null,null,null,null,null,null,null,null,null,null,null,null,null,null,null,null,null,null,null,null,null,null,null,null,null,null,null,null,null,null,null,null,null,null,null,null,null,null,null,null,null,null,null,null,null,null,null,null,null,null,null,null,"PARIS TOWNSHIP",2,0,0,0,2,null,null,null,null,null,null,null,null,"LEESVILLE",0,0,0,0,0,0,0,0]
[null,null,null,null,null,null,null,null,null,null,null,null,null,null,null,null,null,null,null,null,null,null,null,null,null,null,"EPDO Rate is weighted injury severity crashes divided by the total number of crashes.",null,null,null,null,null,null,null,null,null,null,null,null,null,null,null,null,null,null,null,null,null,null,null,null,null,null,null,null,null,null,null,null,null,null,null,null,null,null,"CADIZ",1,0,0,0,1,null,null,null,null,null,null,null,null,"MINERVA",0,0,0,0,0,4,0,4]
[null,null,null,null,null,null,null,null,null,null,null,null,null,null,null,null,null,null,null,null,null,null,null,null,null,null,null,null,null,null,null,null,null,null,null,null,null,null,null,null,null,null,null,null,null,null,null,null,null,null,null,null,null,null,null,null,null,null,null,null,null,null,null,null,null,"EAST LIVERPOOL",1,0,0,0,1,null,null,null,null,null,null,null,null,"DELLROY",0,0,0,0,0,0,0,0]
[null,null,null,null,null,null,null,null,null,null,null,null,null,null,null,"FSI Rate is the proportion of fatal and serious injury crashes to total crashes.",null,null,null,null,null,null,null,null,null,null,null,null,null,null,null,null,null,null,null,null,null,null,null,null,null,null,null,null,null,null,null,null,null,null,null,null,null,null,null,null,null,null,null,null,null,null,null,null,null,"SALEM",1,0,0,0,1,null,null,null,null,null,null,null,null,"CADIZ",0,0,0,0,0,0,0,0]
[null,null,null,null,null,null,null,null,null,null,null,null,null,null,null,null,null,null,null,null,null,null,null,null,null,null,null,null,null,null,null,null,null,null,null,null,null,null,null,null,null,null,null,null,null,null,null,null,null,null,null,null,null,null,null,null,null,null,null,null,null,null,null,null,null,"Grand Total",1813,688,437,374,3312,null,null,null,null,null,null,null,null,"EAST LIVERPOOL",0,0,0,0,0,0,0,0]
[null,null,null,null,null,null,null,null,null,null,null,null,null,null,null,null,null,null,null,null,null,null,null,null,null,null,null,null,null,null,null,null,null,null,null,null,null,null,null,null,null,null,null,null,null,null,null,null,null,null,null,null,null,null,null,null,null,null,null,null,null,null,null,null,null,null,null,null,null,null,null,null,null,null,null,null,null,null,null,"SALEM",0,0,0,0,0,0,0,0]
[null,null,null,null,null,null,null,null,null,null,null,null,null,null,null,{"$f":"\"Areawide Crash Types, \"&'Emphasis Area Template'!$AK$248&\"-\"&'Emphasis Area Template'!$AL$248","v":"Areawide Crash Types, 0-0"},null,null,null,null,null,null,null,null,null,null,{"$f":"\"EDPO for Crash Types, \"&'Emphasis Area Template'!$AK$248&\"-\"&'Emphasis Area Template'!$AL$248","v":"EDPO for Crash Types, 0-0"},null,null,null,null,null,null,null,null,null,null,null,null,{"$f":"\"Crash Types for Severe Crashes by Maintaining Authority, \"&'Emphasis Area Template'!$AK$248&\"-\"&'Emphasis Area Template'!$AL$248","v":"Crash Types for Severe Crashes by Maintaining Authority, 0-0"},null,null,null,null,null,null,null,null,null,null,null,null,{"$f":"\"Fixed Object Related Fatal and Serious Injury Crashes by Object Struck, \"&'Emphasis Area Template'!$AK$248&\"-\"&'Emphasis Area Template'!$AL$248","v":"Fixed Object Related Fatal and Serious Injury Crashes by Object Struck, 0-0"},null,null,null,null,null,null,null,null,null,null,null,null,null,null,null,null,null,null,null,null,null,null,null,null,null,null,"Grand Total",4,43,28,88,3,29,35,160]
[null,null,null,null,null,null,null,null,null,null,null,null,null,null,null,"Crash Type","Total Crashes","FSI RATE ",null,null,null,null,null,null,null,null,"Crash Type","FATAL","SERIOUS INJURY","MINOR INJURY CRASHES","POSSIBLE INJURY CRASHES","PROPERTY DAMAGE ONLY CRASHES","TOTAL CRASHES","EPDO",null,null,null,null,null,"Severity","(Multiple Items)"]
[null,null,null,null,null,null,null,null,null,null,null,null,null,null,null,"Other Non-Vehicle",1,0,null,null,null,null,null,null,null,null,{"$f":"CUBEMEMBER(\"ThisWorkbookDataModel\",\"[Range 30].[Crash Type].&[Backing]\")","v":"Backing"},{"$f":"IFERROR(GETPIVOTDATA(\"Document Number\",$Z$90,\"Severity\",\"Fatal\",\"Crash Type\",AA43),\"0\")","v":0},{"$f":"IFERROR(GETPIVOTDATA(\"Document Number\",$Z$90,\"Severity\",\"Serious Injury Suspected\",\"Crash Type\",AA43),\"0\")","v":1},{"$f":"IFERROR(GETPIVOTDATA(\"Document Number\",$Z$90,\"Severity\",\"Minor Injury Suspected\",\"Crash Type\",AA43),\"0\")","v":1},{"$f":"IFERROR(GETPIVOTDATA(\"Document Number\",$Z$90,\"Severity\",\"Injury Possible\",\"Crash Type\",AA43),\"0\")","v":7},{"$f":"IFERROR(GETPIVOTDATA(\"Document Number\",$Z$90,\"Severity\",\"PDO/No Injury\",\"Crash Type\",AA43),\"0\")","v":198},{"$f":"IFERROR(GETPIVOTDATA(\"Document Number\",$Z$90,\"Crash Type\",AA43),\"0\")","v":207},{"$f":"IFERROR(((41.18*(AB43+AC43))+(6.55*AD43)+(4.44*AE43)+AF43)/AG43,\"0\")","v":1.3372463768115943},null,null,null,null,null,"Crash type for Severe crashes by Maintaining Authority",null,null,null,null,null,null,null,null,null,null,null,null,"Count of Document Number","Column Labels"]
[null,null,null,null,null,null,null,null,null,null,null,null,null,null,null,"Train",1,0,null,null,null,null,null,null,null,null,{"$f":"CUBEMEMBER(\"ThisWorkbookDataModel\",\"[Range 30].[Crash Type].&[Unknown]\")","v":"Unknown"},{"$f":"IFERROR(GETPIVOTDATA(\"Document Number\",$Z$90,\"Severity\",\"Fatal\",\"Crash Type\",AA44),\"0\")","v":0},{"$f":"IFERROR(GETPIVOTDATA(\"Document Number\",$Z$90,\"Severity\",\"Serious Injury Suspected\",\"Crash Type\",AA44),\"0\")","v":0},1,1,13,{"$f":"IFERROR(GETPIVOTDATA(\"Document Number\",$Z$90,\"Crash Type\",AA44),\"0\")","v":15},{"$f":"IFERROR(((41.18*(AB44+AC44))+(6.55*AD44)+(4.44*AE44)+AF44)/AG44,\"0\")","v":1.5993333333333335},null,null,null,null,null,"Total Crashes","Maintenance Authority",null,null,null,null,null,null,null,null,null,null,null,"OBJECT STRUCK","Serious Injury","Fatal","Grand Total"]
[null,null,null,"Crashes by Severity and Maintaining Authority",null,null,null,null,null,null,null,null,null,null,null,"Unknown",15,0,null,null,null,null,null,null,null,null,{"$f":"CUBEMEMBER(\"ThisWorkbookDataModel\",\"[Range 30].[Crash Type].&[Right Turn]\")","v":"Right Turn"},{"$f":"IFERROR(GETPIVOTDATA(\"Document Number\",$Z$90,\"Severity\",\"Fatal\",\"Crash Type\",AA45),\"0\")","v":0},{"$f":"IFERROR(GETPIVOTDATA(\"Document Number\",$Z$90,\"Severity\",\"Serious Injury Suspected\",\"Crash Type\",AA45),\"0\")","v":0},8,8,68,{"$f":"IFERROR(GETPIVOTDATA(\"Document Number\",$Z$90,\"Crash Type\",AA45),\"0\")","v":84},1.8561904761904764,null,null,null,null,null,"Crash type ","State Highway Agency","County Highway Agency","City or Village Highway Agency","Township Highway Agency","Grand Total",null,null,null,null,null,null,null,"Other / Unknown",1,0,1]
[null,null,null,"Total Crashes","Severity",null,null,null,null,null,null,null,null,null,null,"Right Turn",84,0,null,null,null,null,null,null,null,null,"ALL CRASHES",{"$f":"IFERROR(GETPIVOTDATA(\"Document Number\",$Z$90,\"Severity\",\"Fatal\"),0)","v":36},{"$f":"IFERROR(GETPIVOTDATA(\"Document Number\",$Z$90,\"Severity\",\"Serious Injury Suspected\"),0)","v":173},"0","0","0",{"$f":"GETPIVOTDATA(\"Document Number\",$Z$90)","v":4610},1.866945770065076,null,null,null,null,null,"Angle",14,4,5,0,23,null,null,null,null,null,null,null,"Guardrail End",2,0,2]
[null,null,null,"Maintenance Authority","Fatal","Serious Injury ","Minor Injury","Possible Injury ","PDO/No Injury","Grand Total",null,null,null,null,null,"Backing",207,4.830917874396135E-3,null,null,null,null,null,null,null,null,{"$f":"CUBEMEMBER(\"ThisWorkbookDataModel\",\"[Range 30].[Crash Type].&[Animal]\")","v":"Animal"},{"$f":"IFERROR(GETPIVOTDATA(\"Document Number\",$Z$90,\"Severity\",\"Fatal\",\"Crash Type\",AA47),\"0\")","v":1},{"$f":"IFERROR(GETPIVOTDATA(\"Document Number\",$Z$90,\"Severity\",\"Serious Injury Suspected\",\"Crash Type\",AA47),\"0\")","v":8},18,12,335,{"$f":"IFERROR(GETPIVOTDATA(\"Document Number\",$Z$90,\"Crash Type\",AA47),\"0\")","v":374},2.3443850267379678,null,null,null,null,null,"Animal",5,4,0,0,9,null,null,null,null,null,null,null,"Other Post, Pole Or Support",1,1,2]
[null,null,null,"Township Highway Agency",1,13,35,34,292,375,null,null,null,null,null,"Rear End",688,1.4534883720930232E-2,null,null,null,null,null,null,null,null,{"$f":"CUBEMEMBER(\"ThisWorkbookDataModel\",\"[Range 30].[Crash Type].&[Other Object]\")","v":"Other Object"},0,1,0,3,32,36,2.4027777777777777,null,null,null,null,null,"Backing",0,0,1,0,1,null,null,null,null,null,null,null,"Wall",3,0,3]
[null,null,null,"County Highway Agency",4,43,111,121,678,957,null,null,null,null,null,"Animal",374,2.4064171122994651E-2,null,null,null,null,null,null,null,null,{"$f":"CUBEMEMBER(\"ThisWorkbookDataModel\",\"[Range 30].[Crash Type].&[Rear End]\")","v":"Rear End"},0,10,73,124,481,688,2.7928924418604653,null,null,null,null,null,"Fixed Object",48,22,6,10,86,null,null,null,null,null,null,null,"Other Fixed Object",1,2,3]
[null,null,null,"City or Village Highway Agency",3,29,91,134,943,1200,null,null,null,null,null,"Other Object",36,2.7777777777777776E-2,null,null,null,null,null,null,null,null,{"$f":"CUBEMEMBER(\"ThisWorkbookDataModel\",\"[Range 30].[Crash Type].&[Sideswipe - Passing]\")","v":"Sideswipe - Passing"},1,6,12,11,148,178,3.1668539325842699,null,null,null,null,null,"Head On",12,7,4,0,23,null,null,null,null,null,null,null,"Culvert",3,1,4]
[null,null,null,"State Highway Agency",28,88,264,278,1420,2078,null,null,null,null,null,"Left Turn",248,3.6290322580645164E-2,null,null,null,null,null,null,null,null,{"$f":"CUBEMEMBER(\"ThisWorkbookDataModel\",\"[Range 30].[Crash Type].&[Left Turn]\")","v":"Left Turn"},0,9,21,19,199,248,3.1916532258064514,null,null,null,null,null,"Left Turn",7,1,1,0,9,null,null,null,null,null,null,null,"Fence",5,0,5]
[null,null,null,"Grand Total",36,173,501,567,3333,4610,null,null,null,null,null,"Sideswipe - Passing",178,3.9325842696629212E-2,null,null,null,null,null,null,null,null,{"$f":"CUBEMEMBER(\"ThisWorkbookDataModel\",\"[Range 30].[Crash Type].&[Parked Vehicle]\")","v":"Parked Vehicle"},0,4,4,8,73,89,3.364494382022472,null,null,null,null,null,"Other Non-Collision",2,1,0,0,3,null,null,null,null,null,null,null,"Utility Pole",6,3,9]
[null,null,null,null,null,null,null,null,null,null,null,null,null,null,null,"Other Non-Collision",71,4.2253521126760563E-2,null,null,null,null,null,null,null,null,{"$f":"CUBEMEMBER(\"ThisWorkbookDataModel\",\"[Range 30].[Crash Type].&[Other Non-Collision]\")","v":"Other Non-Collision"},0,3,6,6,56,71,3.4574647887323939,null,null,null,null,null,"Other Object",0,1,0,0,1,null,null,null,null,null,null,null,"Guardrail Face",9,1,10]
[null,null,null,null,null,null,null,null,null,null,null,null,null,null,null,"Parked Vehicle",89,4.49438202247191E-2,null,null,null,null,null,null,null,null,{"$f":"CUBEMEMBER(\"ThisWorkbookDataModel\",\"[Range 30].[Crash Type].&[Fixed Object]\")","v":"Fixed Object"},15,71,215,250,1262,1813,4.0384611141753997,null,null,null,null,null,"Overturning",14,5,2,3,24,null,null,null,null,null,null,null,"Ditch",12,3,15]
[null,null,null,null,null,null,null,null,null,null,null,null,null,null,null,"Fixed Object",1813,4.7435190292333153E-2,null,null,null,null,null,null,null,null,{"$f":"CUBEMEMBER(\"ThisWorkbookDataModel\",\"[Range 30].[Crash Type].&[Angle]\")","v":"Angle"},5,18,53,64,297,437,4.2916475972540047,null,null,null,null,null,"Parked Vehicle",0,1,2,1,4,null,null,null,null,null,null,null,"Embankment",19,6,25]
[null,null,null,null,null,null,null,null,null,null,null,null,null,null,null,"Angle",437,5.2631578947368418E-2,null,null,null,null,null,null,null,null,{"$f":"CUBEMEMBER(\"ThisWorkbookDataModel\",\"[Range 30].[Crash Type].&[Sideswipe - Meeting]\")","v":"Sideswipe - Meeting"},2,0,2,2,12,18,6.4633333333333329,null,null,null,null,null,"Pedalcycles",1,0,0,0,1,null,null,null,null,null,null,null,"Tree",28,5,33]
[null,null,null,null,null,null,null,null,null,null,null,null,null,null,null,"Sideswipe - Meeting",18,0.1111111111111111,null,null,null,null,null,null,null,null,{"$f":"CUBEMEMBER(\"ThisWorkbookDataModel\",\"[Range 30].[Crash Type].&[Overturning]\")","v":"Overturning"},4,20,58,30,87,199,7.9820100502512554,null,null,null,null,null,"Pedestrian",1,0,5,0,6,null,null,null,null,null,null,null,"Grand Total",90,22,112]
[null,null,null,null,null,null,null,null,null,null,null,null,null,null,null,"Overturning",199,0.12060301507537688,null,null,null,null,null,null,null,null,{"$f":"CUBEMEMBER(\"ThisWorkbookDataModel\",\"[Range 30].[Crash Type].&[Head On]\")","v":"Head On"},7,16,21,17,68,129,9.5206976744186047,null,null,null,null,null,"Rear End",5,0,5,0,10]
[null,null,null,null,null,null,null,null,null,null,null,null,null,null,null,"Head On",129,0.17829457364341086,null,null,null,null,null,null,null,null,{"$f":"CUBEMEMBER(\"ThisWorkbookDataModel\",\"[Range 30].[Crash Type].&[Pedalcycles]\")","v":"Pedalcycles"},0,1,1,2,1,5,11.522,null,null,null,null,null,"Sideswipe - Meeting",2,0,0,0,2]
[null,null,null,null,null,null,null,null,null,null,null,null,null,null,null,"Pedalcycles",5,0.2,null,null,null,null,null,null,null,null,{"$f":"CUBEMEMBER(\"ThisWorkbookDataModel\",\"[Range 30].[Crash Type].&[Pedestrian]\")","v":"Pedestrian"},1,5,6,3,2,17,17.747058823529411,null,null,null,null,null,"Sideswipe - Passing",5,1,1,0,7]
[null,null,null,null,null,null,null,null,null,null,null,null,null,null,null,"Pedestrian",17,0.35294117647058826,null,null,null,null,null,null,null,null,null,null,null,null,null,null,null,null,null,null,null,null,null,"Grand Total",116,47,32,14,209]
[null,null,null,null,null,null,null,null,null,null,null,null,null,null,null,"TOTAL",4610,4.5336225596529285E-2]
[]
[]
[]
[]
[]
[]
[]
[]
[]
[]
[]
[]
[]
[]
[]
[]
[]
[]
[]
[]
[]
[]
[]
[]
[]
[null,null,null,null,null,null,null,null,null,null,null,null,null,null,"Pass through table",null,null,null,null,null,null,null,null,null,null,"Pivot table"]
[null,null,null,null,null,null,null,null,null,null,null,null,null,null,"Row Labels","FSI RATE",null,null,null,null,null,null,null,null,null,"EPDO fro crash type "]
[null,null,null,null,null,null,null,null,null,null,null,null,null,null,{"$f":"P43","v":"Other Non-Vehicle"},{"$f":"GETPIVOTDATA(\"FSI RATE \",$P$42,\"Crash Type\",P43)","v":0},null,null,null,null,null,null,null,null,null,"Count of Document Number","Severity"]
[null,null,null,null,null,null,null,null,null,null,null,null,null,null,"Train",0,null,null,null,null,null,null,null,null,null,"Crash Type","Fatal","Serious Injury Suspected","Minor Injury Suspected","Injury Possible","PDO/No Injury","Grand Total"]
[null,null,null,null,null,null,null,null,null,null,null,null,null,null,"Unknown",0,null,null,null,null,null,null,null,null,null,"Angle",5,18,53,64,297,437]
[null,null,null,null,null,null,null,null,null,null,null,null,null,null,"Right Turn",0,null,null,null,null,null,null,null,null,null,"Animal",1,8,18,12,335,374]
[null,null,null,null,null,null,null,null,null,null,null,null,null,null,"Backing",4.830917874396135E-3,null,null,null,null,null,null,null,null,null,"Backing",0,1,1,7,198,207]
[null,null,null,null,null,null,null,null,null,null,null,null,null,null,"Rear End",1.4534883720930232E-2,null,null,null,null,null,null,null,null,null,"Fixed Object",15,71,215,250,1262,1813]
[null,null,null,null,null,null,null,null,null,null,null,null,null,null,"Animal",2.4064171122994651E-2,null,null,null,null,null,null,null,null,null,"Head On",7,16,21,17,68,129]
[null,null,null,null,null,null,null,null,null,null,null,null,null,null,"Other Object",2.7777777777777776E-2,null,null,null,null,null,null,null,null,null,"Left Turn",0,9,21,19,199,248]
[null,null,null,null,null,null,null,null,null,null,null,null,null,null,"Left Turn",3.6290322580645164E-2,null,null,null,null,null,null,null,null,null,"Other Non-Collision",0,3,6,6,56,71]
[null,null,null,null,null,null,null,null,null,null,null,null,null,null,"Sideswipe - Passing",3.9325842696629212E-2,null,null,null,null,null,null,null,null,null,"Other Non-Vehicle",0,0,1,0,0,1]
[null,null,null,null,null,null,null,null,null,null,null,null,null,null,"Other Non-Collision",4.2253521126760563E-2,null,null,null,null,null,null,null,null,null,"Other Object",0,1,0,3,32,36]
[null,null,null,null,null,null,null,null,null,null,null,null,null,null,"Parked Vehicle",4.49438202247191E-2,null,null,null,null,null,null,null,null,null,"Overturning",4,20,58,30,87,199]
[null,null,null,null,null,null,null,null,null,null,null,null,null,null,"Fixed Object",4.7435190292333153E-2,null,null,null,null,null,null,null,null,null,"Parked Vehicle",0,4,4,8,73,89]
[null,null,null,null,null,null,null,null,null,null,null,null,null,null,"Angle",5.2631578947368418E-2,null,null,null,null,null,null,null,null,null,"Pedalcycles",0,1,1,2,1,5]
[null,null,null,null,null,null,null,null,null,null,null,null,null,null,"Sideswipe - Meeting",0.1111111111111111,null,null,null,null,null,null,null,null,null,"Pedestrian",1,5,6,3,2,17]
[null,null,null,null,null,null,null,null,null,null,null,null,null,null,"Overturning",0.12060301507537688,null,null,null,null,null,null,null,null,null,"Rear End",0,10,73,124,481,688]
[null,null,null,null,null,null,null,null,null,null,null,null,null,null,"Head On",0.17829457364341086,null,null,null,null,null,null,null,null,null,"Right Turn",0,0,8,8,68,84]
[null,null,null,null,null,null,null,null,null,null,null,null,null,null,null,null,null,null,null,null,null,null,null,null,null,"Sideswipe - Meeting",2,0,2,2,12,18]
[null,null,null,null,null,null,null,null,null,null,null,null,null,null,null,null,null,null,null,null,null,null,null,null,null,"Sideswipe - Passing",1,6,12,11,148,178]
[null,null,null,null,null,null,null,null,null,null,null,null,null,null,null,null,null,null,null,null,null,null,null,null,null,"Train",0,0,0,0,1,1]
[null,null,null,null,null,null,null,null,null,null,null,null,null,null,null,null,null,null,null,null,null,null,null,null,null,"Unknown",0,0,1,1,13,15]
[null,null,null,null,null,null,null,null,null,null,null,null,null,null,null,null,null,null,null,null,null,null,null,null,null,"Grand Total",36,173,501,567,3333,4610]

{"sheet":"Focus Crash Type","index":8,"n_rows":65,"n_cols":97,"rows_kept":65,"cut":false,"hidden":true,"merged":[[6,1,45,1],[7,90,7,93],[35,30,35,33],[35,45,35,48],[0,2,4,10],[6,13,32,13],[8,3,8,6],[35,3,35,6],[6,28,30,28],[6,43,30,43],[6,58,31,58],[6,73,39,73],[6,88,31,88]]}
[null,null,{"$f":"_xlfn.CONCAT(MID(CELL(\"filename\",A1),FIND(\"]\",CELL(\"filename\",A1))+1,255), \" Detail\")","v":"Focus Crash Type Detail"}]
[]
[]
[]
[]
[]
[null,{"$f":"_xlfn.CONCAT(MID(CELL(\"filename\",A1),FIND(\"]\",CELL(\"filename\",A1))+1,255), \" Detail - Crashes by Year and Severity\")","v":"Focus Crash Type Detail - Crashes by Year and Severity"},null,null,null,null,null,null,null,null,null,null,null,{"$f":"_xlfn.CONCAT(MID(CELL(\"filename\",A30),FIND(\"]\",CELL(\"filename\",A30))+1,255), \" Detail - Crashes by Maintenance Authority and Severity\")","v":"Focus Crash Type Detail - Crashes by Maintenance Authority and Severity"},null,null,null,null,null,null,null,null,null,null,null,null,null,null,{"$f":"_xlfn.CONCAT(MID(CELL(\"filename\",A103),FIND(\"]\",CELL(\"filename\",A103))+1,255), \" Detail - Crashes by Road Contour and Severity\")","v":"Focus Crash Type Detail - Crashes by Road Contour and Severity"},null,null,null,null,null,null,null,null,null,null,null,null,null,null,{"$f":"_xlfn.CONCAT(MID(CELL(\"filename\",A134),FIND(\"]\",CELL(\"filename\",A134))+1,255), \" Detail - Crashes by Posted Speed Limit and Severity\")","v":"Focus Crash Type Detail - Crashes by Posted Speed Limit and Severity"},null,null,null,null,null,null,null,null,null,null,null,null,null,null,{"$f":"_xlfn.CONCAT(MID(CELL(\"filename\",A237),FIND(\"]\",CELL(\"filename\",A237))+1,255), \" Detail - Crashes by Location and Severity\")","v":"Focus Crash Type Detail - Crashes by Location and Severity"},null,null,null,null,null,null,null,null,null,null,null,null,null,null,{"$f":"_xlfn.CONCAT(MID(CELL(\"filename\",A272),FIND(\"]\",CELL(\"filename\",A272))+1,255), \" Detail - Crashes by Time of Day and Severity\")","v":"Focus Crash Type Detail - Crashes by Time of Day and Severity"},null,null,null,null,null,null,null,null,null,null,null,null,null,null,{"$f":"_xlfn.CONCAT(MID(CELL(\"filename\",A309),FIND(\"]\",CELL(\"filename\",A309))+1,255), \" Detail - Crashes by Jurisdiction and Severity\")","v":"Focus Crash Type Detail - Crashes by Jurisdiction and Severity"}]
[null,null,null,null,null,null,null,null,null,null,null,null,null,null,null,null,null,null,null,null,null,null,null,null,null,null,null,null,null,null,null,null,null,null,null,null,null,null,null,null,null,null,null,null,null,null,null,null,null,null,null,null,null,null,null,null,null,null,null,null,null,null,null,null,null,null,null,null,null,null,null,null,null,null,null,null,null,null,null,null,null,null,null,null,null,null,null,null,null,null,"Crash by Severity and Jurisdiction"]
[null,null,null,"Crash by Severity",null,null,null,null,null,null,null,null,null,null,null,"Crash by Severity and Maintenance Authority",null,null,null,null,null,null,null,null,null,null,null,null,null,null,"Crash Type Breakdown by Road Contour (curve/grade)",null,null,null,null,null,null,null,null,null,null,null,null,null,null,"Crash Type Breakdown by Speed Limit",null,null,null,null,null,null,null,null,null,null,null,null,null,null,"Crash Type Breakdown by Crash Location (Intersection vs Segment)",null,null,null,null,null,null,null,null,null,null,null,null,null,{"$f":"\"Fatal and Serious Injury Injury Crashes Time of Day Chart, \"&'Emphasis Area Template'!$AK$248&\"-\"&'Emphasis Area Template'!$AL$248","v":"Fatal and Serious Injury Injury Crashes Time of Day Chart, 0-0"}]
[]
[]
[]
[]
[]
[]
[]
[]
[]
[]
[]
[]
[]
[]
[]
[]
[]
[]
[]
[]
[]
[]
[]
[]
[]
[]
[null,null,null,"Crash by Severity",null,null,null,null,null,null,null,null,null,null,null,"Crash by Severity and Maintenance Authority",null,null,null,null,null,null,null,null,null,null,null,null,null,null,"Crash Type Breakdown by Road Contour (curve/grade)",null,null,null,null,null,null,null,null,null,null,null,null,null,null,"Crash Type Breakdown by Speed Limit",null,null,null,null,null,null,null,null,null,null,null,null,null,null,"Crash Type Breakdown by Crash Location (Intersection vs Segment)",null,null,null,null,null,null,null,null,null,null,null,null,null,null,{"$f":"\"Fatal and Severe Injury Crashes Time of Day Chart, \"&'Emphasis Area Template'!$AK$248&\"-\"&'Emphasis Area Template'!$AL$248","v":"Fatal and Severe Injury Crashes Time of Day Chart, 0-0"},null,null,null,null,null,null,null,null,null,null,null,null,null,null,"Crash by Severity and Jurisdiction"]
[null,null,null,"Total Crashes","Severity",null,null,null,null,null,null,null,null,null,null,"Total Crashes","Severity",null,null,null,null,null,null,null,null,null,null,null,null,null,"Total Crashes","Severity",null,null,null,null,null,null,null,null,null,null,null,null,null,"Total Crashes","Severity",null,null,null,null,null,null,null,null,null,null,null,null,null,"Total Crashes","Severity",null,null,null,null,null,null,null,null,null,null,null,null,null,"Severity","(Multiple Items)",null,null,null,null,null,null,null,null,null,null,null,null,null,"Total Crashes","Severity"]
[null,null,null,"Year","Fatal","Serious Injury Suspected","Minor Injury Suspected","Injury Possible","PDO/No Injury","Grand Total",null,null,null,null,null,"Maintenance Authority","PDO/No Injury","Injury Possible","Minor Injury Suspected","Serious Injury Suspected","Fatal","Grand Total",null,null,null,null,null,null,null,null,"Road Contour","PDO/No Injury","Injury Possible","Minor Injury Suspected","Serious Injury Suspected","Fatal","Grand Total",null,null,null,null,null,null,null,null,"Speed Limit","PDO/No Injury","Injury Possible","Minor Injury Suspected","Serious Injury Suspected","Fatal","Grand Total",null,null,null,null,null,null,null,null,"Crash Location","PDO/No Injury","Injury Possible","Minor Injury Suspected","Serious Injury Suspected","Fatal","Grand Total",null,null,null,null,null,null,null,null,null,null,null,null,null,null,null,null,null,null,null,null,null,null,null,"Jurisdiction","PDO/No Injury","Injury Possible","Minor Injury Suspected","Serious Injury Suspected","Fatal","Grand Total"]
[null,null,null,2010,5,20,65,52,377,519,null,null,null,null,null,"County Highway Agency",678,121,111,43,4,957,null,null,null,null,null,null,null,null,"Curve Grade",787,149,154,65,15,1170,null,null,null,null,null,null,null,null,0,206,31,21,5,2,265,null,null,null,null,null,null,null,null,"Crossover",2,1,0,0,0,3,null,null,null,null,null,null,null,null,"Hour","Total Crashes","Time of Day","Total Crashes",null,null,null,null,null,null,null,null,null,null,null,"CENTER TOWNSHIP",255,57,32,15,2,361]
[null,null,null,2011,3,24,71,62,336,496,null,null,null,null,null,"State Highway Agency",1420,278,264,88,28,2078,null,null,null,null,null,null,null,null,"Curve Level",236,66,47,15,6,370,null,null,null,null,null,null,null,null,5,4,1,0,0,0,5,null,null,null,null,null,null,null,null,"Driveway/Alley Access",142,17,8,7,1,175,null,null,null,null,null,null,null,null,"Fixed Object",551,null,null,null,null,null,null,null,null,null,null,null,null,null,"UNION TOWNSHIP",144,15,19,12,1,191]
[null,null,null,2012,3,17,71,65,386,542,null,null,null,null,null,"City or Village Highway Agency",943,134,91,29,3,1200,null,null,null,null,null,null,null,null,"Other / Unknown",15,2,1,0,0,18,null,null,null,null,null,null,null,null,10,3,0,0,0,0,3,null,null,null,null,null,null,null,null,"Four-Way Intersection",348,80,45,11,4,488,null,null,null,null,null,null,null,null,"0 ",16,{"$f":"IFERROR(IF(BX41=0,\"12 am\",\"12 am\"),\"12 am\")","v":"12 am"},{"$f":"IFERROR(GETPIVOTDATA(\"Document Number\",$BX$39,\"Crash Type\",$BX$40,\"Hour\",0),\"0\")","v":16},null,null,null,null,null,null,null,null,null,null,null,"WASHINGTON TOWNSHIP",111,20,24,10,5,170]
[null,null,null,2013,3,17,67,52,398,537,null,null,null,null,null,"Township Highway Agency",292,34,35,13,1,375,null,null,null,null,null,null,null,null,"Straight Grade",1157,174,175,58,11,1575,null,null,null,null,null,null,null,null,15,17,1,0,0,0,18,null,null,null,null,null,null,null,null,"Not An Intersection",2284,361,397,131,27,3200,null,null,null,null,null,null,null,null,1,16,{"$f":"IFERROR(IF(BX42=0,\"1 am\",\"1 am\"),\"1 am\")","v":"1 am"},{"$f":"IFERROR(GETPIVOTDATA(\"Document Number\",$BX$39,\"Crash Type\",$BX$40,\"Hour\",1),\"0\")","v":16},null,null,null,null,null,null,null,null,null,null,null,"PERRY TOWNSHIP",116,12,16,6,0,150]
[null,null,null,2014,5,13,33,67,328,446,null,null,null,null,null,"Grand Total",3333,567,501,173,36,4610,null,null,null,null,null,null,null,null,"Straight Level",1138,176,124,35,4,1477,null,null,null,null,null,null,null,null,20,10,1,1,0,0,12,null,null,null,null,null,null,null,null,"Railroad Grade Crossing",7,1,1,0,0,9,null,null,null,null,null,null,null,null,2,24,{"$f":"IFERROR(IF(BX43=0,\"2 am\",\"2 am\"),\"2 am\")","v":"2 am"},{"$f":"IFERROR(GETPIVOTDATA(\"Document Number\",$BX$39,\"Crash Type\",$BX$40,\"Hour\",2),\"0\")","v":24},null,null,null,null,null,null,null,null,null,null,null,"LEE TOWNSHIP",125,28,38,9,1,201]
[null,null,null,2015,3,13,29,73,349,467,null,null,null,null,null,null,null,null,null,null,null,null,null,null,null,null,null,null,null,null,"Grand Total",3333,567,501,173,36,4610,null,null,null,null,null,null,null,null,25,428,43,26,7,2,506,null,null,null,null,null,null,null,null,"T-Intersection",452,94,42,21,4,613,null,null,null,null,null,null,null,null,3,16,{"$f":"IFERROR(IF(BX44=0,\"3 am\",\"3 am\"),\"3 am\")","v":"3 am"},{"$f":"IFERROR(GETPIVOTDATA(\"Document Number\",$BX$39,\"Crash Type\",$BX$40,\"Hour\",3),\"0\")","v":16},null,null,null,null,null,null,null,null,null,null,null,"FOX TOWNSHIP",100,11,13,3,0,127]
[null,null,null,2016,4,13,43,59,268,387,null,null,null,null,null,null,null,null,null,null,null,null,null,null,null,null,null,null,null,null,null,null,null,null,null,null,null,null,null,null,null,null,null,null,null,35,390,79,47,16,0,532,null,null,null,null,null,null,null,null,"Unknown",13,2,0,0,0,15,null,null,null,null,null,null,null,null,4,13,{"$f":"IFERROR(IF(BX45=0,\"4 am\",\"4 am\"),\"4 am\")","v":"4 am"},{"$f":"IFERROR(GETPIVOTDATA(\"Document Number\",$BX$39,\"Crash Type\",$BX$40,\"Hour\",4),\"0\")","v":13},null,null,null,null,null,null,null,null,null,null,null,"BROWN TOWNSHIP",444,95,73,20,9,641]
[null,null,null,2017,5,22,36,64,264,391,null,null,null,null,null,null,null,null,null,null,null,null,null,null,null,null,null,null,null,null,null,null,null,null,null,null,null,null,null,null,null,null,null,null,null,40,20,4,3,2,0,29,null,null,null,null,null,null,null,null,"Y-Intersection",70,11,7,3,0,91,null,null,null,null,null,null,null,null,5,16,{"$f":"IFERROR(IF(BX46=0,\"5 am\",\"5 am\"),\"5 am\")","v":"5 am"},{"$f":"IFERROR(GETPIVOTDATA(\"Document Number\",$BX$39,\"Crash Type\",$BX$40,\"Hour\",5),\"0\")","v":16},null,null,null,null,null,null,null,null,null,null,null,"LOUDON TOWNSHIP",106,10,21,4,1,142]
[null,null,null,2018,3,14,31,45,325,418,null,null,null,null,null,null,null,null,null,null,null,null,null,null,null,null,null,null,null,null,null,null,null,null,null,null,null,null,null,null,null,null,null,null,null,45,369,62,43,19,1,494,null,null,null,null,null,null,null,null,"Off Ramp",1,0,0,0,0,1,null,null,null,null,null,null,null,null,6,29,{"$f":"IFERROR(IF(BX47=0,\"6 am\",\"6 am\"),\"6 am\")","v":"6 am"},{"$f":"IFERROR(GETPIVOTDATA(\"Document Number\",$BX$39,\"Crash Type\",$BX$40,\"Hour\",6),\"0\")","v":29},null,null,null,null,null,null,null,null,null,null,null,"HARRISON TOWNSHIP",315,69,65,24,4,477]
[null,null,null,2019,2,20,55,28,302,407,null,null,null,null,null,null,null,null,null,null,null,null,null,null,null,null,null,null,null,null,null,null,null,null,null,null,null,null,null,null,null,null,null,null,null,50,52,15,11,5,1,84,null,null,null,null,null,null,null,null,"Traffic Circle/Roundabout",13,0,1,0,0,14,null,null,null,null,null,null,null,null,7,25,{"$f":"IFERROR(IF(BX48=0,\"7 am\",\"7 am\"),\"7 am\")","v":"7 am"},{"$f":"IFERROR(GETPIVOTDATA(\"Document Number\",$BX$39,\"Crash Type\",$BX$40,\"Hour\",7),\"0\")","v":25},null,null,null,null,null,null,null,null,null,null,null,"AUGUSTA TOWNSHIP",163,28,19,12,6,228]
[null,null,null,"Grand Total",36,173,501,567,3333,4610,null,null,null,null,null,null,null,null,null,null,null,null,null,null,null,null,null,null,null,null,null,null,null,null,null,null,null,null,null,null,null,null,null,null,null,55,1831,330,349,119,30,2659,null,null,null,null,null,null,null,null,"On Ramp",1,0,0,0,0,1,null,null,null,null,null,null,null,null,8,22,{"$f":"IFERROR(IF(BX49=0,\"8 am\",\"8 am\"),\"8 am\")","v":"8 am"},{"$f":"GETPIVOTDATA(\"Document Number\",$BX$39,\"Crash Type\",$BX$40,\"Hour\",8)","v":22},null,null,null,null,null,null,null,null,null,null,null,"MONROE TOWNSHIP",201,36,30,14,0,281]
[null,null,null,null,null,null,null,null,null,null,null,null,null,null,null,null,null,null,null,null,null,null,null,null,null,null,null,null,null,null,null,null,null,null,null,null,null,null,null,null,null,null,null,null,null,60,1,0,0,0,0,1,null,null,null,null,null,null,null,null,"Grand Total",3333,567,501,173,36,4610,null,null,null,null,null,null,null,null,9,17,{"$f":"IFERROR(IF(BX50=0,\"9 am\",\"9 am\"),\"9 am\")","v":"9 am"},{"$f":"GETPIVOTDATA(\"Document Number\",$BX$39,\"Crash Type\",$BX$40,\"Hour\",9)","v":17},null,null,null,null,null,null,null,null,null,null,null,"ORANGE TOWNSHIP",103,11,22,3,1,140]
[null,null,null,null,null,null,null,null,null,null,null,null,null,null,null,null,null,null,null,null,null,null,null,null,null,null,null,null,null,null,null,null,null,null,null,null,null,null,null,null,null,null,null,null,null,12,1,0,0,0,0,1,null,null,null,null,null,null,null,null,null,null,null,null,null,null,null,null,null,null,null,null,null,null,null,10,23,{"$f":"IFERROR(IF(BX51=0,\"10 am\",\"10 am\"),\"10 am\")","v":"10 am"},{"$f":"GETPIVOTDATA(\"Document Number\",$BX$39,\"Crash Type\",$BX$40,\"Hour\",10)","v":23},null,null,null,null,null,null,null,null,null,null,null,"SHERRODSVILLE",30,0,4,1,0,35]
[null,null,null,null,null,null,null,null,null,null,null,null,null,null,null,null,null,null,null,null,null,null,null,null,null,null,null,null,null,null,null,null,null,null,null,null,null,null,null,null,null,null,null,null,null,51,1,0,0,0,0,1,null,null,null,null,null,null,null,null,null,null,null,null,null,null,null,null,null,null,null,null,null,null,null,11,19,{"$f":"IFERROR(IF(BX52=0,\"11 am\",\"11 am\"),\"11 am\")","v":"11 am"},{"$f":"GETPIVOTDATA(\"Document Number\",$BX$39,\"Crash Type\",$BX$40,\"Hour\",11)","v":19},null,null,null,null,null,null,null,null,null,null,null,"EAST TOWNSHIP",56,11,10,1,0,78]
[null,null,null,null,null,null,null,null,null,null,null,null,null,null,null,null,null,null,null,null,null,null,null,null,null,null,null,null,null,null,null,null,null,null,null,null,null,null,null,null,null,null,null,null,null,"Grand Total",3333,567,501,173,36,4610,null,null,null,null,null,null,null,null,null,null,null,null,null,null,null,null,null,null,null,null,null,null,null,12,24,{"$f":"IFERROR(IF(BX53=0,\"12 pm\",\"12 pm\"),\"12 pm\")","v":"12 pm"},{"$f":"GETPIVOTDATA(\"Document Number\",$BX$39,\"Crash Type\",$BX$40,\"Hour\",12)","v":24},null,null,null,null,null,null,null,null,null,null,null,"CARROLLTON",423,64,42,15,1,545]
[null,null,null,null,null,null,null,null,null,null,null,null,null,null,null,null,null,null,null,null,null,null,null,null,null,null,null,null,null,null,null,null,null,null,null,null,null,null,null,null,null,null,null,null,null,null,null,null,null,null,null,null,null,null,null,null,null,null,null,null,null,null,null,null,null,null,null,null,null,null,null,null,null,null,null,13,24,{"$f":"IFERROR(IF(BX54=0,\"1 pm\",\"1 pm\"),\"1 pm\")","v":"1 pm"},{"$f":"GETPIVOTDATA(\"Document Number\",$BX$39,\"Crash Type\",$BX$40,\"Hour\",13)","v":24},null,null,null,null,null,null,null,null,null,null,null,"MALVERN",141,27,17,6,0,191]
[null,null,null,null,null,null,null,null,null,null,null,null,null,null,null,null,null,null,null,null,null,null,null,null,null,null,null,null,null,null,null,null,null,null,null,null,null,null,null,null,null,null,null,null,null,null,null,null,null,null,null,null,null,null,null,null,null,null,null,null,null,null,null,null,null,null,null,null,null,null,null,null,null,null,null,14,37,{"$f":"IFERROR(IF(BX55=0,\"2 pm\",\"2 pm\"),\"2 pm\")","v":"2 pm"},{"$f":"GETPIVOTDATA(\"Document Number\",$BX$39,\"Crash Type\",$BX$40,\"Hour\",14)","v":37},null,null,null,null,null,null,null,null,null,null,null,"ROSE TOWNSHIP",204,38,37,14,3,296]
[null,null,null,null,null,null,null,null,null,null,null,null,null,null,null,null,null,null,null,null,null,null,null,null,null,null,null,null,null,null,null,null,null,null,null,null,null,null,null,null,null,null,null,null,null,null,null,null,null,null,null,null,null,null,null,null,null,null,null,null,null,null,null,null,null,null,null,null,null,null,null,null,null,null,null,15,38,{"$f":"IFERROR(IF(BX56=0,\"3 pm\",\"3 pm\"),\"3 pm\")","v":"3 pm"},{"$f":"GETPIVOTDATA(\"Document Number\",$BX$39,\"Crash Type\",$BX$40,\"Hour\",15)","v":38},null,null,null,null,null,null,null,null,null,null,null,"CARROLL COUNTY",6,1,1,0,0,8]
[null,null,null,null,null,null,null,null,null,null,null,null,null,null,null,null,null,null,null,null,null,null,null,null,null,null,null,null,null,null,null,null,null,null,null,null,null,null,null,null,null,null,null,null,null,null,null,null,null,null,null,null,null,null,null,null,null,null,null,null,null,null,null,null,null,null,null,null,null,null,null,null,null,null,null,16,37,{"$f":"IFERROR(IF(BX57=0,\"4 pm\",\"4 pm\"),\"4 pm\")","v":"4 pm"},{"$f":"GETPIVOTDATA(\"Document Number\",$BX$39,\"Crash Type\",$BX$40,\"Hour\",16)","v":37},null,null,null,null,null,null,null,null,null,null,null,"MAGNOLIA",11,1,2,0,2,16]
[null,null,null,null,null,null,null,null,null,null,null,null,null,null,null,null,null,null,null,null,null,null,null,null,null,null,null,null,null,null,null,null,null,null,null,null,null,null,null,null,null,null,null,null,null,null,null,null,null,null,null,null,null,null,null,null,null,null,null,null,null,null,null,null,null,null,null,null,null,null,null,null,null,null,null,17,30,{"$f":"IFERROR(IF(BX58=0,\"5 pm\",\"5 pm\"),\"5 pm\")","v":"5 pm"},{"$f":"GETPIVOTDATA(\"Document Number\",$BX$39,\"Crash Type\",$BX$40,\"Hour\",17)","v":30},null,null,null,null,null,null,null,null,null,null,null,"LEESVILLE",6,2,1,0,0,9]
[null,null,null,null,null,null,null,null,null,null,null,null,null,null,null,null,null,null,null,null,null,null,null,null,null,null,null,null,null,null,null,null,null,null,null,null,null,null,null,null,null,null,null,null,null,null,null,null,null,null,null,null,null,null,null,null,null,null,null,null,null,null,null,null,null,null,null,null,null,null,null,null,null,null,null,18,19,{"$f":"IFERROR(IF(BX59=0,\"6 pm\",\"6 pm\"),\"6 pm\")","v":"6 pm"},{"$f":"GETPIVOTDATA(\"Document Number\",$BX$39,\"Crash Type\",$BX$40,\"Hour\",18)","v":19},null,null,null,null,null,null,null,null,null,null,null,"MINERVA",236,29,10,4,0,279]
[null,null,null,null,null,null,null,null,null,null,null,null,null,null,null,null,null,null,null,null,null,null,null,null,null,null,null,null,null,null,null,null,null,null,null,null,null,null,null,null,null,null,null,null,null,null,null,null,null,null,null,null,null,null,null,null,null,null,null,null,null,null,null,null,null,null,null,null,null,null,null,null,null,null,null,19,19,{"$f":"IFERROR(IF(BX60=0,\"7 pm\",\"7 pm\"),\"7 pm\")","v":"7 pm"},{"$f":"GETPIVOTDATA(\"Document Number\",$BX$39,\"Crash Type\",$BX$40,\"Hour\",19)","v":19},null,null,null,null,null,null,null,null,null,null,null,"DELLROY",34,2,3,0,0,39]
[null,null,null,null,null,null,null,null,null,null,null,null,null,null,null,null,null,null,null,null,null,null,null,null,null,null,null,null,null,null,null,null,null,null,null,null,null,null,null,null,null,null,null,null,null,null,null,null,null,null,null,null,null,null,null,null,null,null,null,null,null,null,null,null,null,null,null,null,null,null,null,null,null,null,null,20,25,{"$f":"IFERROR(IF(BX61=0,\"8 pm\",\"8 pm\"),\"8 pm\")","v":"8 pm"},{"$f":"GETPIVOTDATA(\"Document Number\",$BX$39,\"Crash Type\",$BX$40,\"Hour\",20)","v":25},null,null,null,null,null,null,null,null,null,null,null,"PARIS TOWNSHIP",1,0,1,0,0,2]
[null,null,null,null,null,null,null,null,null,null,null,null,null,null,null,null,null,null,null,null,null,null,null,null,null,null,null,null,null,null,null,null,null,null,null,null,null,null,null,null,null,null,null,null,null,null,null,null,null,null,null,null,null,null,null,null,null,null,null,null,null,null,null,null,null,null,null,null,null,null,null,null,null,null,null,21,21,{"$f":"IFERROR(IF(BX62=0,\"9 pm\",\"9 pm\"),\"9 pm\")","v":"9 pm"},{"$f":"GETPIVOTDATA(\"Document Number\",$BX$39,\"Crash Type\",$BX$40,\"Hour\",21)","v":21},null,null,null,null,null,null,null,null,null,null,null,"CADIZ",1,0,0,0,0,1]
[null,null,null,null,null,null,null,null,null,null,null,null,null,null,null,null,null,null,null,null,null,null,null,null,null,null,null,null,null,null,null,null,null,null,null,null,null,null,null,null,null,null,null,null,null,null,null,null,null,null,null,null,null,null,null,null,null,null,null,null,null,null,null,null,null,null,null,null,null,null,null,null,null,null,null,22,25,{"$f":"IFERROR(IF(BX63=0,\"10 pm\",\"10 pm\"),\"10 pm\")","v":"10 pm"},{"$f":"GETPIVOTDATA(\"Document Number\",$BX$39,\"Crash Type\",$BX$40,\"Hour\",22)","v":25},null,null,null,null,null,null,null,null,null,null,null,"EAST LIVERPOOL",0,0,1,0,0,1]
[null,null,null,null,null,null,null,null,null,null,null,null,null,null,null,null,null,null,null,null,null,null,null,null,null,null,null,null,null,null,null,null,null,null,null,null,null,null,null,null,null,null,null,null,null,null,null,null,null,null,null,null,null,null,null,null,null,null,null,null,null,null,null,null,null,null,null,null,null,null,null,null,null,null,null,23,16,{"$f":"IFERROR(IF(BX64=0,\"11 pm\",\"11 pm\"),\"11 pm\")","v":"11 pm"},{"$f":"GETPIVOTDATA(\"Document Number\",$BX$39,\"Crash Type\",$BX$40,\"Hour\",23)","v":16},null,null,null,null,null,null,null,null,null,null,null,"SALEM",1,0,0,0,0,1]
[null,null,null,null,null,null,null,null,null,null,null,null,null,null,null,null,null,null,null,null,null,null,null,null,null,null,null,null,null,null,null,null,null,null,null,null,null,null,null,null,null,null,null,null,null,null,null,null,null,null,null,null,null,null,null,null,null,null,null,null,null,null,null,null,null,null,null,null,null,null,null,null,null,null,null,"Grand Total",551,null,null,null,null,null,null,null,null,null,null,null,null,null,"Grand Total",3333,567,501,173,36,4610]

{"sheet":"Non-Motorized User","index":9,"n_rows":108,"n_cols":88,"rows_kept":108,"cut":false,"hidden":false,"merged":[[0,2,4,10],[7,13,62,13],[43,3,44,6],[57,15,57,17],[7,1,54,1],[43,15,43,18],[9,3,9,6],[9,81,9,85],[8,25,56,25],[9,41,9,45],[7,53,36,53],[9,55,9,59],[9,27,9,31],[7,39,36,39],[7,66,36,66],[9,68,9,72],[7,79,36,79]]}
[null,null,"Non-Motorized User"]
[]
[]
[]
[]
[]
[]
[null,"Fatality and  Injury Trends\nBy Non-Motorist Vehicle Type",null,null,null,null,null,null,null,null,null,null,null,"Non-Motorist Crash Trends\nBy Severity and Year",null,null,null,null,null,null,null,null,null,null,null,null,null,null,null,null,null,null,null,null,null,null,null,null,null,"Crash Trends\nBy Severity and Alcohol Involvement",null,null,null,null,null,null,null,null,null,null,null,null,null,"Crash Trends\nBy Severity and Speed Involvement",null,null,null,null,null,null,null,null,null,null,null,null,"Crash Trends\nBy Severity and Distracted Driver Related",null,null,null,null,null,null,null,null,null,null,null,null,"Crash Trends\nBy Severity and Intersection Related"]
[null,null,null,null,null,null,null,null,null,null,null,null,null,null,null,null,null,null,null,null,null,null,null,null,null,"Crash Trends\nBy Severity and Functional Class"]
[]
[]
[]
[]
[]
[]
[]
[]
[]
[]
[]
[]
[]
[]
[]
[]
[]
[]
[]
[]
[]
[]
[]
[]
[]
[]
[]
[]
[]
[]
[]
[null,null,null,null,null,null,null,null,null,null,null,null,null,null,null,null,null,null,null,null,null,null,null,null,null,null,null,"Non-motorized crashes by Severity and Functional Class",null,null,null,null,null,null,null,null,null,null,null,null,null,"Non-motorized crashes by Severity and Alcohol Involvement",null,null,null,null,null,null,null,null,null,null,null,null,null,"Non-motorized crashes by Severity and Speed Related",null,null,null,null,null,null,null,null,null,null,null,null,"Non-motorized crashes by Severity and Distracted Driver Related",null,null,null,null,null,null,null,null,null,null,null,null,"Non-motorized crashes by Severity and Intersection Related"]
[null,null,null,null,null,null,null,null,null,null,null,null,null,null,null,null,null,null,null,null,null,null,null,null,null,null,null,"EA_NonMotorist","Non-Motorist",null,null,null,null,null,null,null,null,null,null,null,null,"EA_NonMotorist","Non-Motorist",null,null,null,null,null,null,null,null,null,null,null,null,"EA_NonMotorist","Non-Motorist",null,null,null,null,null,null,null,null,null,null,null,"EA_NonMotorist","Non-Motorist",null,null,null,null,null,null,null,null,null,null,null,"EA_NonMotorist","Non-Motorist"]
[]
[null,null,null,"Crashes by Non-Motorist Vehicle Type",null,null,null,null,null,null,null,null,null,null,null,"Non-motorized crashes per year",null,null,null,null,null,null,null,null,null,null,null,"Total Crashes","Severity",null,null,null,null,null,null,null,null,null,null,null,null,"Total Crashes","Severity",null,null,null,null,null,null,null,null,null,null,null,null,"Total Crashes","Severity",null,null,null,null,null,null,null,null,null,null,null,"Total Crashes","Severity",null,null,null,null,null,null,null,null,null,null,null,"Total Crashes","Severity"]
[null,null,null,null,null,null,null,null,null,null,null,null,null,null,null,"YEAR","FATAL CRASHES","SERIOUS INJURY CRASHES","MINOR INJURY CRASHES",null,null,null,null,null,null,null,null,"Year","PDO/No Injury","Possible Injury ","Minor Injury","Serious Injury ","Fatal","Grand Total",null,null,null,null,null,null,null,"Alcohol Related","PDO/No Injury","Possible Injury ","Minor Injury","Serious Injury ","Fatal","Grand Total",null,null,null,null,null,null,null,"Speed Related","PDO/No Injury","Possible Injury ","Minor Injury","Serious Injury ","Fatal","Grand Total",null,null,null,null,null,null,"Distracted Driver Related","PDO/No Injury","Possible Injury ","Minor Injury","Serious Injury ","Fatal","Grand Total",null,null,null,null,null,null,"Intersection Related","PDO/No Injury","Possible Injury ","Minor Injury","Serious Injury ","Fatal","Grand Total"]
[null,null,null,"Total Crashes","Severity",null,null,null,null,null,null,null,null,null,null,{"$f":"P98","v":2010},{"$f":"IFERROR(GETPIVOTDATA(\"Document Number\",$P$96,\"Year\",P46,\"Severity\",\"Fatal\"),\"0\")","v":0},{"$f":"IFERROR(GETPIVOTDATA(\"Document Number\",$P$96,\"Year\",P46,\"Severity\",\"Serious Injury \"),\"0\")","v":1},{"$f":"IFERROR(GETPIVOTDATA(\"Document Number\",$P$96,\"Year\",P46,\"Severity\",\"Minor Injury\"),\"0\")","v":3},null,null,null,null,null,null,null,null,"Local Roads",0,1,1,1,0,3,null,null,null,null,null,null,null,"Alcohol Involved",0,0,0,1,0,1,null,null,null,null,null,null,null,"Speed Involved",0,0,0,1,0,1,null,null,null,null,null,null,"Distracted Driver Involved",0,0,2,1,0,3,null,null,null,null,null,null,"Intersection Related",2,4,4,0,1,11]
[null,null,null,"Non-Motorist User","PDO/No Injury","Possible Injury ","Minor Injury","Serious Injury ","Grand Total",null,null,null,null,null,null,{"$f":"P46+1","v":2011},{"$f":"IFERROR(GETPIVOTDATA(\"Document Number\",$P$96,\"Year\",P47,\"Severity\",\"Fatal\"),\"0\")","v":0},{"$f":"IFERROR(GETPIVOTDATA(\"Document Number\",$P$96,\"Year\",P47,\"Severity\",\"Serious Injury \"),\"0\")","v":1},{"$f":"IFERROR(GETPIVOTDATA(\"Document Number\",$P$96,\"Year\",P47,\"Severity\",\"Minor Injury\"),\"0\")","v":1},null,null,null,null,null,null,null,null,"Major Collector Roads",2,1,1,0,0,4,null,null,null,null,null,null,null,"Alcohol Not Involved",6,5,9,5,1,26,null,null,null,null,null,null,null,"Speed Not Involved",6,5,9,5,1,26,null,null,null,null,null,null,"Distracted Driver Not Involved",6,5,7,5,1,24,null,null,null,null,null,null,"Non-Intersection Related",4,1,5,6,0,16]
[null,null,null,"Animal with Rider or Animal Drawn Vehicle",1,0,1,0,2,null,null,null,null,null,null,2012,0,0,0,null,null,null,null,null,null,null,null,"Minor Arterial Roads",2,2,6,5,1,16,null,null,null,null,null,null,null,"Grand Total",6,5,9,6,1,27,null,null,null,null,null,null,null,"Grand Total",6,5,9,6,1,27,null,null,null,null,null,null,"Grand Total",6,5,9,6,1,27,null,null,null,null,null,null,"Grand Total",6,5,9,6,1,27]
[null,null,null,"Bicycle",1,2,1,0,4,null,null,null,null,null,null,2013,0,0,1,null,null,null,null,null,null,null,null,"Minor Collector Roads",0,1,1,0,0,2]
[null,null,null,"Pedestrian/Skater",0,1,3,1,5,null,null,null,null,null,null,2014,1,1,0,null,null,null,null,null,null,null,null,null,2,0,0,0,0,2]
[null,null,null,"Grand Total",2,3,5,1,11,null,null,null,null,null,null,2015,0,0,0,null,null,null,null,null,null,null,null,"Grand Total",6,5,9,6,1,27]
[null,null,null,null,null,null,null,null,null,null,null,null,null,null,null,2016,0,0,1]
[null,null,null,null,null,null,null,null,null,null,null,null,null,null,null,2017,0,0,2]
[null,null,null,null,null,null,null,null,null,null,null,null,null,null,null,2018,0,1,1]
[null,null,null,null,null,null,null,null,null,null,null,null,null,null,null,2019,0,2,0]
[null,null,null,null,null,null,null,null,null,null,null,null,null,null,null,"10-YEAR TOTAL",{"$f":"SUM(Q46:Q55)","v":1},{"$f":"SUM(R46:R55)","v":6},9]
[null,null,null,null,null,null,null,null,null,null,null,null,null,null,null,"ANNUAL AVERAGE",{"$f":"IFERROR(AVERAGE(Q46:Q55),\"N/A\")","v":0.1},{"$f":"IFERROR(AVERAGE(R46:R55),\"N/A\")","v":0.6},0.9]
[null,null,null,null,null,null,null,null,null,null,null,null,null,null,null,"       YEAR WITH THE HIGHEST VALUE FOR EACH RESPECTIVE COLUMN"]
[]
[]
[]
[]
[]
[]
[]
[]
[]
[]
[]
[]
[]
[]
[]
[]
[]
[]
[]
[]
[]
[]
[]
[]
[]
[]
[]
[]
[]
[]
[]
[]
[]
[]
[]
[null,null,null,null,null,null,null,null,null,null,null,null,null,null,null,"EA_NonMotorist","Non-Motorist"]
[]
[null,null,null,null,null,null,null,null,null,null,null,null,null,null,null,"Total Crashes","Severity"]
[null,null,null,null,null,null,null,null,null,null,null,null,null,null,null,"Year","Fatal","Serious Injury ","Minor Injury","Possible Injury ","PDO/No Injury","Grand Total"]
[null,null,null,null,null,null,null,null,null,null,null,null,null,null,null,2010,0,1,3,0,2,6]
[null,null,null,null,null,null,null,null,null,null,null,null,null,null,null,2011,0,1,1,0,0,2]
[null,null,null,null,null,null,null,null,null,null,null,null,null,null,null,2012,0,0,0,0,1,1]
[null,null,null,null,null,null,null,null,null,null,null,null,null,null,null,2013,0,0,1,0,3,4]
[null,null,null,null,null,null,null,null,null,null,null,null,null,null,null,2014,1,1,0,0,0,2]
[null,null,null,null,null,null,null,null,null,null,null,null,null,null,null,2015,0,0,0,2,0,2]
[null,null,null,null,null,null,null,null,null,null,null,null,null,null,null,2016,0,0,1,1,0,2]
[null,null,null,null,null,null,null,null,null,null,null,null,null,null,null,2017,0,0,2,1,0,3]
[null,null,null,null,null,null,null,null,null,null,null,null,null,null,null,2018,0,1,1,1,0,3]
[null,null,null,null,null,null,null,null,null,null,null,null,null,null,null,2019,0,2,0,0,0,2]
[null,null,null,null,null,null,null,null,null,null,null,null,null,null,null,"Grand Total",1,6,9,5,6,27]

{"sheet":"Emphasis Area Overview","index":10,"n_rows":122,"n_cols":60,"rows_kept":122,"cut":false,"hidden":false,"merged":[[43,33,43,41],[7,1,27,1],[7,10,27,10],[7,24,27,24],[1,2,5,9],[42,31,64,31],[45,3,45,6],[8,3,8,5],[41,10,64,10],[45,12,45,28],[41,1,65,1]]}
[]
[null,null,"Emphasis Area Overview"]
[]
[]
[]
[]
[]
[null,"Emphasis Area Overview\nFatal, Serious Injury and Possible Injury Crashes by SHSP EA",null,null,null,null,null,null,null,null,"Emphasis Area Overview\nFatal and Serious Injury Crashes by SHSP EA",null,null,null,null,null,null,null,null,null,null,null,null,null,"Emphasis Area Overview\nTotal Crashes by SHSP EA"]
[null,null,null,"Emphasis Area by Severity "]
[]
[]
[]
[]
[]
[]
[]
[]
[]
[]
[]
[]
[]
[]
[]
[]
[]
[]
[]
[]
[]
[]
[]
[]
[]
[]
[]
[]
[]
[]
[]
[]
[null,"Emphasis Area Overview\nContributing Factors",null,null,null,null,null,null,null,null,"Emphasis Area Overview\nContributing Factors by Crash Type"]
[null,null,null,null,null,null,null,null,null,null,null,null,null,null,null,null,null,null,null,null,null,null,null,null,null,null,null,null,null,null,null,"Emphasis Area Overview - Severe Crashes\nContributing Factors by Crash Type"]
[null,null,null,null,null,null,null,null,null,null,null,null,null,null,null,null,null,null,null,null,null,null,null,null,null,null,null,null,null,null,null,null,null,{"$f":"\"Contributing Factors by Crash Type, \"&'Emphasis Area Template'!$AJ$249","v":"Contributing Factors by Crash Type, 0-0"}]
[null,null,null,null,null,null,null,null,null,null,null,null,null,null,null,null,null,null,null,null,null,null,null,null,null,null,null,null,null,null,null,null,null,"Severity","(Multiple Items)"]
[null,null,null,{"$f":"\"Contributing Factors, \"&'Emphasis Area Template'!$AJ$249","v":"Contributing Factors, 0-0"},null,null,null,null,null,null,null,null,{"$f":"\"Contributing Factors by Crash Type, \"&'Emphasis Area Template'!$AJ$249","v":"Contributing Factors by Crash Type, 0-0"}]
[null,null,null,null,"STATEWIDE","COUTYWIDE - ALL ROADS","COUNTYWIDE - LOCAL ROADS",null,null,null,null,null,"","Roadway Departure Related","Young Driver Related","Intersection Related","Speed Involved","Senior Driver Related","Alcohol Involved","Rear End Related","Motorcycle Related","Drugs Involved","Pedestrian Related","Distracted Driver Related","Bicycle Related","Railroad Crossing Related","Work Zone Involved","Marijuana Involved","Unrestrained Occupants Involved",null,null,null,null,"","Roadway Departure Related","Young Driver Related","Intersection Related","Speed Involved","Senior Driver Related","Alcohol Involved","Rear End Related","Motorcycle Related","Drugs Involved","Pedestrian Related","Distracted Driver Related","Bicycle Related","Railroad Crossing Related","Work Zone Involved","Marijuana Involved","Unrestrained Occupants Involved"]
[null,null,null,"ROADWAY DEPARTURE",0.376,{"$f":"GETPIVOTDATA(\"Sum of EA_RoadwayDep\",$AQ$110)/GETPIVOTDATA(\"Sum of EA_Crashes\",$AQ$110)","v":0.50762281197063808},{"$f":"GETPIVOTDATA(\"Sum of EA_RoadwayDep\",$AP$110,\"Jurisdiction Type\",\"State\")/GETPIVOTDATA(\"Sum of EA_Crashes\",$AP$110,\"Jurisdiction Type\",\"State\")","v":0.537109375},null,null,null,null,null,"Angle",52,183,292,21,135,13,0,9,0,0,23,0,0,2,0,36,null,null,null,null,"Angle",9,10,13,4,9,2,0,1,0,0,1,0,0,0,0,8]
[null,null,null,"YOUNG DRIVER INVOLVEMENT (15-25)",0.36899999999999999,{"$f":"GETPIVOTDATA(\"Sum of EA_YoungDr\",$AQ$110)/GETPIVOTDATA(\"Sum of EA_Crashes\",$AQ$110)","v":0.33681535855448896},{"$f":"GETPIVOTDATA(\"Sum of EA_YoungDr\",$AP$110,\"Jurisdiction Type\",\"Local\")/GETPIVOTDATA(\"Sum of EA_Crashes\",$AP$110,\"Jurisdiction Type\",\"Local\")","v":0.36191425722831505},null,null,null,null,null,"Animal",17,71,38,12,27,4,0,21,0,0,4,0,0,1,0,8,null,null,null,null,"Animal",0,1,1,0,1,1,0,8,0,0,0,0,0,0,0,0]
[null,null,null,"INTERSECTION",0.36699999999999999,{"$f":"GETPIVOTDATA(\"Sum of EA_IntersectionRel\",$AQ$110)/GETPIVOTDATA(\"Sum of EA_Crashes\",$AQ$110)","v":0.29361942405420666},{"$f":"GETPIVOTDATA(\"Sum of EA_IntersectionRel\",$AP$110,\"Jurisdiction Type\",\"Local\")/GETPIVOTDATA(\"Sum of EA_Crashes\",$AP$110,\"Jurisdiction Type\",\"Local\")","v":0.32652043868394814},null,null,null,null,null,"Backing",24,45,69,3,57,4,0,0,0,0,15,0,2,3,1,9,null,null,null,null,"Backing",1,0,0,0,0,0,0,0,0,0,0,0,0,0,0,1]
[null,null,null,"SPEED RELATED INVOLVEMENT",0.24,{"$f":"GETPIVOTDATA(\"Sum of EA_SpeedRel\",$AQ$110)/GETPIVOTDATA(\"Sum of EA_Crashes\",$AQ$110)","v":0.10304912478825522},{"$f":"GETPIVOTDATA(\"Sum of EA_SpeedRel\",$AP$110,\"Jurisdiction Type\",\"Local\")/GETPIVOTDATA(\"Sum of EA_Crashes\",$AP$110,\"Jurisdiction Type\",\"Local\")","v":0.10269192422731804},null,null,null,null,null,"Fixed Object",1775,659,305,350,126,273,0,47,0,0,149,0,2,3,1,143,null,null,null,null,"Fixed Object",86,23,11,22,7,29,0,15,0,0,9,0,0,0,0,32]
[null,null,null,"RESTRAINTS NOT USED DRIVER/ OCCUPANTS",0.189,{"$f":"GETPIVOTDATA(\"Sum of EA_Restraints\",$AQ$110)/GETPIVOTDATA(\"Sum of EA_Crashes\",$AQ$110)","v":5.5053642010163752E-2},{"$f":"GETPIVOTDATA(\"Sum of EA_Restraints\",$AP$110,\"Jurisdiction Type\",\"Local\")/GETPIVOTDATA(\"Sum of EA_Crashes\",$AP$110,\"Jurisdiction Type\",\"Local\")","v":5.6829511465603187E-2},null,null,null,null,null,"Head On",59,47,35,9,25,7,0,5,0,0,8,0,0,0,0,16,null,null,null,null,"Head On",17,8,4,6,7,5,0,2,0,0,0,0,0,0,0,6]
[null,null,null,"OLDER DRIVER INVOLVEMENT (65+)",0.184,{"$f":"GETPIVOTDATA(\"Sum of EA_SeniorDr\",$AQ$110)/GETPIVOTDATA(\"Sum of EA_Crashes\",$AQ$110)","v":0.15386787125917561},{"$f":"GETPIVOTDATA(\"Sum of EA_SeniorDr\",$AP$110,\"Jurisdiction Type\",\"Local\")/GETPIVOTDATA(\"Sum of EA_Crashes\",$AP$110,\"Jurisdiction Type\",\"Local\")","v":0.16350947158524426},null,null,null,null,null,"Left Turn",83,99,88,11,59,17,0,3,0,0,24,0,0,3,0,18,null,null,null,null,"Left Turn",5,4,3,1,3,1,0,1,0,0,0,0,0,0,0,2]
[null,null,null,"ALCOHOL RELATED INVOLVEMENT",0.16500000000000001,{"$f":"GETPIVOTDATA(\"Sum of EA_AlcoholRel\",$AQ$110)/GETPIVOTDATA(\"Sum of EA_Crashes\",$AQ$110)","v":7.9616036137775265E-2},{"$f":"GETPIVOTDATA(\"Sum of EA_AlcoholRel\",$AP$110,\"Jurisdiction Type\",\"Local\")/GETPIVOTDATA(\"Sum of EA_Crashes\",$AP$110,\"Jurisdiction Type\",\"Local\")","v":9.1226321036889338E-2},null,null,null,null,null,"Other Non-Collision",54,21,14,5,2,3,0,6,0,0,1,0,0,0,0,1,null,null,null,null,"Other Non-Collision",2,1,1,0,1,1,0,2,0,0,0,0,0,0,0,0]
[null,null,null,"REAR END",0.124,{"$f":"GETPIVOTDATA(\"Sum of EA_RearEnd\",$AQ$110)/GETPIVOTDATA(\"Sum of EA_Crashes\",$AQ$110)","v":0.13862224731789949},{"$f":"GETPIVOTDATA(\"Sum of EA_RearEnd\",$AP$110,\"Jurisdiction Type\",\"Local\")/GETPIVOTDATA(\"Sum of EA_Crashes\",$AP$110,\"Jurisdiction Type\",\"Local\")","v":0.12911266201395813},null,null,null,null,null,"Other Object",12,9,10,5,2,1,0,1,0,0,0,0,2,3,0,2,null,null,null,null,"Other Object",1,0,0,1,0,1,0,0,0,0,0,0,0,0,0,1]
[null,null,null,"MOTORCYCLE DRIVER/PASSENGER",0.109,{"$f":"GETPIVOTDATA(\"Sum of EA_MotorcycleRel\",$AQ$110)/GETPIVOTDATA(\"Sum of EA_Crashes\",$AQ$110)","v":2.2303783173348392E-2},{"$f":"GETPIVOTDATA(\"Sum of EA_MotorcycleRel\",$AP$110,\"Jurisdiction Type\",\"Local\")/GETPIVOTDATA(\"Sum of EA_Crashes\",$AP$110,\"Jurisdiction Type\",\"Local\")","v":1.8444666001994018E-2},null,null,null,null,null,"Overturning",154,75,31,51,11,25,0,33,0,0,12,0,0,2,0,14,null,null,null,null,"Overturning",16,6,4,6,2,10,0,12,0,0,1,0,0,0,0,3]
[null,null,null,"DRUG RELATED INVOLVEMENT",8.1000000000000003E-2,{"$f":"GETPIVOTDATA(\"Sum of EA_DrugRel\",$AQ$110)/GETPIVOTDATA(\"Sum of EA_Crashes\",$AQ$110)","v":0},{"$f":"GETPIVOTDATA(\"Sum of EA_DrugRel\",$AP$110,\"Jurisdiction Type\",\"Local\")/GETPIVOTDATA(\"Sum of EA_Crashes\",$AP$110,\"Jurisdiction Type\",\"Local\")","v":0},null,null,null,null,null,"Parked Vehicle",88,21,15,13,9,11,0,2,0,0,6,0,0,1,0,7,null,null,null,null,"Parked Vehicle",3,2,0,0,0,0,0,0,0,0,0,0,0,0,0,3]
[null,null,null,"PEDESTRIAN INVOLVEMENT",6.6000000000000003E-2,{"$f":"GETPIVOTDATA(\"Sum of EA_PedestrianRel\",$AQ$110)/GETPIVOTDATA(\"Sum of EA_Crashes\",$AQ$110)","v":2.258610954263128E-3},{"$f":"GETPIVOTDATA(\"Sum of EA_PedestrianRel\",$AP$110,\"Jurisdiction Type\",\"Local\")/GETPIVOTDATA(\"Sum of EA_Crashes\",$AP$110,\"Jurisdiction Type\",\"Local\")","v":2.4925224327018943E-3},null,null,null,null,null,"Pedalcycles",0,3,3,0,1,0,0,0,0,0,0,4,0,0,0,0,null,null,null,null,"Pedalcycles",0,0,0,0,1,0,0,0,0,0,0,0,0,0,0,0]
[null,null,null,"DISTRACTED DRIVERS",6.4000000000000001E-2,{"$f":"GETPIVOTDATA(\"Sum of EA_DistractedDr\",$AQ$110)/GETPIVOTDATA(\"Sum of EA_Crashes\",$AQ$110)","v":7.7357425183512143E-2},{"$f":"GETPIVOTDATA(\"Sum of EA_DistractedDr\",$AP$110,\"Jurisdiction Type\",\"Local\")/GETPIVOTDATA(\"Sum of EA_Crashes\",$AP$110,\"Jurisdiction Type\",\"Local\")","v":8.7736789631106676E-2},null,null,null,null,null,"Pedestrian",2,2,6,1,2,1,0,0,0,17,3,0,0,0,0,0,null,null,null,null,"Pedestrian",1,0,1,1,1,1,0,0,0,6,1,0,0,0,0,0]
[null,null,null,"RAILROAD CROSSING",3.0000000000000001E-3,{"$f":"GETPIVOTDATA(\"Sum of EA_RailroadCross\",$AQ$110)/GETPIVOTDATA(\"Sum of EA_Crashes\",$AQ$110)","v":1.976284584980237E-3},{"$f":"GETPIVOTDATA(\"Sum of EA_RailroadCross\",$AP$110,\"Jurisdiction Type\",\"Local\")/GETPIVOTDATA(\"Sum of EA_Crashes\",$AP$110,\"Jurisdiction Type\",\"Local\")","v":1.9940179461615153E-3},null,null,null,null,null,"Rear End",14,321,315,37,172,15,688,11,0,0,92,0,2,20,0,32,null,null,null,null,"Rear End",1,3,3,3,4,1,10,2,0,0,0,0,0,0,0,3]
[null,null,null,"BICYCLE INVOLVEMENT",0.02,{"$f":"GETPIVOTDATA(\"Sum of EA_BicycleRel\",$AQ$110)/GETPIVOTDATA(\"Sum of EA_Crashes\",$AQ$110)","v":2.82326369282891E-4},{"$f":"GETPIVOTDATA(\"Sum of EA_BicycleRel\",$AP$110,\"Jurisdiction Type\",\"Local\")/GETPIVOTDATA(\"Sum of EA_Crashes\",$AP$110,\"Jurisdiction Type\",\"Local\")","v":4.9850448654037882E-4},null,null,null,null,null,"Right Turn",11,25,58,2,37,1,0,2,0,0,5,0,0,0,0,6,null,null,null,null,"Sideswipe - Meeting",2,0,0,0,0,1,0,1,0,0,0,0,0,0,0,0]
[null,null,null,"WORK ZONE INVOLVEMENT",0.03,{"$f":"GETPIVOTDATA(\"Sum of EA_WorkZone\",$AQ$110)/GETPIVOTDATA(\"Sum of EA_Crashes\",$AQ$110)","v":9.881422924901186E-3},{"$f":"GETPIVOTDATA(\"Sum of EA_WorkZone\",$AP$110,\"Jurisdiction Type\",\"Local\")/GETPIVOTDATA(\"Sum of EA_Crashes\",$AP$110,\"Jurisdiction Type\",\"Local\")","v":9.9700897308075773E-3},null,null,null,null,null,"Sideswipe - Meeting",11,4,3,0,2,1,0,2,0,0,0,0,0,0,0,1,null,null,null,null,"Sideswipe - Passing",5,1,3,1,2,1,0,3,0,0,0,0,0,0,0,2]
[null,null,null,"MARIJUANA INVOLVEMENT",0.03,{"$f":"GETPIVOTDATA(\"Sum of EA_MarijuanaRel\",$AQ$110)/GETPIVOTDATA(\"Sum of EA_Crashes\",$AQ$110)","v":2.82326369282891E-4},{"$f":"GETPIVOTDATA(\"Sum of EA_MarijuanaRel\",$AP$110,\"Jurisdiction Type\",\"Local\")/GETPIVOTDATA(\"Sum of EA_Crashes\",$AP$110,\"Jurisdiction Type\",\"Local\")","v":4.9850448654037882E-4},null,null,null,null,null,"Sideswipe - Passing",53,57,60,18,43,7,0,9,0,0,15,0,0,5,0,20,null,null,null,null,"Grand Total",149,59,44,45,38,54,10,47,0,6,12,0,0,0,0,61]
[null,null,null,"       ABOVE STATEWIDE AVERAGE","BELOW STATEWIDE AVERAGE",null,null,null,null,null,null,null,"Unknown",0,2,4,0,3,0,0,0,0,0,0,0,0,0,0,1]
[null,null,null,null,null,null,null,null,null,null,null,null,"Train",0,0,1,0,0,0,0,0,0,0,0,0,1,0,0,0]
[null,null,null,null,null,null,null,null,null,null,null,null,"Other Non-Vehicle",1,1,1,0,0,0,0,0,0,0,0,0,0,0,0,0]
[null,null,null,null,null,null,null,null,null,null,null,null,"Grand Total",2410,1645,1348,538,713,383,688,151,0,17,357,4,9,43,2,314]
[]
[]
[]
[]
[]
[]
[]
[]
[]
[]
[]
[]
[]
[]
[]
[]
[]
[]
[]
[]
[]
[]
[]
[]
[]
[]
[]
[]
[]
[]
[]
[]
[]
[]
[]
[]
[]
[null,null,"Column Labels",null,null,null,null,null,null,null,null,null,null,null,null,"Column Labels",null,null,null,null,null,null,null,null,null,"Values"]
[null,"Values","Fatal","Serious Injury Suspected","Minor Injury Suspected","Grand Total",null,null,null,null,null,null,null,null,"Values","Fatal","Serious Injury Suspected","Grand Total",null,null,null,null,null,null,null,"Roadway Departure Related",2410,null,null,null,null,null,null,null,null,null,null,null,null,null,null,"Severity","(Multiple Items)"]
[null,"Roadway Departure Related",28,121,296,445,null,null,null,null,null,null,null,null,"Roadway Departure Related",28,121,149,null,null,null,null,null,null,null,"Young Driver Related",1645]
[null,"Young Driver Related",9,50,218,277,null,null,null,null,null,null,null,null,"Unrestrained Occupants Involved",13,48,61,null,null,null,null,null,null,null,"Intersection Related",1348,null,null,null,null,null,null,null,null,null,null,null,null,null,null,"Row Labels","Sum of EA_RoadwayDep","Sum of EA_RearEnd","Sum of EA_PedestrianRel","Sum of EA_RailroadCross","Sum of EA_IntersectionRel","Sum of EA_AlcoholRel","Sum of EA_MarijuanaRel","Sum of EA_DrugRel","Sum of EA_MotorcycleRel","Sum of EA_SpeedRel","Sum of EA_SeniorDr","Sum of EA_YoungDr","Sum of EA_WorkZone","Sum of EA_DistractedDr","Sum of EA_BicycleRel","Sum of EA_Crashes","Sum of EA_Age","Sum of EA_Restraints"]
[null,"Speed Involved",6,39,111,156,null,null,null,null,null,null,null,null,"Alcohol Involved",11,43,54,null,null,null,null,null,null,null,"Senior Driver Related",713,null,null,null,null,null,null,null,null,null,null,null,null,null,null,"Local",973,259,5,4,655,183,1,0,37,206,328,726,20,176,1,2006,75002,114]
[null,"Intersection Related",7,37,107,151,null,null,null,null,null,null,null,null,"Young Driver Related",9,50,59,null,null,null,null,null,null,null,"Rear End Related",688,null,null,null,null,null,null,null,null,null,null,null,null,null,null,"State",825,232,3,3,385,99,0,0,42,159,217,467,15,98,0,1536,59848,81]
[null,"Unrestrained Occupants Involved",13,48,68,129,null,null,null,null,null,null,null,null,"Motorcycle Related",8,39,47,null,null,null,null,null,null,null,"Speed Involved",538,null,null,null,null,null,null,null,null,null,null,null,null,null,null,"Grand Total",1798,491,8,7,1040,282,1,0,79,365,545,1193,35,274,1,3542,134850,195]
[null,"Senior Driver Related",7,31,72,110,null,null,null,null,null,null,null,null,"Intersection Related",7,37,44,null,null,null,null,null,null,null,"Alcohol Involved",383]
[null,"Alcohol Involved",11,43,48,102,null,null,null,null,null,null,null,null,"Senior Driver Related",7,31,38,null,null,null,null,null,null,null,"Distracted Driver Related",357]
[null,"Motorcycle Related",8,39,55,102,null,null,null,null,null,null,null,null,"Speed Involved",6,39,45,null,null,null,null,null,null,null,"Unrestrained Occupants Invovled",314]
[null,"Rear End Related",0,10,73,83,null,null,null,null,null,null,null,null,"Distracted Driver Related",2,10,12,null,null,null,null,null,null,null,"Motorcycle Related",151]
[null,"Distracted Driver Related",2,10,37,49,null,null,null,null,null,null,null,null,"Pedestrian Related",1,5,6,null,null,null,null,null,null,null,"Work Zone Involved",43]
[null,"Pedestrian Related",1,5,6,12,null,null,null,null,null,null,null,null,"Rear End Related",0,10,10,null,null,null,null,null,null,null,"Pedestrian Related",17]
[null,"Work Zone Involved",0,0,4,4,null,null,null,null,null,null,null,null,"Marijuana Involved",0,0,0,null,null,null,null,null,null,null,"Railroad Crossing Related",9]
[null,"Bicycle Related",0,0,1,1,null,null,null,null,null,null,null,null,"Work Zone Involved",0,0,0,null,null,null,null,null,null,null,"Bicycle Related",4]
[null,"Marijuana Involved",0,0,1,1,null,null,null,null,null,null,null,null,"Bicycle Related",0,0,0,null,null,null,null,null,null,null,"Marijuana Involved",2]
[null,"Railroad Crossing Related",0,0,1,1,null,null,null,null,null,null,null,null,"Drugs Involved",0,0,0,null,null,null,null,null,null,null,"Drugs Involved",0]
[null,"Drugs Involved",0,0,0,0,null,null,null,null,null,null,null,null,"Railroad Crossing Related",0,0,0]

{"sheet":"Emphasis Area Template","index":11,"n_rows":289,"n_cols":126,"rows_kept":289,"cut":false,"hidden":true,"merged":[[6,91,23,91],[6,76,29,76],[7,77,7,87],[7,63,7,73],[6,61,29,61],[7,123,7,132],[6,121,32,121],[7,108,8,117],[7,93,7,102],[6,106,32,106],[32,61,55,61],[33,63,33,73],[0,2,4,15],[6,1,30,1],[7,48,7,57],[36,48,36,57],[6,16,41,16],[6,46,58,46],[6,31,40,31]]}
[null,null,{"$f":"_xlfn.CONCAT(MID(CELL(\"filename\",A1),FIND(\"]\",CELL(\"filename\",A1))+1,255),\" Breakdown\")","v":"Emphasis Area Template Breakdown"}]
[]
[]
[]
[]
[]
[null,"Emphasis Area Breakdown\nTotal Annual Crash Trends",null,null,null,null,null,null,null,null,null,null,null,null,null,null,"Emphasis Area Breakdown\nFatal and Serious Injury Crashes\n5-Year Rolling Average",null,null,null,null,null,null,null,null,null,null,null,null,null,null,"Emphasis Area Breakdown\nFatal and Serious Injury Crashes\nOverlaps",null,null,null,null,null,null,null,null,null,null,null,null,null,null,"Emphasis Area Breakdown\nFatal and Serious Injury Crashes\nYoung and Older Drivers, by Age and Gender",null,null,null,null,null,null,null,null,null,null,null,null,null,null,"Emphasis Area Breakdown\nFatal and Serious Injury Crashes\nRoadway Functional Class",null,null,null,null,null,null,null,null,null,null,null,null,null,null,"Emphasis Area Breakdown\nFatal and Injury Crashes\nTime of Day",null,null,null,null,null,null,null,null,null,null,null,null,null,null,"Emphasis Area Breakdown\nFatal and Injury Crashes\nDay of Week",null,null,null,null,null,null,null,null,null,null,null,null,null,null,"Emphasis Area Breakdown\nFatal and Injury Crashes\nby Month",null,null,null,null,null,null,null,null,null,null,null,null,null,null,"Emphasis Area Breakdown\nFatal and Injury Crashes\nby Type"]
[null,null,null,null,null,null,null,null,null,null,null,null,null,null,null,null,null,null,null,null,null,null,null,null,null,null,null,null,null,null,null,null,null,{"$f":"$AJ$248&\" Fatal and Serious Injury Crashes Overlaps, \"&$AJ$249","v":"Emphasis Area Template Fatal and Serious Injury Crashes Overlaps, 0-0"},null,null,null,null,null,null,null,null,null,null,null,null,null,null,{"$f":"\"Young Driver Related Fatal and Serious Injury Crashes Age/Gender, \"&$AJ$249","v":"Young Driver Related Fatal and Serious Injury Crashes Age/Gender, 0-0"},null,null,null,null,null,null,null,null,null,null,null,null,null,null,{"$f":"$AJ$248&\" Related Fatal and Injury Crashes Roadway Functional Class, \"&$AJ$249","v":"Emphasis Area Template Related Fatal and Injury Crashes Roadway Functional Class, 0-0"},null,null,null,null,null,null,null,null,null,null,null,null,null,{"$f":"$AJ$248&\" Related Fatal and Injury Crashes Time of Day, \"&$AJ$249","v":"Emphasis Area Template Related Fatal and Injury Crashes Time of Day, 0-0"},null,null,null,null,null,null,null,null,null,null,null,null,null,null,null,{"$f":"$AJ$248&\" Related Fatal and Injury Crashes Day of Week, \"&$AJ$249","v":"Emphasis Area Template Related Fatal and Injury Crashes Day of Week, 0-0"},null,null,null,null,null,null,null,null,null,null,null,null,null,null,{"$f":"$AJ$248&\" Related Fatal and Injury Crashes by Month, \"&$AJ$249","v":"Emphasis Area Template Related Fatal and Injury Crashes by Month, 0-0"},null,null,null,null,null,null,null,null,null,null,null,null,null,null,{"$f":"$AJ$248&\" Related Fatal and Injury Crashes by Type, \"&$AJ$249","v":"Emphasis Area Template Related Fatal and Injury Crashes by Type, 0-0"}]
[null,null,null,{"$f":"$AJ$248&\" Total Annual Crashes by Severity, \"&$AJ$249","v":"Emphasis Area Template Total Annual Crashes by Severity, 0-0"},null,null,null,null,null,null,null,null,null,null,null,null,null,null,{"$f":"$AJ$248&\" Related Fatal and Serious Injury Crashes 5-Year Rolling Average, \"&$AJ$249","v":"Emphasis Area Template Related Fatal and Serious Injury Crashes 5-Year Rolling Average, 0-0"}]
[]
[]
[]
[]
[]
[]
[]
[]
[]
[]
[]
[]
[]
[]
[]
[]
[]
[]
[]
[]
[]
[]
[]
[null,null,null,null,null,null,null,null,null,null,null,null,null,null,null,null,null,null,null,null,null,null,null,null,null,null,null,null,null,null,null,null,null,null,null,null,null,null,null,null,null,null,null,null,null,null,null,null,null,null,null,null,null,null,null,null,null,null,null,null,null,"Emphasis Area Breakdown\nFatal and Serious Injury Crashes\nJurisdiction"]
[null,null,null,null,null,null,null,null,null,null,null,null,null,null,null,null,null,null,null,null,null,null,null,null,null,null,null,null,null,null,null,null,null,null,null,null,null,null,null,null,null,null,null,null,null,null,null,null,null,null,null,null,null,null,null,null,null,null,null,null,null,null,null,{"$f":"$AJ$248&\" Related Fatal and Injury Crashes by Roadway Jurisdiction, \"&$AJ$249","v":"Emphasis Area Template Related Fatal and Injury Crashes by Roadway Jurisdiction, 0-0"}]
[]
[]
[null,null,null,null,null,null,null,null,null,null,null,null,null,null,null,null,null,null,null,null,null,null,null,null,null,null,null,null,null,null,null,null,null,null,null,null,null,null,null,null,null,null,null,null,null,null,null,null,{"$f":"\"Older Driver Related Fatal and Serious Injury Crashes Age/Gender, \"&$AJ$249","v":"Older Driver Related Fatal and Serious Injury Crashes Age/Gender, 0-0"}]
[]
[]
[]
[]
[]
[]
[]
[]
[]
[]
[]
[]
[]
[]
[]
[]
[]
[]
[]
[]
[]
[]
[]
[]
[]
[]
[]
[]
[]
[]
[]
[]
[]
[]
[]
[]
[]
[]
[]
[]
[]
[]
[]
[]
[]
[]
[]
[]
[]
[]
[]
[]
[]
[]
[]
[]
[]
[]
[]
[]
[]
[]
[]
[]
[]
[]
[]
[]
[]
[]
[]
[]
[]
[]
[]
[]
[]
[]
[]
[]
[]
[]
[]
[]
[]
[]
[]
[]
[]
[]
[]
[]
[]
[]
[]
[]
[]
[]
[]
[]
[]
[]
[]
[]
[]
[]
[]
[]
[]
[]
[]
[]
[]
[]
[]
[]
[]
[]
[]
[]
[]
[]
[]
[]
[]
[]
[]
[]
[]
[]
[]
[]
[]
[]
[]
[]
[]
[]
[]
[]
[]
[]
[]
[]
[]
[]
[]
[]
[]
[]
[]
[]
[]
[]
[]
[]
[]
[]
[]
[]
[]
[]
[]
[]
[]
[]
[]
[]
[]
[]
[]
[]
[]
[]
[]
[]
[]
[]
[]
[]
[]
[]
[]
[]
[]
[]
[]
[]
[]
[]
[]
[]
[]
[]
[]
[]
[]
[]
[]
[]
[]
[]
[]
[]
[]
[null,null,null,null,null,null,null,null,null,null,null,null,null,null,null,null,null,null,null,null,null,null,null,null,null,null,null,null,null,null,null,null,null,null,null,null,null,null,null,null,null,null,null,null,null,null,null,null,null,null,"Severity","(Multiple Items)",null,null,"Severity","(Multiple Items)",null,null,null,null,null,null,null,null,null,null,null,null,null,null,null,null,null,null,null,null,null,null,null,null,null,null,null,null,null,null,null,null,null,null,null,null,null,null,null,null,null,null,null,null,null,null,null,null,null,null,"Pivot Table",null,"Pass Through Table"]
[null,"Sum of EA_Crashes","Column Labels",null,null,null,null,null,null,null,null,null,null,null,null,null,null,null,"Pivot Table",null,null,null,null,null,null,null,null,null,null,null,null,null,null,null,null,null,null,null,null,null,null,null,null,null,null,null,null,null,null,null,"Pivot Table",null,null,null,"Pivot Table",null,null,null,null,null,null,null,"Pivot Table",null,null,null,null,"Pivot Table",null,null,null,null,null,null,null,null,null,null,"Pivot Table",null,"Pass Through Table",null,null,null,null,null,null,null,null,null,null,null,null,"Pivot Table",null,null,null,null,null,null,null,null,null,null,null,null,"YEAR","Sum of EA_Crashes","Month","EA Crashes","EA %",null,null,null,null,null,null,null,null,null,null,null,"Pivot Table"]
[null,"YEAR","PDO/No Injury","Injury Possible","Minor Injury Suspected","Serious Injury Suspected","Fatal","Grand Total",null,null,null,null,null,null,null,null,null,null,"YEAR","Sum of EA_Crashes",null,null,null,null,null,null,null,null,null,null,null,null,null,null,null,null,null,null,null,null,null,null,null,null,null,null,null,null,null,null,"","Sum of EA_Crashes",null,null,"","Sum of EA_Crashes",null,null,null,null,null,null,"","Sum of EA_Crashes2","Sum of EA_Crashes","Sum of EA_Crashes3",null,"","Sum of EA_Crashes",null,null,null,null,null,null,null,null,null,"Hour","Sum of EA_Crashes","TOD","EA_Sum",null,null,null,null,null,null,null,null,null,null,null,"YEAR","Sum of EA_Crashes","Sum of EA_Crashes2","Sum of EA_Crashes3",null,null,null,null,null,null,null,null,null,12,431,"December",{"$f":"GETPIVOTDATA(\"EA_Crashes\",$DC$244,\"Month\",12)","v":431},{"$f":"IFERROR(DF245/$DF$257,0)","v":9.3492407809110625E-2},null,null,null,null,null,null,null,null,null,null,null,"YEAR","Sum of EA_Crashes","Sum of EA_Crashes2","Sum of EA_Crashes3"]
[null,2010,377,52,65,20,5,519,null,null,null,null,null,null,null,null,null,null,"Fatal",36,null,null,null,null,null,null,null,null,null,null,null,"EA Cross-Reference Calculations (pasted as values when sheets are created)",null,null,null,null,null,null,null,null,null,null,null,null,null,null,null,null,null,null,16,2,null,null,65,7,null,null,null,null,null,null,"Township Minor Collector Roads",1,1,2.1691973969631235E-4,null,"City or Village Highway Agency",1200,null,null,null,null,null,null,null,null,null,0,120,{"$f":"IFERROR(IF(CA246=0,\"12 am\",\"12 am\"),\"12 am\")","v":"12 am"},{"$f":"IFERROR(GETPIVOTDATA(\"EA_Crashes\",$CA$245,\"Hour\",0),0)","v":120},null,null,null,null,null,null,null,null,null,null,null,"Saturday",692,692,0.15010845986984817,null,null,null,null,null,null,null,null,null,11,430,"November",{"$f":"GETPIVOTDATA(\"EA_Crashes\",$DC$244,\"Month\",11)","v":430},9.3275488069414311E-2,null,null,null,null,null,null,null,null,null,null,null,"Other Non-Vehicle",1,1,2.1691973969631235E-4]
[null,2011,336,62,71,24,3,496,null,null,null,null,null,null,null,null,null,null,2010,5,null,null,null,null,null,null,null,null,null,null,null,null,null,null,null,null,null,null,null,null,null,null,null,null,null,null,null,null,null,null,17,4,null,null,66,12,null,null,null,null,null,null,"State Minor Collector Roads",18,18,3.9045553145336228E-3,null,"County Highway Agency",957,null,null,null,null,null,null,null,null,null,1,73,{"$f":"IFERROR(IF(CA247=1,\"1 am\",\"1 am\"),\"1 am\")","v":"1 am"},{"$f":"IFERROR(GETPIVOTDATA(\"EA_Crashes\",$CA$245,\"Hour\",1),0)","v":73},null,null,null,null,null,null,null,null,null,null,null,"Friday",778,778,0.16876355748373101,null,null,null,null,null,null,null,null,null,10,430,"October",{"$f":"GETPIVOTDATA(\"EA_Crashes\",$DC$244,\"Month\",10)","v":430},9.3275488069414311E-2,null,null,null,null,null,null,null,null,null,null,null,"Train",1,1,2.1691973969631235E-4]
[null,2012,386,65,71,17,3,542,null,null,null,null,null,null,null,null,null,null,2011,3,null,null,null,null,null,null,null,null,null,null,null,null,{"$f":"MID(CELL(\"filename\",A6),FIND(\"]\",CELL(\"filename\",A6))+1,256)","v":"Emphasis Area Template"},null,null,{"$f":"AG248","v":"Emphasis Area Template"},{"$f":"W274","v":0},{"$f":"MAX('Full Crash Data'!B:B)","v":0},null,null,null,null,null,null,null,null,null,null,null,null,18,7,null,null,67,6,null,null,null,null,null,null,"City/Village Minor Collector Roads",23,23,4.9891540130151844E-3,null,"State Highway Agency",2078,null,null,null,null,null,null,null,null,null,2,75,{"$f":"IFERROR(IF(CA248=2,\"2 am\",\"2 am\"),\"2 am\")","v":"2 am"},{"$f":"IFERROR(GETPIVOTDATA(\"EA_Crashes\",$CA$245,\"Hour\",2),0)","v":75},null,null,null,null,null,null,null,null,null,null,null,"Thursday",686,686,0.14880694143167028,null,null,null,null,null,null,null,null,null,9,344,"September",{"$f":"GETPIVOTDATA(\"EA_Crashes\",$DC$244,\"Month\",9)","v":344},7.4620390455531455E-2,null,null,null,null,null,null,null,null,null,null,null,"Pedalcycles",5,5,1.0845986984815619E-3]
[null,2013,398,52,67,17,3,537,null,null,null,null,null,null,null,null,null,null,2012,3,null,null,null,null,null,null,null,null,null,null,null,null,"Pass Through Table",null,null,{"$f":"$AK$248&\"-\"&$AL$248","v":"0-0"},null,null,null,null,null,null,null,null,null,null,null,null,null,null,19,3,null,null,68,9,null,null,null,null,null,null,"City/Village Major Collector Roads",98,98,2.1258134490238612E-2,null,"Township Highway Agency",375,null,null,null,null,null,null,null,null,null,3,69,{"$f":"IFERROR(IF(CA249=3,\"3 am\",\"3 am\"),\"3 am\")","v":"3 am"},{"$f":"IFERROR(GETPIVOTDATA(\"EA_Crashes\",$CA$245,\"Hour\",3),0)","v":69},null,null,null,null,null,null,null,null,null,null,null,"Wednesday",616,616,0.13362255965292841,null,null,null,null,null,null,null,null,null,8,358,"August",{"$f":"GETPIVOTDATA(\"EA_Crashes\",$DC$244,\"Month\",8)","v":358},7.7657266811279824E-2,null,null,null,null,null,null,null,null,null,null,null,"Unknown",15,15,3.2537960954446853E-3]
[null,2014,328,67,33,13,5,446,null,null,null,null,null,null,null,null,null,null,2013,3,null,null,null,null,null,null,null,null,null,null,null,null,null,null,null,null,null,null,null,null,null,null,null,null,null,null,null,null,null,null,20,9,null,null,69,4,null,null,null,null,null,null,"Unknown",196,196,4.2516268980477223E-2,null,"Grand Total",4610,null,null,null,null,null,null,null,null,null,4,70,{"$f":"IFERROR(IF(CA250=4,\"4 am\",\"4 am\"),\"4 am\")","v":"4 am"},{"$f":"IFERROR(GETPIVOTDATA(\"EA_Crashes\",$CA$245,\"Hour\",4),0)","v":70},null,null,null,null,null,null,null,null,null,null,null,"Tuesday",659,659,0.14295010845986986,null,null,null,null,null,null,null,null,null,7,386,"July",{"$f":"GETPIVOTDATA(\"EA_Crashes\",$DC$244,\"Month\",7)","v":386},8.3731019522776576E-2,null,null,null,null,null,null,null,null,null,null,null,"Pedestrian",17,17,3.68763557483731E-3]
[null,2015,349,73,29,13,3,467,null,null,null,null,null,null,null,null,null,null,2014,5,null,null,null,null,null,null,null,null,null,null,null,null,null,null,null,null,null,null,null,null,null,null,null,null,null,null,null,null,null,null,21,4,null,null,70,4,null,null,null,null,null,null,"County Major Collector Roads",198,198,4.2950108459869851E-2,null,null,null,null,null,null,null,null,null,null,null,null,5,120,{"$f":"IFERROR(IF(CA251=5,\"5 am\",\"5 am\"),\"5 am\")","v":"5 am"},{"$f":"IFERROR(GETPIVOTDATA(\"EA_Crashes\",$CA$245,\"Hour\",5),0)","v":120},null,null,null,null,null,null,null,null,null,null,null,"Monday",632,632,0.1370932754880694,null,null,null,null,null,null,null,null,null,6,377,"June",{"$f":"GETPIVOTDATA(\"EA_Crashes\",$DC$244,\"Month\",6)","v":377},8.1778741865509763E-2,null,null,null,null,null,null,null,null,null,null,null,"Sideswipe - Meeting",18,18,3.9045553145336228E-3]
[null,2016,268,59,43,13,4,387,null,null,null,null,null,null,null,null,null,null,2015,3,null,null,null,null,null,null,null,null,null,null,null,null,null,"Serious Inj %","Fatal %",null,null,null,null,null,null,null,null,null,null,null,null,null,null,null,22,7,null,null,71,3,null,null,null,null,null,null,"City/Village Local Roads",267,267,5.7917570498915404E-2,null,null,null,null,null,null,null,null,null,null,null,null,6,219,{"$f":"IFERROR(IF(CA252=6,\"6 am\",\"6 am\"),\"6 am\")","v":"6 am"},{"$f":"IFERROR(GETPIVOTDATA(\"EA_Crashes\",$CA$245,\"Hour\",6),0)","v":219},null,null,null,null,null,null,null,null,null,null,null,"Sunday",547,547,0.11865509761388286,null,null,null,null,null,null,null,null,null,5,338,"May",{"$f":"GETPIVOTDATA(\"EA_Crashes\",$DC$244,\"Month\",5)","v":338},7.3318872017353584E-2,null,null,null,null,null,null,null,null,null,null,null,"Other Object",36,36,7.8091106290672455E-3]
[null,2017,264,64,36,22,5,391,null,null,null,null,null,null,null,null,null,null,2016,4,null,null,null,null,null,null,null,null,null,null,null,null,"ROADWAY DEPARTURE",{"$f":"HLOOKUP($AG$248, 'Emphasis Area Matrix'!$V$23:$AL$41, HLOOKUP(AG253,'Emphasis Area Matrix'!$V$2:$AL$21,20,FALSE), FALSE)","v":{"$error":"#N/A"}},{"$f":"HLOOKUP($AG$248, 'Emphasis Area Matrix'!$V$2:$AL$21, HLOOKUP(AG253,'Emphasis Area Matrix'!$V$2:$AL$21,20,FALSE), FALSE)","v":{"$error":"#N/A"}},null,null,null,null,null,null,null,null,null,null,null,null,null,null,null,23,8,null,null,72,2,null,null,null,null,null,null,"#N/A",307,307,6.659436008676789E-2,null,null,null,null,null,null,null,null,null,null,null,null,7,231,{"$f":"IFERROR(IF(CA253=7,\"7 am\",\"7 am\"),\"7 am\")","v":"7 am"},{"$f":"IFERROR(GETPIVOTDATA(\"EA_Crashes\",$CA$245,\"Hour\",7),0)","v":231},null,null,null,null,null,null,null,null,null,null,null,"Grand Total",4610,4610,1,null,null,null,null,null,null,null,null,null,4,274,"April",{"$f":"GETPIVOTDATA(\"EA_Crashes\",$DC$244,\"Month\",4)","v":274},5.9436008676789588E-2,null,null,null,null,null,null,null,null,null,null,null,"Other Non-Collision",71,71,1.5401301518438179E-2]
[null,2018,325,45,31,14,3,418,null,null,null,null,null,null,null,null,null,null,2017,5,null,null,null,null,null,null,null,null,null,null,null,null,"YOUNG DRIVER",{"$f":"HLOOKUP($AG$248, 'Emphasis Area Matrix'!$V$23:$AL$41, HLOOKUP(AG254,'Emphasis Area Matrix'!$V$2:$AL$21,20,FALSE), FALSE)","v":{"$error":"#N/A"}},{"$f":"HLOOKUP($AG$248, 'Emphasis Area Matrix'!$V$2:$AL$21, HLOOKUP(AG254,'Emphasis Area Matrix'!$V$2:$AL$21,20,FALSE), FALSE)","v":{"$error":"#N/A"}},null,null,null,null,null,null,null,null,null,null,null,null,null,null,null,24,3,null,null,73,2,null,null,null,null,null,null,"Township Local Roads",368,368,7.982646420824295E-2,null,null,null,null,null,null,null,null,null,null,null,null,8,191,{"$f":"IFERROR(IF(CA254=8,\"8 am\",\"8 am\"),\"8 am\")","v":"8 am"},{"$f":"IFERROR(GETPIVOTDATA(\"EA_Crashes\",$CA$245,\"Hour\",8),0)","v":191},null,null,null,null,null,null,null,null,null,null,null,null,null,null,null,null,null,null,null,null,null,null,null,null,3,311,"March",{"$f":"GETPIVOTDATA(\"EA_Crashes\",$DC$244,\"Month\",3)","v":311},6.7462039045553146E-2,null,null,null,null,null,null,null,null,null,null,null,"Right Turn",84,84,1.8221258134490239E-2]
[null,2019,302,28,55,20,2,407,null,null,null,null,null,null,null,null,null,null,2018,3,null,null,null,null,null,null,null,null,null,null,null,null,"INTERSECTION RELATED",{"$f":"HLOOKUP($AG$248, 'Emphasis Area Matrix'!$V$23:$AL$41, HLOOKUP(AG255,'Emphasis Area Matrix'!$V$2:$AL$21,20,FALSE), FALSE)","v":{"$error":"#N/A"}},{"$f":"HLOOKUP($AG$248, 'Emphasis Area Matrix'!$V$2:$AL$21, HLOOKUP(AG255,'Emphasis Area Matrix'!$V$2:$AL$21,20,FALSE), FALSE)","v":{"$error":"#N/A"}},null,null,null,null,null,null,null,null,null,null,null,null,null,null,null,"Grand Total",47,null,null,74,7,null,null,null,null,null,null,"County Local Roads",444,444,9.6312364425162694E-2,null,null,null,null,null,null,null,null,null,null,null,null,9,201,{"$f":"IFERROR(IF(CA255=9,\"9 am\",\"9 am\"),\"9 am\")","v":"9 am"},{"$f":"IFERROR(GETPIVOTDATA(\"EA_Crashes\",$CA$245,\"Hour\",9),0)","v":201},null,null,null,null,null,null,null,null,null,null,null,null,null,null,null,null,null,null,null,null,null,null,null,null,2,409,"February",{"$f":"GETPIVOTDATA(\"EA_Crashes\",$DC$244,\"Month\",2)","v":409},8.8720173535791758E-2,null,null,null,null,null,null,null,null,null,null,null,"Parked Vehicle",89,89,1.9305856832971799E-2]
[null,"Grand Total",3333,567,501,173,36,4610,null,null,null,null,null,null,null,null,null,null,2019,2,null,null,null,null,null,null,null,null,null,null,null,null,"SPEED RELATED",{"$f":"HLOOKUP($AG$248, 'Emphasis Area Matrix'!$V$23:$AL$41, HLOOKUP(AG256,'Emphasis Area Matrix'!$V$2:$AL$21,20,FALSE), FALSE)","v":{"$error":"#N/A"}},{"$f":"HLOOKUP($AG$248, 'Emphasis Area Matrix'!$V$2:$AL$21, HLOOKUP(AG256,'Emphasis Area Matrix'!$V$2:$AL$21,20,FALSE), FALSE)","v":{"$error":"#N/A"}},null,null,null,null,null,null,null,null,null,null,null,null,null,null,null,null,null,null,null,75,6,null,null,null,null,null,null,"State Major Collector Roads",576,576,0.12494577006507593,null,null,null,null,null,null,null,null,null,null,null,null,10,212,{"$f":"IFERROR(IF(CA256=10,\"10 am\",\"10 am\"),\"10 am\")","v":"10 am"},{"$f":"IFERROR(GETPIVOTDATA(\"EA_Crashes\",$CA$245,\"Hour\",10),0)","v":212},null,null,null,null,null,null,null,null,null,null,null,null,null,null,null,null,null,null,null,null,null,null,null,null,1,522,"January",{"$f":"GETPIVOTDATA(\"EA_Crashes\",$DC$244,\"Month\",1)","v":522},0.11323210412147505,null,null,null,null,null,null,null,null,null,null,null,"Head On",129,129,2.7982646420824295E-2]
[null,null,null,null,null,null,null,null,null,null,null,null,null,null,null,null,null,null,"Serious Injury Suspected",173,null,null,null,null,null,null,null,null,null,null,null,null,"NO RESTRAINTS",{"$f":"HLOOKUP($AG$248, 'Emphasis Area Matrix'!$V$23:$AL$41, HLOOKUP(AG257,'Emphasis Area Matrix'!$V$2:$AL$21,20,FALSE), FALSE)","v":{"$error":"#N/A"}},{"$f":"HLOOKUP($AG$248, 'Emphasis Area Matrix'!$V$2:$AL$21, HLOOKUP(AG257,'Emphasis Area Matrix'!$V$2:$AL$21,20,FALSE), FALSE)","v":{"$error":"#N/A"}},null,null,null,null,null,null,null,null,null,null,null,null,null,null,null,null,null,null,null,76,7,null,null,null,null,null,null,"City/Village Minor Arterial Roads",654,654,0.14186550976138829,null,null,null,null,null,null,null,null,null,null,null,null,11,209,{"$f":"IFERROR(IF(CA257=11,\"11 am\",\"11 am\"),\"11 am\")","v":"11 am"},{"$f":"IFERROR(GETPIVOTDATA(\"EA_Crashes\",$CA$245,\"Hour\",11),0)","v":209},null,null,null,null,null,null,null,null,null,null,null,null,null,null,null,null,null,null,null,null,null,null,null,null,"Grand Total",4610,null,{"$f":"GETPIVOTDATA(\"EA_Crashes\",$DC$244)","v":4610},null,null,null,null,null,null,null,null,null,null,null,null,"Sideswipe - Passing",178,178,3.8611713665943598E-2]
[null,null,null,null,null,null,null,null,null,null,null,null,null,null,null,null,null,null,2010,20,null,null,null,null,null,null,null,null,null,null,null,null,"OLDER DRIVER",{"$f":"HLOOKUP($AG$248, 'Emphasis Area Matrix'!$V$23:$AL$41, HLOOKUP(AG258,'Emphasis Area Matrix'!$V$2:$AL$21,20,FALSE), FALSE)","v":{"$error":"#N/A"}},{"$f":"HLOOKUP($AG$248, 'Emphasis Area Matrix'!$V$2:$AL$21, HLOOKUP(AG258,'Emphasis Area Matrix'!$V$2:$AL$21,20,FALSE), FALSE)","v":{"$error":"#N/A"}},null,null,null,null,null,null,null,null,null,null,null,null,null,null,null,null,null,null,null,77,2,null,null,null,null,null,null,"State Minor Arterial Roads",1460,1460,0.31670281995661603,null,null,null,null,null,null,null,null,null,null,null,null,12,274,{"$f":"IFERROR(IF(CA258=12,\"12 pm\",\"12 pm\"),\"12 pm\")","v":"12 pm"},{"$f":"IFERROR(GETPIVOTDATA(\"EA_Crashes\",$CA$245,\"Hour\",12),0)","v":274},null,null,null,null,null,null,null,null,null,null,null,null,null,null,null,null,null,null,null,null,null,null,null,null,null,null,null,null,null,null,null,null,null,null,null,null,null,null,null,null,"Overturning",199,199,4.3167028199566158E-2]
[null,null,null,null,null,null,null,null,null,null,null,null,null,null,null,null,null,null,2011,24,null,null,null,null,null,null,null,null,null,null,null,null,"ALCOHOL RELATED",{"$f":"HLOOKUP($AG$248, 'Emphasis Area Matrix'!$V$23:$AL$41, HLOOKUP(AG259,'Emphasis Area Matrix'!$V$2:$AL$21,20,FALSE), FALSE)","v":{"$error":"#N/A"}},{"$f":"HLOOKUP($AG$248, 'Emphasis Area Matrix'!$V$2:$AL$21, HLOOKUP(AG259,'Emphasis Area Matrix'!$V$2:$AL$21,20,FALSE), FALSE)","v":{"$error":"#N/A"}},null,null,null,null,null,null,null,null,null,null,null,null,null,null,null,null,null,null,null,78,2,null,null,null,null,null,null,"Grand Total",4610,4610,1,null,null,null,null,null,null,null,null,null,null,null,null,13,279,{"$f":"IFERROR(IF(CA259=13,\"1 pm\",\"1 pm\"),\"1 pm\")","v":"1 pm"},{"$f":"IFERROR(GETPIVOTDATA(\"EA_Crashes\",$CA$245,\"Hour\",13),0)","v":279},null,null,null,null,null,null,null,null,null,null,null,null,null,null,null,null,null,null,null,null,null,null,null,null,null,null,null,null,null,null,null,null,null,null,null,null,null,null,null,null,"Backing",207,207,4.4902386117136657E-2]
[null,null,null,null,null,null,null,null,null,null,null,null,null,null,null,null,null,null,2012,17,null,null,null,null,null,null,null,null,null,null,null,null,"REAR END",{"$f":"HLOOKUP($AG$248, 'Emphasis Area Matrix'!$V$23:$AL$41, HLOOKUP(AG260,'Emphasis Area Matrix'!$V$2:$AL$21,20,FALSE), FALSE)","v":{"$error":"#N/A"}},{"$f":"HLOOKUP($AG$248, 'Emphasis Area Matrix'!$V$2:$AL$21, HLOOKUP(AG260,'Emphasis Area Matrix'!$V$2:$AL$21,20,FALSE), FALSE)","v":{"$error":"#N/A"}},null,null,null,null,null,null,null,null,null,null,null,null,null,null,null,null,null,null,null,79,4,null,null,null,null,null,null,null,null,null,null,null,null,null,null,null,null,null,null,null,null,null,null,14,337,{"$f":"IFERROR(IF(CA260=14,\"2 pm\",\"2 pm\"),\"2 pm\")","v":"2 pm"},{"$f":"IFERROR(GETPIVOTDATA(\"EA_Crashes\",$CA$245,\"Hour\",14),0)","v":337},null,null,null,null,null,null,null,null,null,null,null,null,null,null,null,null,null,null,null,null,null,null,null,null,null,null,null,null,null,null,null,null,null,null,null,null,null,null,null,null,"Left Turn",248,248,5.3796095444685464E-2]
[null,null,null,null,null,null,null,null,null,null,null,null,null,null,null,null,null,null,2013,17,null,null,null,null,null,null,null,null,null,null,null,null,"MOTORCYCLE RELATED",{"$f":"HLOOKUP($AG$248, 'Emphasis Area Matrix'!$V$23:$AL$41, HLOOKUP(AG261,'Emphasis Area Matrix'!$V$2:$AL$21,20,FALSE), FALSE)","v":{"$error":"#N/A"}},{"$f":"HLOOKUP($AG$248, 'Emphasis Area Matrix'!$V$2:$AL$21, HLOOKUP(AG261,'Emphasis Area Matrix'!$V$2:$AL$21,20,FALSE), FALSE)","v":{"$error":"#N/A"}},null,null,null,null,null,null,null,null,null,null,null,null,null,null,null,null,null,null,null,81,4,null,null,null,null,null,null,null,null,null,null,null,null,null,null,null,null,null,null,null,null,null,null,15,350,{"$f":"IFERROR(IF(CA261=15,\"3 pm\",\"3 pm\"),\"3 pm\")","v":"3 pm"},{"$f":"IFERROR(GETPIVOTDATA(\"EA_Crashes\",$CA$245,\"Hour\",15),0)","v":350},null,null,null,null,null,null,null,null,null,null,null,null,null,null,null,null,null,null,null,null,null,null,null,null,null,null,null,null,null,null,null,null,null,null,null,null,null,null,null,null,"Animal",374,374,8.1127982646420821E-2]
[null,null,null,null,null,null,null,null,null,null,null,null,null,null,null,null,null,null,2014,13,null,null,null,null,null,null,null,null,null,null,null,null,"DRUG RELATED",{"$f":"HLOOKUP($AG$248, 'Emphasis Area Matrix'!$V$23:$AL$41, HLOOKUP(AG262,'Emphasis Area Matrix'!$V$2:$AL$21,20,FALSE), FALSE)","v":{"$error":"#N/A"}},{"$f":"HLOOKUP($AG$248, 'Emphasis Area Matrix'!$V$2:$AL$21, HLOOKUP(AG262,'Emphasis Area Matrix'!$V$2:$AL$21,20,FALSE), FALSE)","v":{"$error":"#N/A"}},null,null,null,null,null,null,null,null,null,null,null,null,null,null,null,null,null,null,null,82,4,null,null,null,null,null,null,null,null,null,null,null,null,null,null,null,null,null,null,null,null,null,null,16,327,{"$f":"IFERROR(IF(CA262=16,\"4 pm\",\"4 pm\"),\"4 pm\")","v":"4 pm"},{"$f":"IFERROR(GETPIVOTDATA(\"EA_Crashes\",$CA$245,\"Hour\",16),0)","v":327},null,null,null,null,null,null,null,null,null,null,null,null,null,null,null,null,null,null,null,null,null,null,null,null,null,null,null,null,null,null,null,null,null,null,null,null,null,null,null,null,"Angle",437,437,9.479392624728851E-2]
[null,null,null,null,null,null,null,null,null,null,null,null,null,null,null,null,null,null,2015,13,null,null,null,null,null,null,null,null,null,null,null,null,"PEDESTRIAN RELATED",{"$f":"HLOOKUP($AG$248, 'Emphasis Area Matrix'!$V$23:$AL$41, HLOOKUP(AG263,'Emphasis Area Matrix'!$V$2:$AL$21,20,FALSE), FALSE)","v":{"$error":"#N/A"}},{"$f":"HLOOKUP($AG$248, 'Emphasis Area Matrix'!$V$2:$AL$21, HLOOKUP(AG263,'Emphasis Area Matrix'!$V$2:$AL$21,20,FALSE), FALSE)","v":{"$error":"#N/A"}},null,null,null,null,null,null,null,null,null,null,null,null,null,null,null,null,null,null,null,83,2,null,null,null,null,null,null,null,null,null,null,null,null,null,null,null,null,null,null,null,null,null,null,17,272,{"$f":"IFERROR(IF(CA263=17,\"5 pm\",\"5 pm\"),\"5 pm\")","v":"5 pm"},{"$f":"IFERROR(GETPIVOTDATA(\"EA_Crashes\",$CA$245,\"Hour\",17),0)","v":272},null,null,null,null,null,null,null,null,null,null,null,null,null,null,null,null,null,null,null,null,null,null,null,null,null,null,null,null,null,null,null,null,null,null,null,null,null,null,null,null,"Rear End",688,688,0.14924078091106291]
[null,null,null,null,null,null,null,null,null,null,null,null,null,null,null,null,null,null,2016,13,null,null,null,null,null,null,null,null,null,null,null,null,"DISTRACTED DRIVER",{"$f":"HLOOKUP($AG$248, 'Emphasis Area Matrix'!$V$23:$AL$41, HLOOKUP(AG264,'Emphasis Area Matrix'!$V$2:$AL$21,20,FALSE), FALSE)","v":{"$error":"#N/A"}},{"$f":"HLOOKUP($AG$248, 'Emphasis Area Matrix'!$V$2:$AL$21, HLOOKUP(AG264,'Emphasis Area Matrix'!$V$2:$AL$21,20,FALSE), FALSE)","v":{"$error":"#N/A"}},null,null,null,null,null,null,null,null,null,null,null,null,null,null,null,null,null,null,null,84,2,null,null,null,null,null,null,null,null,null,null,null,null,null,null,null,null,null,null,null,null,null,null,18,212,{"$f":"IFERROR(IF(CA264=18,\"6 pm\",\"6 pm\"),\"6 pm\")","v":"6 pm"},{"$f":"IFERROR(GETPIVOTDATA(\"EA_Crashes\",$CA$245,\"Hour\",18),0)","v":212},null,null,null,null,null,null,null,null,null,null,null,null,null,null,null,null,null,null,null,null,null,null,null,null,null,null,null,null,null,null,null,null,null,null,null,null,null,null,null,null,"Fixed Object",1813,1813,0.39327548806941431]
[null,null,null,null,null,null,null,null,null,null,null,null,null,null,null,null,null,null,2017,22,null,null,null,null,null,null,null,null,null,null,null,null,"RAILROAD CROSSING",{"$f":"HLOOKUP($AG$248, 'Emphasis Area Matrix'!$V$23:$AL$41, HLOOKUP(AG265,'Emphasis Area Matrix'!$V$2:$AL$21,20,FALSE), FALSE)","v":{"$error":"#N/A"}},{"$f":"HLOOKUP($AG$248, 'Emphasis Area Matrix'!$V$2:$AL$21, HLOOKUP(AG265,'Emphasis Area Matrix'!$V$2:$AL$21,20,FALSE), FALSE)","v":{"$error":"#N/A"}},null,null,null,null,null,null,null,null,null,null,null,null,null,null,null,null,null,null,null,85,2,null,null,null,null,null,null,null,null,null,null,null,null,null,null,null,null,null,null,null,null,null,null,19,200,{"$f":"IFERROR(IF(CA265=19,\"7 pm\",\"7 pm\"),\"7 pm\")","v":"7 pm"},{"$f":"IFERROR(GETPIVOTDATA(\"EA_Crashes\",$CA$245,\"Hour\",19),0)","v":200},null,null,null,null,null,null,null,null,null,null,null,null,null,null,null,null,null,null,null,null,null,null,null,null,null,null,null,null,null,null,null,null,null,null,null,null,null,null,null,null,"Grand Total",4610,4610,1]
[null,null,null,null,null,null,null,null,null,null,null,null,null,null,null,null,null,null,2018,14,null,null,null,null,null,null,null,null,null,null,null,null,"BICYCLE RELATED",{"$f":"HLOOKUP($AG$248, 'Emphasis Area Matrix'!$V$23:$AL$41, HLOOKUP(AG266,'Emphasis Area Matrix'!$V$2:$AL$21,20,FALSE), FALSE)","v":{"$error":"#N/A"}},{"$f":"HLOOKUP($AG$248, 'Emphasis Area Matrix'!$V$2:$AL$21, HLOOKUP(AG266,'Emphasis Area Matrix'!$V$2:$AL$21,20,FALSE), FALSE)","v":{"$error":"#N/A"}},null,null,null,null,null,null,null,null,null,null,null,null,null,null,null,null,null,null,null,86,4,null,null,null,null,null,null,null,null,null,null,null,null,null,null,null,null,null,null,null,null,null,null,20,148,{"$f":"IFERROR(IF(CA266=20,\"8 pm\",\"8 pm\"),\"8 pm\")","v":"8 pm"},{"$f":"IFERROR(GETPIVOTDATA(\"EA_Crashes\",$CA$245,\"Hour\",20),0)","v":148}]
[null,null,null,null,null,null,null,null,null,null,null,null,null,null,null,null,null,null,2019,20,null,null,null,null,null,null,null,null,null,null,null,null,"WORK ZONE RELATED",{"$f":"HLOOKUP($AG$248, 'Emphasis Area Matrix'!$V$23:$AL$41, HLOOKUP(AG267,'Emphasis Area Matrix'!$V$2:$AL$21,20,FALSE), FALSE)","v":{"$error":"#N/A"}},{"$f":"HLOOKUP($AG$248, 'Emphasis Area Matrix'!$V$2:$AL$21, HLOOKUP(AG267,'Emphasis Area Matrix'!$V$2:$AL$21,20,FALSE), FALSE)","v":{"$error":"#N/A"}},null,null,null,null,null,null,null,null,null,null,null,null,null,null,null,null,null,null,null,88,1,null,null,null,null,null,null,null,null,null,null,null,null,null,null,null,null,null,null,null,null,null,null,21,158,{"$f":"IFERROR(IF(CA267=21,\"9 pm\",\"9 pm\"),\"9 pm\")","v":"9 pm"},{"$f":"IFERROR(GETPIVOTDATA(\"EA_Crashes\",$CA$245,\"Hour\",21),0)","v":158}]
[null,null,null,null,null,null,null,null,null,null,null,null,null,null,null,null,null,null,"Grand Total",209,null,null,null,null,null,null,null,null,null,null,null,null,"MARIJUANA RELATED",{"$f":"HLOOKUP($AG$248, 'Emphasis Area Matrix'!$V$23:$AL$41, HLOOKUP(AG268,'Emphasis Area Matrix'!$V$2:$AL$21,20,FALSE), FALSE)","v":{"$error":"#N/A"}},{"$f":"HLOOKUP($AG$248, 'Emphasis Area Matrix'!$V$2:$AL$21, HLOOKUP(AG268,'Emphasis Area Matrix'!$V$2:$AL$21,20,FALSE), FALSE)","v":{"$error":"#N/A"}},null,null,null,null,null,null,null,null,null,null,null,null,null,null,null,null,null,null,null,89,1,null,null,null,null,null,null,null,null,null,null,null,null,null,null,null,null,null,null,null,null,null,null,22,147,{"$f":"IFERROR(IF(CA268=22,\"10 pm\",\"10 pm\"),\"10 pm\")","v":"10 pm"},{"$f":"IFERROR(GETPIVOTDATA(\"EA_Crashes\",$CA$245,\"Hour\",22),0)","v":147}]
[null,null,null,null,null,null,null,null,null,null,null,null,null,null,null,null,null,null,null,null,null,null,null,null,null,null,null,null,null,null,null,null,"ACTIVE TRANSPORTATION RELATED",{"$f":"HLOOKUP($AG$248, 'Emphasis Area Matrix'!$V$23:$AL$41, HLOOKUP(AG269,'Emphasis Area Matrix'!$V$2:$AL$21,20,FALSE), FALSE)","v":{"$error":"#N/A"}},{"$f":"HLOOKUP($AG$248, 'Emphasis Area Matrix'!$V$2:$AL$21, HLOOKUP(AG269,'Emphasis Area Matrix'!$V$2:$AL$21,20,FALSE), FALSE)","v":{"$error":"#N/A"}},null,null,null,null,null,null,null,null,null,null,null,null,null,null,null,null,null,null,null,92,1,null,null,null,null,null,null,null,null,null,null,null,null,null,null,null,null,null,null,null,null,null,null,23,116,{"$f":"IFERROR(IF(CA269=23,\"11 pm\",\"11 pm\"),\"11 pm\")","v":"11 pm"},{"$f":"IFERROR(GETPIVOTDATA(\"EA_Crashes\",$CA$245,\"Hour\",23),0)","v":116}]
[null,null,null,null,null,null,null,null,null,null,null,null,null,null,null,null,null,null,null,null,null,null,null,null,null,null,null,null,null,null,null,null,null,null,null,null,null,null,null,null,null,null,null,null,null,null,null,null,null,null,null,null,null,null,98,1,null,null,null,null,null,null,null,null,null,null,null,null,null,null,null,null,null,null,null,null,null,null,"Grand Total",4610]
[null,null,null,null,null,null,null,null,null,null,null,null,null,null,null,null,null,null,null,null,null,null,null,null,null,null,null,null,null,null,null,null,null,null,null,null,null,null,null,null,null,null,null,null,null,null,null,null,null,null,null,null,null,null,"Grand Total",99]
[null,null,null,null,null,null,null,null,null,null,null,null,null,null,null,null,null,null,null,null,null,null,"Pass Through Table",null,null,{"$f":"SLOPE(X274:X283,W274:W283)","v":-9.696969696969697E-2},{"$f":"SLOPE(AA278:AA283,W278:W283)","v":-0.38285714285714301}]
[null,null,null,null,null,null,null,null,null,null,null,null,null,null,null,null,null,null,null,null,null,null,"Year","Fatalities","Serious Injuries","Fatalities 5yr avg","Serious Inj 5yr avg","Ser Inj 5yr avg Pro"]
[null,null,null,null,null,null,null,null,null,null,null,null,null,null,null,null,null,null,null,null,null,null,{"$f":"MIN('Full Crash Data'!B:B)","v":0},{"$f":"IFERROR(GETPIVOTDATA(\"EA_Crashes\",$S$245,\"Year\",2010,\"Severity\",\"Fatal\"),0)","v":5},{"$f":"IFERROR(GETPIVOTDATA(\"EA_Crashes\",$S$245,\"Year\",2010,\"Severity\",\"Serious Injury Suspected\"),0)","v":20}]
[null,null,null,null,null,null,null,null,null,null,null,null,null,null,null,null,null,null,null,null,null,null,{"$f":"W274+1","v":1},{"$f":"IFERROR(GETPIVOTDATA(\"EA_Crashes\",$S$245,\"Year\",2011,\"Severity\",\"Fatal\"),0)","v":3},{"$f":"IFERROR(GETPIVOTDATA(\"EA_Crashes\",$S$245,\"Year\",2011,\"Severity\",\"Serious Injury Suspected\"),0)","v":24}]
[null,null,null,null,null,null,null,null,null,null,null,null,null,null,null,null,null,null,null,null,null,null,2,{"$f":"IFERROR(GETPIVOTDATA(\"EA_Crashes\",$S$245,\"Year\",2012,\"Severity\",\"Fatal\"),0)","v":3},{"$f":"IFERROR(GETPIVOTDATA(\"EA_Crashes\",$S$245,\"Year\",2012,\"Severity\",\"Serious Injury Suspected\"),0)","v":17}]
[null,null,null,null,null,null,null,null,null,null,null,null,null,null,null,null,null,null,null,null,null,null,3,{"$f":"IFERROR(GETPIVOTDATA(\"EA_Crashes\",$S$245,\"Year\",2013,\"Severity\",\"Fatal\"),0)","v":3},{"$f":"IFERROR(GETPIVOTDATA(\"EA_Crashes\",$S$245,\"Year\",2013,\"Severity\",\"Serious Injury Suspected\"),0)","v":17}]
[null,null,null,null,null,null,null,null,null,null,null,null,null,null,null,null,null,null,null,null,null,null,4,{"$f":"IFERROR(GETPIVOTDATA(\"EA_Crashes\",$S$245,\"Year\",2014,\"Severity\",\"Fatal\"),0)","v":5},{"$f":"IFERROR(GETPIVOTDATA(\"EA_Crashes\",$S$245,\"Year\",2014,\"Severity\",\"Serious Injury Suspected\"),0)","v":13},{"$f":"AVERAGE(X274:X278)","v":3.8},18.2]
[null,null,null,null,null,null,null,null,null,null,null,null,null,null,null,null,null,null,null,null,null,null,5,{"$f":"IFERROR(GETPIVOTDATA(\"EA_Crashes\",$S$245,\"Year\",2015,\"Severity\",\"Fatal\"),0)","v":3},{"$f":"IFERROR(GETPIVOTDATA(\"EA_Crashes\",$S$245,\"Year\",2015,\"Severity\",\"Serious Injury Suspected\"),0)","v":13},3.4,16.8]
[null,null,null,null,null,null,null,null,null,null,null,null,null,null,null,null,null,null,null,null,null,null,6,{"$f":"IFERROR(GETPIVOTDATA(\"EA_Crashes\",$S$245,\"Year\",2016,\"Severity\",\"Fatal\"),0)","v":4},{"$f":"IFERROR(GETPIVOTDATA(\"EA_Crashes\",$S$245,\"Year\",2016,\"Severity\",\"Serious Injury Suspected\"),0)","v":13},3.6,14.6]
[null,null,null,null,null,null,null,null,null,null,null,null,null,null,null,null,null,null,null,null,null,null,7,{"$f":"IFERROR(GETPIVOTDATA(\"EA_Crashes\",$S$245,\"Year\",2017,\"Severity\",\"Fatal\"),0)","v":5},{"$f":"IFERROR(GETPIVOTDATA(\"EA_Crashes\",$S$245,\"Year\",2017,\"Severity\",\"Serious Injury Suspected\"),0)","v":22},4,15.6]
[null,null,null,null,null,null,null,null,null,null,null,null,null,null,null,null,null,null,null,null,null,null,8,{"$f":"IFERROR(GETPIVOTDATA(\"EA_Crashes\",$S$245,\"Year\",2018,\"Severity\",\"Fatal\"),0)","v":3},{"$f":"IFERROR(GETPIVOTDATA(\"EA_Crashes\",$S$245,\"Year\",2018,\"Severity\",\"Serious Injury Suspected\"),0)","v":14},4,15]
[null,null,null,null,null,null,null,null,null,null,null,null,null,null,null,null,null,null,null,null,null,null,9,{"$f":"IFERROR(GETPIVOTDATA(\"EA_Crashes\",$S$245,\"Year\",2019,\"Severity\",\"Fatal\"),0)","v":2},{"$f":"IFERROR(GETPIVOTDATA(\"EA_Crashes\",$S$245,\"Year\",2019,\"Severity\",\"Serious Injury Suspected\"),0)","v":20},3.4,16.399999999999999]
[null,null,null,null,null,null,null,null,null,null,null,null,null,null,null,null,null,null,null,null,null,null,10,null,null,{"$f":"AVERAGE($X$279:$X$283)+$Z$272","v":3.3030303030303028},null,{"$f":"AVERAGE($Y$279:$Y$283)+$AA$272","v":16.017142857142854}]
[null,null,null,null,null,null,null,null,null,null,null,null,null,null,null,null,null,null,null,null,null,null,11,null,null,{"$f":"Z284+$Z$272","v":3.2060606060606056},null,{"$f":"AB284+$AA$272","v":15.634285714285712}]
[null,null,null,null,null,null,null,null,null,null,null,null,null,null,null,null,null,null,null,null,null,null,12,null,null,{"$f":"Z285+$Z$272","v":3.1090909090909085},null,{"$f":"AB285+$AA$272","v":15.251428571428569}]
[null,null,null,null,null,null,null,null,null,null,null,null,null,null,null,null,null,null,null,null,null,null,13,null,null,{"$f":"Z286+$Z$272","v":3.0121212121212113},null,14.868571428571427]
[null,null,null,null,null,null,null,null,null,null,null,null,null,null,null,null,null,null,null,null,null,null,14,null,null,{"$f":"Z287+$Z$272","v":2.9151515151515142},null,14.485714285714284]
[null,null,null,null,null,null,null,null,null,null,null,null,null,null,null,null,null,null,null,null,null,null,15,null,null,{"$f":"Z288+$Z$272","v":2.818181818181817},null,14.102857142857141]

{"sheet":"Emphasis Area Matrix","index":12,"n_rows":49,"n_cols":38,"rows_kept":49,"cut":false,"hidden":true,"merged":[[1,37,2,37],[22,37,23,37],[22,18,23,18],[1,18,2,18],[22,33,23,33],[22,34,23,34],[22,35,23,35],[22,36,23,36],[22,27,23,27],[22,28,23,28],[22,29,23,29],[22,30,23,30],[22,31,23,31],[22,32,23,32],[22,21,23,21],[22,22,23,22],[22,7,23,7],[22,8,23,8],[22,9,23,9],[22,10,23,10],[22,11,23,11],[1,33,2,33],[1,34,2,34],[1,35,2,35],[1,36,2,36],[1,31,2,31],[1,32,2,32],[1,20,2,20],[1,12,2,12],[22,26,23,26],[22,13,23,13],[22,14,23,14],[22,15,23,15],[22,16,23,16],[22,17,23,17],[22,20,23,20],[22,23,23,23],[22,24,23,24],[22,25,23,25],[22,12,23,12],[22,1,23,1],[22,2,23,2],[22,3,23,3],[22,4,23,4],[22,5,23,5],[22,6,23,6],[1,27,2,27],[1,28,2,28],[1,29,2,29],[1,30,2,30],[1,21,2,21],[1,22,2,22],[1,23,2,23],[1,24,2,24],[1,25,2,25],[1,26,2,26],[1,13,2,13],[1,14,2,14],[1,15,2,15],[1,16,2,16],[1,17,2,17],[1,7,2,7],[1,8,2,8],[1,9,2,9],[1,10,2,10],[1,11,2,11],[1,6,2,6],[1,1,2,1],[1,2,2,2],[1,3,2,3],[1,4,2,4],[1,5,2,5]]}
[null,"CARROLL_GCAT_SPAM",69,77,70,75,17,76,71,66,74,73,67,79,68,80,78,72,82,null,1,2,3,4,5,6,7,8,9,10,11,12,13,14,15,16,17,18]
[null,"Emphasis Area\nFatal Crashes","ROADWAY DEPARTURE","YOUNG DRIVER","INTERSECTION RELATED","SPEED RELATED","NO RESTRAINTS","OLDER DRIVER","ALCOHOL RELATED","REAR END","MOTORCYCLE RELATED","DRUG RELATED","PEDESTRIAN RELATED","DISTRACTED DRIVER","RAILROAD CROSSING","BICYCLE RELATED","WORK ZONE RELATED","MARIJUANA RELATED","ACTIVE TRANSPORTATION RELATED",1,"Emphasis Area\nFatal Crashes\nNOTE: Top Column Headers are Primary Axis","ROADWAY DEPARTURE","YOUNG DRIVER","INTERSECTION RELATED","SPEED RELATED","NO RESTRAINTS","OLDER DRIVER","ALCOHOL RELATED","REAR END","MOTORCYCLE RELATED","DRUG RELATED","PEDESTRIAN RELATED","DISTRACTED DRIVER","RAILROAD CROSSING","BICYCLE RELATED","WORK ZONE RELATED","MARIJUANA RELATED","ACTIVE TRANSPORTATION RELATED"]
[null,null,null,null,null,null,null,null,null,null,null,null,null,null,null,null,null,null,null,2]
[69,"ROADWAY DEPARTURE",{"$f":"COUNTIFS(INDEX(CrashDataArea,,C$1), 1,INDEX(CrashDataArea,,$A4), 1,INDEX(CrashDataArea,,3), \"Fatal\")","v":{"$error":"#REF!"}},{"$error":"#REF!"},{"$error":"#REF!"},{"$error":"#REF!"},{"$f":"COUNTIFS(INDEX(CrashDataArea,,G$1), \">0\",INDEX(CrashDataArea,,$A4), 1,INDEX(CrashDataArea,,3), \"Fatal\")","v":{"$error":"#REF!"}},{"$f":"COUNTIFS(INDEX(CrashDataArea,,H$1), 1,INDEX(CrashDataArea,,$A4), 1,INDEX(CrashDataArea,,3), \"Fatal\")","v":{"$error":"#REF!"}},{"$error":"#REF!"},{"$error":"#REF!"},{"$error":"#REF!"},{"$error":"#REF!"},{"$error":"#REF!"},{"$error":"#REF!"},{"$error":"#REF!"},{"$error":"#REF!"},{"$error":"#REF!"},{"$error":"#REF!"},{"$error":"#REF!"},3,"ROADWAY DEPARTURE",{"$f":"IFERROR(C4/$C$4,0)","v":0},{"$f":"IFERROR(D4/$D$5,0)","v":0},{"$f":"IFERROR(E4/$E$6,0)","v":0},{"$f":"IFERROR(F4/$F$7,0)","v":0},{"$f":"IFERROR(G4/$G$8,0)","v":0},{"$f":"IFERROR(H4/$H$9,0)","v":0},{"$f":"IFERROR(I4/$I$10,0)","v":0},{"$f":"IFERROR(J4/$J$11,0)","v":0},{"$f":"IFERROR(K4/$K$12,0)","v":0},{"$f":"IFERROR(L4/$L$13,0)","v":0},{"$f":"IFERROR(M4/$M$14,0)","v":0},{"$f":"IFERROR(N4/$N$15,0)","v":0},{"$f":"IFERROR(O4/$O$16,0)","v":0},{"$f":"IFERROR(P4/$P$17,0)","v":0},{"$f":"IFERROR(Q4/$Q$18,0)","v":0},{"$f":"IFERROR(R4/$R$19,0)","v":0},{"$f":"IFERROR(S4/$S$20,0)","v":0}]
[77,"YOUNG DRIVER",{"$error":"#REF!"},{"$error":"#REF!"},{"$error":"#REF!"},{"$error":"#REF!"},{"$f":"COUNTIFS(INDEX(CrashDataArea,,G$1), \">0\",INDEX(CrashDataArea,,$A5), 1,INDEX(CrashDataArea,,3), \"Fatal\")","v":{"$error":"#REF!"}},{"$error":"#REF!"},{"$error":"#REF!"},{"$error":"#REF!"},{"$error":"#REF!"},{"$error":"#REF!"},{"$error":"#REF!"},{"$error":"#REF!"},{"$error":"#REF!"},{"$error":"#REF!"},{"$error":"#REF!"},{"$error":"#REF!"},{"$error":"#REF!"},4,"YOUNG DRIVER",{"$f":"IFERROR(C5/$C$4,0)","v":0},{"$f":"IFERROR(D5/$D$5,0)","v":0},0,0,0,0,0,0,0,0,0,0,0,0,0,0,{"$f":"IFERROR(S5/$S$20,0)","v":0}]
[70,"INTERSECTION RELATED",{"$error":"#REF!"},{"$error":"#REF!"},{"$error":"#REF!"},{"$error":"#REF!"},{"$f":"COUNTIFS(INDEX(CrashDataArea,,G$1), \">0\",INDEX(CrashDataArea,,$A6), 1,INDEX(CrashDataArea,,3), \"Fatal\")","v":{"$error":"#REF!"}},{"$error":"#REF!"},{"$error":"#REF!"},{"$error":"#REF!"},{"$error":"#REF!"},{"$error":"#REF!"},{"$error":"#REF!"},{"$error":"#REF!"},{"$error":"#REF!"},{"$error":"#REF!"},{"$error":"#REF!"},{"$error":"#REF!"},{"$error":"#REF!"},5,"INTERSECTION RELATED",0,{"$f":"IFERROR(D6/$D$5,0)","v":0},{"$f":"IFERROR(E6/$E$6,0)","v":0},0,0,0,0,0,0,0,0,0,0,0,0,0,0]
[75,"SPEED RELATED",{"$error":"#REF!"},{"$error":"#REF!"},{"$error":"#REF!"},{"$error":"#REF!"},{"$f":"COUNTIFS(INDEX(CrashDataArea,,G$1), \">0\",INDEX(CrashDataArea,,$A7), 1,INDEX(CrashDataArea,,3), \"Fatal\")","v":{"$error":"#REF!"}},{"$error":"#REF!"},{"$error":"#REF!"},{"$error":"#REF!"},{"$error":"#REF!"},{"$error":"#REF!"},{"$error":"#REF!"},{"$error":"#REF!"},{"$error":"#REF!"},{"$error":"#REF!"},{"$error":"#REF!"},{"$error":"#REF!"},{"$error":"#REF!"},6,"SPEED RELATED",0,0,{"$f":"IFERROR(E7/$E$6,0)","v":0},{"$f":"IFERROR(F7/$F$7,0)","v":0},0,0,0,0,0,0,0,0,0,0,0,0,0]
[17,"NO RESTRAINTS",{"$f":"COUNTIFS(INDEX(CrashDataArea,,C$1), 1,INDEX(CrashDataArea,,$A8), \">0\",INDEX(CrashDataArea,,3), \"Fatal\")","v":{"$error":"#REF!"}},{"$f":"COUNTIFS(INDEX(CrashDataArea,,D$1), 1,INDEX(CrashDataArea,,$A8), \">0\",INDEX(CrashDataArea,,3), \"Fatal\")","v":{"$error":"#REF!"}},{"$f":"COUNTIFS(INDEX(CrashDataArea,,E$1), 1,INDEX(CrashDataArea,,$A8), \">0\",INDEX(CrashDataArea,,3), \"Fatal\")","v":{"$error":"#REF!"}},{"$f":"COUNTIFS(INDEX(CrashDataArea,,F$1), 1,INDEX(CrashDataArea,,$A8), \">0\",INDEX(CrashDataArea,,3), \"Fatal\")","v":{"$error":"#REF!"}},{"$f":"COUNTIFS(INDEX(CrashDataArea,,G$1),\">0\",INDEX(CrashDataArea,,$A8), \">0\",INDEX(CrashDataArea,,3), \"Fatal\")","v":{"$error":"#REF!"}},{"$f":"COUNTIFS(INDEX(CrashDataArea,,H$1), 1,INDEX(CrashDataArea,,$A8), \">0\",INDEX(CrashDataArea,,3), \"Fatal\")","v":{"$error":"#REF!"}},{"$error":"#REF!"},{"$error":"#REF!"},{"$error":"#REF!"},{"$error":"#REF!"},{"$error":"#REF!"},{"$error":"#REF!"},{"$error":"#REF!"},{"$error":"#REF!"},{"$error":"#REF!"},{"$error":"#REF!"},{"$error":"#REF!"},7,"NO RESTRAINTS",0,0,0,{"$f":"IFERROR(F8/$F$7,0)","v":0},{"$f":"IFERROR(G8/$G$8,0)","v":0},0,0,0,0,0,0,0,0,0,0,0,0]
[76,"OLDER DRIVER",{"$f":"COUNTIFS(INDEX(CrashDataArea,,C$1), 1,INDEX(CrashDataArea,,$A9), 1,INDEX(CrashDataArea,,3), \"Fatal\")","v":{"$error":"#REF!"}},{"$error":"#REF!"},{"$error":"#REF!"},{"$error":"#REF!"},{"$f":"COUNTIFS(INDEX(CrashDataArea,,G$1), \">0\",INDEX(CrashDataArea,,$A9), 1,INDEX(CrashDataArea,,3), \"Fatal\")","v":{"$error":"#REF!"}},{"$f":"COUNTIFS(INDEX(CrashDataArea,,H$1), 1,INDEX(CrashDataArea,,$A9), 1,INDEX(CrashDataArea,,3), \"Fatal\")","v":{"$error":"#REF!"}},{"$error":"#REF!"},{"$error":"#REF!"},{"$error":"#REF!"},{"$error":"#REF!"},{"$error":"#REF!"},{"$error":"#REF!"},{"$error":"#REF!"},{"$error":"#REF!"},{"$error":"#REF!"},{"$error":"#REF!"},{"$error":"#REF!"},8,"OLDER DRIVER",0,0,0,0,{"$f":"IFERROR(G9/$G$8,0)","v":0},{"$f":"IFERROR(H9/$H$9,0)","v":0},0,0,0,0,0,0,0,0,0,0,0]
[71,"ALCOHOL RELATED",{"$error":"#REF!"},{"$error":"#REF!"},{"$error":"#REF!"},{"$error":"#REF!"},{"$error":"#REF!"},{"$error":"#REF!"},{"$error":"#REF!"},{"$error":"#REF!"},{"$error":"#REF!"},{"$error":"#REF!"},{"$error":"#REF!"},{"$error":"#REF!"},{"$error":"#REF!"},{"$error":"#REF!"},{"$error":"#REF!"},{"$error":"#REF!"},{"$error":"#REF!"},9,"ALCOHOL RELATED",0,0,0,0,0,{"$f":"IFERROR(H10/$H$9,0)","v":0},{"$f":"IFERROR(I10/$I$10,0)","v":0},0,0,0,0,0,0,0,0,0,0]
[66,"REAR END",{"$error":"#REF!"},{"$error":"#REF!"},{"$error":"#REF!"},{"$error":"#REF!"},{"$error":"#REF!"},{"$error":"#REF!"},{"$error":"#REF!"},{"$error":"#REF!"},{"$error":"#REF!"},{"$error":"#REF!"},{"$error":"#REF!"},{"$error":"#REF!"},{"$error":"#REF!"},{"$error":"#REF!"},{"$error":"#REF!"},{"$error":"#REF!"},{"$error":"#REF!"},10,"REAR END",0,0,0,0,0,0,{"$f":"IFERROR(I11/$I$10,0)","v":0},{"$f":"IFERROR(J11/$J$11,0)","v":0},0,0,0,0,0,0,0,0,0]
[74,"MOTORCYCLE RELATED",{"$error":"#REF!"},{"$error":"#REF!"},{"$error":"#REF!"},{"$error":"#REF!"},{"$error":"#REF!"},{"$error":"#REF!"},{"$error":"#REF!"},{"$error":"#REF!"},{"$error":"#REF!"},{"$error":"#REF!"},{"$error":"#REF!"},{"$error":"#REF!"},{"$error":"#REF!"},{"$error":"#REF!"},{"$error":"#REF!"},{"$error":"#REF!"},{"$error":"#REF!"},11,"MOTORCYCLE RELATED",0,0,0,0,0,0,0,{"$f":"IFERROR(J12/$J$11,0)","v":0},{"$f":"IFERROR(K12/$K$12,0)","v":0},0,0,0,0,0,0,0,0]
[73,"DRUG RELATED",{"$error":"#REF!"},{"$error":"#REF!"},{"$error":"#REF!"},{"$error":"#REF!"},{"$error":"#REF!"},{"$error":"#REF!"},{"$error":"#REF!"},{"$error":"#REF!"},{"$error":"#REF!"},{"$error":"#REF!"},{"$error":"#REF!"},{"$error":"#REF!"},{"$error":"#REF!"},{"$error":"#REF!"},{"$error":"#REF!"},{"$error":"#REF!"},{"$error":"#REF!"},12,"DRUG RELATED",0,0,0,0,0,0,0,0,{"$f":"IFERROR(K13/$K$12,0)","v":0},{"$f":"IFERROR(L13/$L$13,0)","v":0},0,0,0,0,0,0,0]
[67,"PEDESTRIAN RELATED",{"$error":"#REF!"},{"$error":"#REF!"},{"$error":"#REF!"},{"$error":"#REF!"},{"$error":"#REF!"},{"$error":"#REF!"},{"$error":"#REF!"},{"$error":"#REF!"},{"$error":"#REF!"},{"$error":"#REF!"},{"$error":"#REF!"},{"$error":"#REF!"},{"$error":"#REF!"},{"$error":"#REF!"},{"$error":"#REF!"},{"$error":"#REF!"},{"$error":"#REF!"},13,"PEDESTRIAN RELATED",0,0,0,0,0,0,0,0,0,{"$f":"IFERROR(L14/$L$13,0)","v":0},{"$f":"IFERROR(M14/$M$14,0)","v":0},0,0,0,0,0,0]
[79,"DISTRACTED DRIVER",{"$error":"#REF!"},{"$error":"#REF!"},{"$error":"#REF!"},{"$error":"#REF!"},{"$error":"#REF!"},{"$error":"#REF!"},{"$error":"#REF!"},{"$error":"#REF!"},{"$error":"#REF!"},{"$error":"#REF!"},{"$error":"#REF!"},{"$error":"#REF!"},{"$error":"#REF!"},{"$error":"#REF!"},{"$error":"#REF!"},{"$error":"#REF!"},{"$error":"#REF!"},14,"DISTRACTED DRIVER",0,0,0,0,0,0,0,0,0,0,{"$f":"IFERROR(M15/$M$14,0)","v":0},{"$f":"IFERROR(N15/$N$15,0)","v":0},0,0,0,0,0]
[68,"RAILROAD CROSSING",{"$error":"#REF!"},{"$error":"#REF!"},{"$error":"#REF!"},{"$error":"#REF!"},{"$error":"#REF!"},{"$error":"#REF!"},{"$error":"#REF!"},{"$error":"#REF!"},{"$error":"#REF!"},{"$error":"#REF!"},{"$error":"#REF!"},{"$error":"#REF!"},{"$error":"#REF!"},{"$error":"#REF!"},{"$error":"#REF!"},{"$error":"#REF!"},{"$error":"#REF!"},15,"RAILROAD CROSSING",0,0,0,0,0,0,0,0,0,0,0,{"$f":"IFERROR(N16/$N$15,0)","v":0},{"$f":"IFERROR(O16/$O$16,0)","v":0},0,0,0,0]
[80,"BICYCLE RELATED",{"$error":"#REF!"},{"$error":"#REF!"},{"$error":"#REF!"},{"$error":"#REF!"},{"$error":"#REF!"},{"$error":"#REF!"},{"$error":"#REF!"},{"$error":"#REF!"},{"$error":"#REF!"},{"$error":"#REF!"},{"$error":"#REF!"},{"$error":"#REF!"},{"$error":"#REF!"},{"$error":"#REF!"},{"$error":"#REF!"},{"$error":"#REF!"},{"$error":"#REF!"},16,"BICYCLE RELATED",0,0,0,0,0,0,0,0,0,0,0,0,{"$f":"IFERROR(O17/$O$16,0)","v":0},{"$f":"IFERROR(P17/$P$17,0)","v":0},0,0,0]
[78,"WORK ZONE RELATED",{"$error":"#REF!"},{"$error":"#REF!"},{"$error":"#REF!"},{"$error":"#REF!"},{"$error":"#REF!"},{"$error":"#REF!"},{"$error":"#REF!"},{"$error":"#REF!"},{"$error":"#REF!"},{"$error":"#REF!"},{"$error":"#REF!"},{"$error":"#REF!"},{"$error":"#REF!"},{"$error":"#REF!"},{"$error":"#REF!"},{"$error":"#REF!"},{"$error":"#REF!"},17,"WORK ZONE RELATED",0,0,0,0,0,0,0,0,0,0,0,0,0,{"$f":"IFERROR(P18/$P$17,0)","v":0},{"$f":"IFERROR(Q18/$Q$18,0)","v":0},0,0]
[72,"MARIJUANA RELATED",{"$error":"#REF!"},{"$error":"#REF!"},{"$error":"#REF!"},{"$error":"#REF!"},{"$error":"#REF!"},{"$error":"#REF!"},{"$error":"#REF!"},{"$error":"#REF!"},{"$error":"#REF!"},{"$error":"#REF!"},{"$error":"#REF!"},{"$error":"#REF!"},{"$error":"#REF!"},{"$error":"#REF!"},{"$error":"#REF!"},{"$error":"#REF!"},{"$error":"#REF!"},18,"MARIJUANA RELATED",0,0,0,0,0,0,0,0,0,0,0,0,0,0,{"$f":"IFERROR(Q19/$Q$18,0)","v":0},{"$f":"IFERROR(R19/$R$19,0)","v":0},0]
[82,"ACTIVE TRANSPORTATION RELATED",{"$error":"#REF!"},{"$error":"#REF!"},{"$error":"#REF!"},{"$error":"#REF!"},{"$error":"#REF!"},{"$error":"#REF!"},{"$error":"#REF!"},{"$error":"#REF!"},{"$error":"#REF!"},{"$error":"#REF!"},{"$error":"#REF!"},{"$error":"#REF!"},{"$error":"#REF!"},{"$error":"#REF!"},{"$error":"#REF!"},{"$error":"#REF!"},{"$error":"#REF!"},19,"ACTIVE TRANSPORTATION RELATED",{"$f":"IFERROR(C20/$C$4,0)","v":0},{"$f":"IFERROR(D20/$D$5,0)","v":0},{"$f":"IFERROR(E20/$E$6,0)","v":0},{"$f":"IFERROR(F20/$F$7,0)","v":0},{"$f":"IFERROR(G20/$G$8,0)","v":0},{"$f":"IFERROR(H20/$H$9,0)","v":0},{"$f":"IFERROR(I20/$I$10,0)","v":0},{"$f":"IFERROR(J20/$J$11,0)","v":0},{"$f":"IFERROR(K20/$K$12,0)","v":0},{"$f":"IFERROR(L20/$L$13,0)","v":0},{"$f":"IFERROR(M20/$M$14,0)","v":0},{"$f":"IFERROR(N20/$N$15,0)","v":0},{"$f":"IFERROR(O20/$O$16,0)","v":0},{"$f":"IFERROR(P20/$P$17,0)","v":0},{"$f":"IFERROR(Q20/$Q$18,0)","v":0},{"$f":"IFERROR(R20/$R$19,0)","v":0},0]
[null,null,null,null,null,null,null,null,null,null,null,null,null,null,null,null,null,null,null,20,null,3,4,5,6,7,8,9,10,11,12,13,14,15,16,17,18,19]
[null,null,69,77,70,75,17,76,71,66,74,73,67,79,68,80,78,72,82]
[null,"Emphasis Area\nSevere Injury Crashes","ROADWAY DEPARTURE","YOUNG DRIVER","INTERSECTION RELATED","SPEED RELATED","NO RESTRAINTS","OLDER DRIVER","ALCOHOL RELATED","REAR END","MOTORCYCLE RELATED","DRUG RELATED","PEDESTRIAN RELATED","DISTRACTED DRIVER","RAILROAD CROSSING","BICYCLE RELATED","WORK ZONE RELATED","MARIJUANA RELATED","ACTIVE TRANSPORTATION RELATED",null,"Emphasis Area\nSevere Injury Crashes\nNOTE: Top Column Headers are Primary Axis","ROADWAY DEPARTURE","YOUNG DRIVER","INTERSECTION RELATED","SPEED RELATED","NO RESTRAINTS","OLDER DRIVER","ALCOHOL RELATED","REAR END","MOTORCYCLE RELATED","DRUG RELATED","PEDESTRIAN RELATED","DISTRACTED DRIVER","RAILROAD CROSSING","BICYCLE RELATED","WORK ZONE RELATED","MARIJUANA RELATED","ACTIVE TRANSPORTATION RELATED"]
[]
[69,"ROADWAY DEPARTURE",{"$f":"COUNTIFS(INDEX(CrashDataArea,,C$1), 1,INDEX(CrashDataArea,,$A25), 1,INDEX(CrashDataArea,,3), \"Serious Injury Suspected\")","v":{"$error":"#REF!"}},{"$error":"#REF!"},{"$error":"#REF!"},{"$error":"#REF!"},{"$f":"COUNTIFS(INDEX(CrashDataArea,,G$1), \">0\",INDEX(CrashDataArea,,$A25), 1,INDEX(CrashDataArea,,3), \"Serious Injury Suspected\")","v":{"$error":"#REF!"}},{"$f":"COUNTIFS(INDEX(CrashDataArea,,H$1), 1,INDEX(CrashDataArea,,$A25), 1,INDEX(CrashDataArea,,3), \"Serious Injury Suspected\")","v":{"$error":"#REF!"}},{"$error":"#REF!"},{"$error":"#REF!"},{"$error":"#REF!"},{"$error":"#REF!"},{"$error":"#REF!"},{"$error":"#REF!"},{"$error":"#REF!"},{"$error":"#REF!"},{"$error":"#REF!"},{"$error":"#REF!"},{"$error":"#REF!"},null,"ROADWAY DEPARTURE",{"$f":"IFERROR(C25/$C$25,0)","v":0},{"$f":"IFERROR(D25/$D$26,0)","v":0},{"$f":"IFERROR(E25/$E$27,0)","v":0},{"$f":"IFERROR(F25/$F$28,0)","v":0},{"$f":"IFERROR(G25/$G$29,0)","v":0},{"$f":"IFERROR(H25/$H$30,0)","v":0},{"$f":"IFERROR(I25/$I$31,0)","v":0},{"$f":"IFERROR(J25/$J$32,0)","v":0},{"$f":"IFERROR(K25/$K$33,0)","v":0},{"$f":"IFERROR(L25/$L$34,0)","v":0},{"$f":"IFERROR(M25/$M$35,0)","v":0},{"$f":"IFERROR(N25/$N$36,0)","v":0},{"$f":"IFERROR(O25/$O$37,0)","v":0},{"$f":"IFERROR(P25/$P$38,0)","v":0},{"$f":"IFERROR(Q25/$Q$39,0)","v":0},{"$f":"IFERROR(R25/$R$40,0)","v":0},{"$f":"IFERROR(S25/$S$41,0)","v":0}]
[77,"YOUNG DRIVER",{"$error":"#REF!"},{"$error":"#REF!"},{"$error":"#REF!"},{"$error":"#REF!"},{"$f":"COUNTIFS(INDEX(CrashDataArea,,G$1), \">0\",INDEX(CrashDataArea,,$A26), 1,INDEX(CrashDataArea,,3), \"Serious Injury Suspected\")","v":{"$error":"#REF!"}},{"$error":"#REF!"},{"$error":"#REF!"},{"$error":"#REF!"},{"$error":"#REF!"},{"$error":"#REF!"},{"$error":"#REF!"},{"$error":"#REF!"},{"$error":"#REF!"},{"$error":"#REF!"},{"$error":"#REF!"},{"$error":"#REF!"},{"$error":"#REF!"},null,"YOUNG DRIVER",{"$f":"IFERROR(C26/$C$25,0)","v":0},{"$f":"IFERROR(D26/$D$26,0)","v":0},0,0,0,0,0,0,0,0,0,0,0,0,0,0,{"$f":"IFERROR(S26/$S$41,0)","v":0}]
[70,"INTERSECTION RELATED",{"$error":"#REF!"},{"$error":"#REF!"},{"$error":"#REF!"},{"$error":"#REF!"},{"$f":"COUNTIFS(INDEX(CrashDataArea,,G$1), \">0\",INDEX(CrashDataArea,,$A27), 1,INDEX(CrashDataArea,,3), \"Serious Injury Suspected\")","v":{"$error":"#REF!"}},{"$error":"#REF!"},{"$error":"#REF!"},{"$error":"#REF!"},{"$error":"#REF!"},{"$error":"#REF!"},{"$error":"#REF!"},{"$error":"#REF!"},{"$error":"#REF!"},{"$error":"#REF!"},{"$error":"#REF!"},{"$error":"#REF!"},{"$error":"#REF!"},null,"INTERSECTION RELATED",0,{"$f":"IFERROR(D27/$D$26,0)","v":0},{"$f":"IFERROR(E27/$E$27,0)","v":0},0,0,0,0,0,0,0,0,0,0,0,0,0,0]
[75,"SPEED RELATED",{"$error":"#REF!"},{"$error":"#REF!"},{"$error":"#REF!"},{"$error":"#REF!"},{"$f":"COUNTIFS(INDEX(CrashDataArea,,G$1), \">0\",INDEX(CrashDataArea,,$A28), 1,INDEX(CrashDataArea,,3), \"Serious Injury Suspected\")","v":{"$error":"#REF!"}},{"$error":"#REF!"},{"$error":"#REF!"},{"$error":"#REF!"},{"$error":"#REF!"},{"$error":"#REF!"},{"$error":"#REF!"},{"$error":"#REF!"},{"$error":"#REF!"},{"$error":"#REF!"},{"$error":"#REF!"},{"$error":"#REF!"},{"$error":"#REF!"},null,"SPEED RELATED",0,0,{"$f":"IFERROR(E28/$E$27,0)","v":0},{"$f":"IFERROR(F28/$F$28,0)","v":0},0,0,0,0,0,0,0,0,0,0,0,0,0]
[17,"NO RESTRAINTS",{"$f":"COUNTIFS(INDEX(CrashDataArea,,C$1), 1,INDEX(CrashDataArea,,$A29), \">0\",INDEX(CrashDataArea,,3), \"Serious Injury Suspected\")","v":{"$error":"#REF!"}},{"$f":"COUNTIFS(INDEX(CrashDataArea,,D$1), 1,INDEX(CrashDataArea,,$A29), \">0\",INDEX(CrashDataArea,,3), \"Serious Injury Suspected\")","v":{"$error":"#REF!"}},{"$f":"COUNTIFS(INDEX(CrashDataArea,,E$1), 1,INDEX(CrashDataArea,,$A29), \">0\",INDEX(CrashDataArea,,3), \"Serious Injury Suspected\")","v":{"$error":"#REF!"}},{"$f":"COUNTIFS(INDEX(CrashDataArea,,F$1), 1,INDEX(CrashDataArea,,$A29), \">0\",INDEX(CrashDataArea,,3), \"Serious Injury Suspected\")","v":{"$error":"#REF!"}},{"$f":"COUNTIFS(INDEX(CrashDataArea,,G$1),\">0\",INDEX(CrashDataArea,,$A29), \">0\",INDEX(CrashDataArea,,3), \"Serious Injury Suspected\")","v":{"$error":"#REF!"}},{"$f":"COUNTIFS(INDEX(CrashDataArea,,H$1), 1,INDEX(CrashDataArea,,$A29), \">0\",INDEX(CrashDataArea,,3), \"Serious Injury Suspected\")","v":{"$error":"#REF!"}},{"$error":"#REF!"},{"$error":"#REF!"},{"$error":"#REF!"},{"$error":"#REF!"},{"$error":"#REF!"},{"$error":"#REF!"},{"$error":"#REF!"},{"$error":"#REF!"},{"$error":"#REF!"},{"$error":"#REF!"},{"$error":"#REF!"},null,"NO RESTRAINTS",0,0,0,{"$f":"IFERROR(F29/$F$28,0)","v":0},{"$f":"IFERROR(G29/$G$29,0)","v":0},0,0,0,0,0,0,0,0,0,0,0,0]
[76,"OLDER DRIVER",{"$f":"COUNTIFS(INDEX(CrashDataArea,,C$1), 1,INDEX(CrashDataArea,,$A30), 1,INDEX(CrashDataArea,,3), \"Serious Injury Suspected\")","v":{"$error":"#REF!"}},{"$error":"#REF!"},{"$error":"#REF!"},{"$error":"#REF!"},{"$f":"COUNTIFS(INDEX(CrashDataArea,,G$1), \">0\",INDEX(CrashDataArea,,$A30), 1,INDEX(CrashDataArea,,3), \"Serious Injury Suspected\")","v":{"$error":"#REF!"}},{"$f":"COUNTIFS(INDEX(CrashDataArea,,H$1), 1,INDEX(CrashDataArea,,$A30), 1,INDEX(CrashDataArea,,3), \"Serious Injury Suspected\")","v":{"$error":"#REF!"}},{"$error":"#REF!"},{"$error":"#REF!"},{"$error":"#REF!"},{"$error":"#REF!"},{"$error":"#REF!"},{"$error":"#REF!"},{"$error":"#REF!"},{"$error":"#REF!"},{"$error":"#REF!"},{"$error":"#REF!"},{"$error":"#REF!"},null,"OLDER DRIVER",0,0,0,0,{"$f":"IFERROR(G30/$G$29,0)","v":0},{"$f":"IFERROR(H30/$H$30,0)","v":0},0,0,0,0,0,0,0,0,0,0,0]
[71,"ALCOHOL RELATED",{"$error":"#REF!"},{"$error":"#REF!"},{"$error":"#REF!"},{"$error":"#REF!"},{"$error":"#REF!"},{"$error":"#REF!"},{"$error":"#REF!"},{"$error":"#REF!"},{"$error":"#REF!"},{"$error":"#REF!"},{"$error":"#REF!"},{"$error":"#REF!"},{"$error":"#REF!"},{"$error":"#REF!"},{"$error":"#REF!"},{"$error":"#REF!"},{"$error":"#REF!"},null,"ALCOHOL RELATED",0,{"$f":"IFERROR(D31/$D$26,0)","v":0},0,0,0,0,{"$f":"IFERROR(I31/$I$31,0)","v":0},0,0,0,0,0,0,0,0,0,0]
[66,"REAR END",{"$error":"#REF!"},{"$error":"#REF!"},{"$error":"#REF!"},{"$error":"#REF!"},{"$error":"#REF!"},{"$error":"#REF!"},{"$error":"#REF!"},{"$error":"#REF!"},{"$error":"#REF!"},{"$error":"#REF!"},{"$error":"#REF!"},{"$error":"#REF!"},{"$error":"#REF!"},{"$error":"#REF!"},{"$error":"#REF!"},{"$error":"#REF!"},{"$error":"#REF!"},null,"REAR END",0,0,0,0,0,0,{"$f":"IFERROR(I32/$I$31,0)","v":0},{"$f":"IFERROR(J32/$J$32,0)","v":0},0,0,0,0,0,0,0,0,0]
[74,"MOTORCYCLE RELATED",{"$error":"#REF!"},{"$error":"#REF!"},{"$error":"#REF!"},{"$error":"#REF!"},{"$error":"#REF!"},{"$error":"#REF!"},{"$error":"#REF!"},{"$error":"#REF!"},{"$error":"#REF!"},{"$error":"#REF!"},{"$error":"#REF!"},{"$error":"#REF!"},{"$error":"#REF!"},{"$error":"#REF!"},{"$error":"#REF!"},{"$error":"#REF!"},{"$error":"#REF!"},null,"MOTORCYCLE RELATED",0,0,0,0,0,0,0,{"$f":"IFERROR(J33/$J$32,0)","v":0},{"$f":"IFERROR(K33/$K$33,0)","v":0},0,0,0,0,0,0,0,0]
[73,"DRUG RELATED",{"$error":"#REF!"},{"$error":"#REF!"},{"$error":"#REF!"},{"$error":"#REF!"},{"$error":"#REF!"},{"$error":"#REF!"},{"$error":"#REF!"},{"$error":"#REF!"},{"$error":"#REF!"},{"$error":"#REF!"},{"$error":"#REF!"},{"$error":"#REF!"},{"$error":"#REF!"},{"$error":"#REF!"},{"$error":"#REF!"},{"$error":"#REF!"},{"$error":"#REF!"},null,"DRUG RELATED",0,0,0,0,0,0,0,0,0,{"$f":"IFERROR(L34/$L$34,0)","v":0},0,0,0,0,0,0,0]
[67,"PEDESTRIAN RELATED",{"$error":"#REF!"},{"$error":"#REF!"},{"$error":"#REF!"},{"$error":"#REF!"},{"$error":"#REF!"},{"$error":"#REF!"},{"$error":"#REF!"},{"$error":"#REF!"},{"$error":"#REF!"},{"$error":"#REF!"},{"$error":"#REF!"},{"$error":"#REF!"},{"$error":"#REF!"},{"$error":"#REF!"},{"$error":"#REF!"},{"$error":"#REF!"},{"$error":"#REF!"},null,"PEDESTRIAN RELATED",0,0,0,0,0,0,0,0,0,{"$f":"IFERROR(L35/$L$34,0)","v":0},{"$f":"IFERROR(M35/$M$35,0)","v":0},0,0,0,0,0,0]
[79,"DISTRACTED DRIVER",{"$error":"#REF!"},{"$error":"#REF!"},{"$error":"#REF!"},{"$error":"#REF!"},{"$error":"#REF!"},{"$error":"#REF!"},{"$error":"#REF!"},{"$error":"#REF!"},{"$error":"#REF!"},{"$error":"#REF!"},{"$error":"#REF!"},{"$error":"#REF!"},{"$error":"#REF!"},{"$error":"#REF!"},{"$error":"#REF!"},{"$error":"#REF!"},{"$error":"#REF!"},null,"DISTRACTED DRIVER",0,0,0,0,0,0,0,0,0,0,{"$f":"IFERROR(M36/$M$35,0)","v":0},{"$f":"IFERROR(N36/$N$36,0)","v":0},0,0,0,0,0]
[68,"RAILROAD CROSSING",{"$error":"#REF!"},{"$error":"#REF!"},{"$error":"#REF!"},{"$error":"#REF!"},{"$error":"#REF!"},{"$error":"#REF!"},{"$error":"#REF!"},{"$error":"#REF!"},{"$error":"#REF!"},{"$error":"#REF!"},{"$error":"#REF!"},{"$error":"#REF!"},{"$error":"#REF!"},{"$error":"#REF!"},{"$error":"#REF!"},{"$error":"#REF!"},{"$error":"#REF!"},null,"RAILROAD CROSSING",0,0,0,0,0,0,0,0,0,0,0,{"$f":"IFERROR(N37/$N$36,0)","v":0},{"$f":"IFERROR(O37/$O$37,0)","v":0},0,0,0,0]
[80,"BICYCLE RELATED",{"$error":"#REF!"},{"$error":"#REF!"},{"$error":"#REF!"},{"$error":"#REF!"},{"$error":"#REF!"},{"$error":"#REF!"},{"$error":"#REF!"},{"$error":"#REF!"},{"$error":"#REF!"},{"$error":"#REF!"},{"$error":"#REF!"},{"$error":"#REF!"},{"$error":"#REF!"},{"$error":"#REF!"},{"$error":"#REF!"},{"$error":"#REF!"},{"$error":"#REF!"},null,"BICYCLE RELATED",0,0,0,0,0,0,0,0,0,0,0,0,{"$f":"IFERROR(O38/$O$37,0)","v":0},{"$f":"IFERROR(P38/$P$38,0)","v":0},0,0,0]
[78,"WORK ZONE RELATED",{"$error":"#REF!"},{"$error":"#REF!"},{"$error":"#REF!"},{"$error":"#REF!"},{"$error":"#REF!"},{"$error":"#REF!"},{"$error":"#REF!"},{"$error":"#REF!"},{"$error":"#REF!"},{"$error":"#REF!"},{"$error":"#REF!"},{"$error":"#REF!"},{"$error":"#REF!"},{"$error":"#REF!"},{"$error":"#REF!"},{"$error":"#REF!"},{"$error":"#REF!"},null,"WORK ZONE RELATED",0,0,0,0,0,0,0,0,0,0,0,0,0,{"$f":"IFERROR(P39/$P$38,0)","v":0},{"$f":"IFERROR(Q39/$Q$39,0)","v":0},0,0]
[72,"MARIJUANA RELATED",{"$error":"#REF!"},{"$error":"#REF!"},{"$error":"#REF!"},{"$error":"#REF!"},{"$error":"#REF!"},{"$error":"#REF!"},{"$error":"#REF!"},{"$error":"#REF!"},{"$error":"#REF!"},{"$error":"#REF!"},{"$error":"#REF!"},{"$error":"#REF!"},{"$error":"#REF!"},{"$error":"#REF!"},{"$error":"#REF!"},{"$f":"COUNTIFS(INDEX(CrashDataArea,,R$1), 1,INDEX(CrashDataArea,,$A40), 1,INDEX(CrashDataArea,,3), \"Serious Injury Suspected\")","v":{"$error":"#REF!"}},{"$f":"COUNTIFS(INDEX(CrashDataArea,,S$1), 1,INDEX(CrashDataArea,,$A40), 1,INDEX(CrashDataArea,,3), \"Serious Injury Suspected\")","v":{"$error":"#REF!"}},null,"MARIJUANA RELATED",0,0,0,0,0,0,0,0,0,{"$f":"IFERROR(L40/$L$34,0)","v":0},0,0,0,0,{"$f":"IFERROR(Q40/$Q$39,0)","v":0},{"$f":"IFERROR(R40/$R$40,0)","v":0},0]
[82,"ACTIVE TRANSPORTATION RELATED",{"$error":"#REF!"},{"$error":"#REF!"},{"$error":"#REF!"},{"$error":"#REF!"},{"$error":"#REF!"},{"$error":"#REF!"},{"$error":"#REF!"},{"$error":"#REF!"},{"$error":"#REF!"},{"$error":"#REF!"},{"$error":"#REF!"},{"$error":"#REF!"},{"$error":"#REF!"},{"$error":"#REF!"},{"$error":"#REF!"},{"$f":"COUNTIFS(INDEX(CrashDataArea,,R$1), 1,INDEX(CrashDataArea,,$A41), 1,INDEX(CrashDataArea,,3), \"Serious Injury Suspected\")","v":{"$error":"#REF!"}},{"$f":"COUNTIFS(INDEX(CrashDataArea,,S$1), 1,INDEX(CrashDataArea,,$A41), 1,INDEX(CrashDataArea,,3), \"Serious Injury Suspected\")","v":{"$error":"#REF!"}},null,"ACTIVE TRANSPORTATION RELATED",{"$f":"IFERROR(C41/$C$25,0)","v":0},{"$f":"IFERROR(D41/$D$26,0)","v":0},{"$f":"IFERROR(E41/$E$27,0)","v":0},{"$f":"IFERROR(F41/$F$28,0)","v":0},{"$f":"IFERROR(G41/$G$29,0)","v":0},{"$f":"IFERROR(H41/$H$30,0)","v":0},{"$f":"IFERROR(I41/$I$31,0)","v":0},{"$f":"IFERROR(J41/$J$32,0)","v":0},{"$f":"IFERROR(K41/$K$33,0)","v":0},{"$f":"IFERROR(L41/$L$34,0)","v":0},{"$f":"IFERROR(M41/$M$35,0)","v":0},{"$f":"IFERROR(N41/$N$36,0)","v":0},{"$f":"IFERROR(O41/$O$37,0)","v":0},{"$f":"IFERROR(P41/$P$38,0)","v":0},{"$f":"IFERROR(Q41/$Q$39,0)","v":0},{"$f":"IFERROR(R41/$R$40,0)","v":0},0]
[]
[]
[]
[]
[]
[]
[]
[null,null,null,"ROADWAY DEPARTURE","YOUNG DRIVER","INTERSECTION RELATED","SPEED RELATED INVOLVEMENT","NO RESTRAINTS","OLDER DRIVER","ALCOHOL RELATED","REAR END","MOTORCYCLE RELATED","DRUG RELATED","PEDESTRIAN RELATED","DISTRACTED DRIVER","RAILROAD CROSSING","BICYCLE RELATED","WORK ZONE RELATED",null,"MARIJUANA RELATED"]